{"version":"1.0","provider_name":"just-now.NEWS Deutschland","provider_url":"https:\/\/now-news.de\/de","author_name":"rtnews","author_url":"https:\/\/now-news.de\/de\/author\/rnews\/","title":"Westen lehnt Putins Vorschl\u00e4ge f\u00fcr Verhandlungen ab","type":"rich","width":600,"height":338,"html":"<blockquote class=\"wp-embedded-content\" data-secret=\"vYO0kVd8sR\"><a href=\"https:\/\/now-news.de\/de\/deutschland\/westen-lehnt-putins-vorschlaege-fuer-verhandlungen-ab\/\">Westen lehnt Putins Vorschl\u00e4ge f\u00fcr Verhandlungen ab<\/a><\/blockquote><iframe sandbox=\"allow-scripts\" security=\"restricted\" src=\"https:\/\/now-news.de\/de\/deutschland\/westen-lehnt-putins-vorschlaege-fuer-verhandlungen-ab\/embed\/#?secret=vYO0kVd8sR\" width=\"600\" height=\"338\" title=\"&#8222;Westen lehnt Putins Vorschl\u00e4ge f\u00fcr Verhandlungen ab&#8220; &#8211; just-now.NEWS Deutschland\" data-secret=\"vYO0kVd8sR\" frameborder=\"0\" marginwidth=\"0\" marginheight=\"0\" scrolling=\"no\" class=\"wp-embedded-content\"><\/iframe><script type=\"text\/javascript\">\n\/* <![CDATA[ *\/\n\/*! This file is auto-generated *\/\n!function(d,l){\"use strict\";l.querySelector&&d.addEventListener&&\"undefined\"!=typeof URL&&(d.wp=d.wp||{},d.wp.receiveEmbedMessage||(d.wp.receiveEmbedMessage=function(e){var t=e.data;if((t||t.secret||t.message||t.value)&&!\/[^a-zA-Z0-9]\/.test(t.secret)){for(var s,r,n,a=l.querySelectorAll('iframe[data-secret=\"'+t.secret+'\"]'),o=l.querySelectorAll('blockquote[data-secret=\"'+t.secret+'\"]'),c=new RegExp(\"^https?:$\",\"i\"),i=0;i<o.length;i++)o[i].style.display=\"none\";for(i=0;i<a.length;i++)s=a[i],e.source===s.contentWindow&&(s.removeAttribute(\"style\"),\"height\"===t.message?(1e3<(r=parseInt(t.value,10))?r=1e3:~~r<200&&(r=200),s.height=r):\"link\"===t.message&&(r=new URL(s.getAttribute(\"src\")),n=new URL(t.value),c.test(n.protocol))&&n.host===r.host&&l.activeElement===s&&(d.top.location.href=t.value))}},d.addEventListener(\"message\",d.wp.receiveEmbedMessage,!1),l.addEventListener(\"DOMContentLoaded\",function(){for(var e,t,s=l.querySelectorAll(\"iframe.wp-embedded-content\"),r=0;r<s.length;r++)(t=(e=s[r]).getAttribute(\"data-secret\"))||(t=Math.random().toString(36).substring(2,12),e.src+=\"#?secret=\"+t,e.setAttribute(\"data-secret\",t)),e.contentWindow.postMessage({message:\"ready\",secret:t},\"*\")},!1)))}(window,document);\n\/* ]]> *\/\n<\/script>\n","thumbnail_url":"https:\/\/now-news.de\/de\/wp-content\/uploads\/sites\/3\/2024\/06\/666577a8b480cc67537dfd9e.jpg","thumbnail_width":460,"thumbnail_height":259,"description":"Fr\u00fcher oder sp\u00e4ter wird der Ukraine-Konflikt mit Verhandlungen enden, darauf hat Russlands Pr\u00e4sident erneut hingewiesen. Doch bisher wollen weder der Westen noch die Ukraine davon etwas wissen und f\u00fchren terroristische Angriffe auf Zivilisten durch. Von Dawid Narmanija Am Tag der Rede des russischen Staatschefs Wladimir Putin auf der Plenartagung des Internationalen Wirtschaftsforums Sankt Petersburg griff [&hellip;]"}

Westen lehnt Putins Vorschläge für Verhandlungen ab

<blockquote class="wp-embedded-content" data-secret="vYO0kVd8sR"><a href="https://now-news.de/de/deutschland/westen-lehnt-putins-vorschlaege-fuer-verhandlungen-ab/">Westen lehnt Putins Vorschläge für Verhandlungen ab</a></blockquote><iframe sandbox="allow-scripts" security="restricted" src="https://now-news.de/de/deutschland/westen-lehnt-putins-vorschlaege-fuer-verhandlungen-ab/embed/#?secret=vYO0kVd8sR" width="600" height="338" title="&#8222;Westen lehnt Putins Vorschläge für Verhandlungen ab&#8220; &#8211; just-now.NEWS Deutschland" data-secret="vYO0kVd8sR" frameborder="0" marginwidth="0" marginheight="0" scrolling="no" class="wp-embedded-content"></iframe><script type="text/javascript">
/* <![CDATA[ */
/*! This file is auto-generated */
!function(d,l){"use strict";l.querySelector&&d.addEventListener&&"undefined"!=typeof URL&&(d.wp=d.wp||{},d.wp.receiveEmbedMessage||(d.wp.receiveEmbedMessage=function(e){var t=e.data;if((t||t.secret||t.message||t.value)&&!/[^a-zA-Z0-9]/.test(t.secret)){for(var s,r,n,a=l.querySelectorAll('iframe[data-secret="'+t.secret+'"]'),o=l.querySelectorAll('blockquote[data-secret="'+t.secret+'"]'),c=new RegExp("^https?:$","i"),i=0;i<o.length;i++)o[i].style.display="none";for(i=0;i<a.length;i++)s=a[i],e.source===s.contentWindow&&(s.removeAttribute("style"),"height"===t.message?(1e3<(r=parseInt(t.value,10))?r=1e3:~~r<200&&(r=200),s.height=r):"link"===t.message&&(r=new URL(s.getAttribute("src")),n=new URL(t.value),c.test(n.protocol))&&n.host===r.host&&l.activeElement===s&&(d.top.location.href=t.value))}},d.addEventListener("message",d.wp.receiveEmbedMessage,!1),l.addEventListener("DOMContentLoaded",function(){for(var e,t,s=l.querySelectorAll("iframe.wp-embedded-content"),r=0;r<s.length;r++)(t=(e=s[r]).getAttribute("data-secret"))||(t=Math.random().toString(36).substring(2,12),e.src+="#?secret="+t,e.setAttribute("data-secret",t)),e.contentWindow.postMessage({message:"ready",secret:t},"*")},!1)))}(window,document);
/* ]]> */
</script>

Früher oder später wird der Ukraine-Konflikt mit Verhandlungen enden, darauf hat Russlands Präsident erneut hingewiesen. Doch bisher wollen weder der Westen noch die Ukraine davon etwas wissen und führen terroristische Angriffe auf Zivilisten durch. Von Dawid Narmanija Am Tag der Rede des russischen Staatschefs Wladimir Putin auf der Plenartagung des Internationalen Wirtschaftsforums Sankt Petersburg griff [&hellip;]
