{"version":"1.0","provider_name":"just-now.NEWS Deutschland","provider_url":"https:\/\/now-news.de\/de","author_name":"rtnews","author_url":"https:\/\/now-news.de\/de\/author\/rnews\/","title":"Wenn der Faschismus sich als Antifaschismus geb\u00e4rdet","type":"rich","width":600,"height":338,"html":"<blockquote class=\"wp-embedded-content\" data-secret=\"vxB1iSoTyT\"><a href=\"https:\/\/now-news.de\/de\/deutschland\/wenn-der-faschismus-sich-als-antifaschismus-gebaerdet\/\">Wenn der Faschismus sich als Antifaschismus geb\u00e4rdet<\/a><\/blockquote><iframe sandbox=\"allow-scripts\" security=\"restricted\" src=\"https:\/\/now-news.de\/de\/deutschland\/wenn-der-faschismus-sich-als-antifaschismus-gebaerdet\/embed\/#?secret=vxB1iSoTyT\" width=\"600\" height=\"338\" title=\"&#8222;Wenn der Faschismus sich als Antifaschismus geb\u00e4rdet&#8220; &#8211; just-now.NEWS Deutschland\" data-secret=\"vxB1iSoTyT\" frameborder=\"0\" marginwidth=\"0\" marginheight=\"0\" scrolling=\"no\" class=\"wp-embedded-content\"><\/iframe><script>\n\/*! This file is auto-generated *\/\n!function(d,l){\"use strict\";l.querySelector&&d.addEventListener&&\"undefined\"!=typeof URL&&(d.wp=d.wp||{},d.wp.receiveEmbedMessage||(d.wp.receiveEmbedMessage=function(e){var t=e.data;if((t||t.secret||t.message||t.value)&&!\/[^a-zA-Z0-9]\/.test(t.secret)){for(var s,r,n,a=l.querySelectorAll('iframe[data-secret=\"'+t.secret+'\"]'),o=l.querySelectorAll('blockquote[data-secret=\"'+t.secret+'\"]'),c=new RegExp(\"^https?:$\",\"i\"),i=0;i<o.length;i++)o[i].style.display=\"none\";for(i=0;i<a.length;i++)s=a[i],e.source===s.contentWindow&&(s.removeAttribute(\"style\"),\"height\"===t.message?(1e3<(r=parseInt(t.value,10))?r=1e3:~~r<200&&(r=200),s.height=r):\"link\"===t.message&&(r=new URL(s.getAttribute(\"src\")),n=new URL(t.value),c.test(n.protocol))&&n.host===r.host&&l.activeElement===s&&(d.top.location.href=t.value))}},d.addEventListener(\"message\",d.wp.receiveEmbedMessage,!1),l.addEventListener(\"DOMContentLoaded\",function(){for(var e,t,s=l.querySelectorAll(\"iframe.wp-embedded-content\"),r=0;r<s.length;r++)(t=(e=s[r]).getAttribute(\"data-secret\"))||(t=Math.random().toString(36).substring(2,12),e.src+=\"#?secret=\"+t,e.setAttribute(\"data-secret\",t)),e.contentWindow.postMessage({message:\"ready\",secret:t},\"*\")},!1)))}(window,document);\n\/\/# sourceURL=https:\/\/now-news.de\/de\/wp-includes\/js\/wp-embed.min.js\n<\/script>\n","thumbnail_url":"https:\/\/now-news.de\/de\/wp-content\/uploads\/sites\/3\/2023\/05\/Wenn-der-Faschismus-sich-als-Antifaschismus-gebaerdet.jpg","thumbnail_width":460,"thumbnail_height":259,"description":"Nun j\u00e4hrt sich der Sieg der Roten Armee \u00fcber die deutschen Faschisten zum 78. Mal. Aber die Eliten in der deutschen Politik und Finanzwelt scheinen wieder auf Revanche aus zu sein. Seit einem Jahr unterst\u00fctzen sie ukrainische Faschisten mit Waffen und Geld, damit die noch effektiver Russen t\u00f6ten k\u00f6nnen. Auf perverse Weise trommeln besonders &#8220;gr\u00fcne&#8221; [&hellip;]"}

Wenn der Faschismus sich als Antifaschismus gebärdet

<blockquote class="wp-embedded-content" data-secret="vxB1iSoTyT"><a href="https://now-news.de/de/deutschland/wenn-der-faschismus-sich-als-antifaschismus-gebaerdet/">Wenn der Faschismus sich als Antifaschismus gebärdet</a></blockquote><iframe sandbox="allow-scripts" security="restricted" src="https://now-news.de/de/deutschland/wenn-der-faschismus-sich-als-antifaschismus-gebaerdet/embed/#?secret=vxB1iSoTyT" width="600" height="338" title="&#8222;Wenn der Faschismus sich als Antifaschismus gebärdet&#8220; &#8211; just-now.NEWS Deutschland" data-secret="vxB1iSoTyT" frameborder="0" marginwidth="0" marginheight="0" scrolling="no" class="wp-embedded-content"></iframe><script>
/*! This file is auto-generated */
!function(d,l){"use strict";l.querySelector&&d.addEventListener&&"undefined"!=typeof URL&&(d.wp=d.wp||{},d.wp.receiveEmbedMessage||(d.wp.receiveEmbedMessage=function(e){var t=e.data;if((t||t.secret||t.message||t.value)&&!/[^a-zA-Z0-9]/.test(t.secret)){for(var s,r,n,a=l.querySelectorAll('iframe[data-secret="'+t.secret+'"]'),o=l.querySelectorAll('blockquote[data-secret="'+t.secret+'"]'),c=new RegExp("^https?:$","i"),i=0;i<o.length;i++)o[i].style.display="none";for(i=0;i<a.length;i++)s=a[i],e.source===s.contentWindow&&(s.removeAttribute("style"),"height"===t.message?(1e3<(r=parseInt(t.value,10))?r=1e3:~~r<200&&(r=200),s.height=r):"link"===t.message&&(r=new URL(s.getAttribute("src")),n=new URL(t.value),c.test(n.protocol))&&n.host===r.host&&l.activeElement===s&&(d.top.location.href=t.value))}},d.addEventListener("message",d.wp.receiveEmbedMessage,!1),l.addEventListener("DOMContentLoaded",function(){for(var e,t,s=l.querySelectorAll("iframe.wp-embedded-content"),r=0;r<s.length;r++)(t=(e=s[r]).getAttribute("data-secret"))||(t=Math.random().toString(36).substring(2,12),e.src+="#?secret="+t,e.setAttribute("data-secret",t)),e.contentWindow.postMessage({message:"ready",secret:t},"*")},!1)))}(window,document);
//# sourceURL=https://now-news.de/de/wp-includes/js/wp-embed.min.js
</script>

Nun jährt sich der Sieg der Roten Armee über die deutschen Faschisten zum 78. Mal. Aber die Eliten in der deutschen Politik und Finanzwelt scheinen wieder auf Revanche aus zu sein. Seit einem Jahr unterstützen sie ukrainische Faschisten mit Waffen und Geld, damit die noch effektiver Russen töten können. Auf perverse Weise trommeln besonders &#8220;grüne&#8221; [&hellip;]
