{"version":"1.0","provider_name":"just-now.NEWS Deutschland","provider_url":"https:\/\/now-news.de\/de","author_name":"rtnews","author_url":"https:\/\/now-news.de\/de\/author\/rnews\/","title":"Weitere 20 afghanische Straft\u00e4ter abgeschoben","type":"rich","width":600,"height":338,"html":"<blockquote class=\"wp-embedded-content\" data-secret=\"rhchExBk43\"><a href=\"https:\/\/now-news.de\/de\/deutschland\/weitere-20-afghanische-straftaeter-abgeschoben\/\">Weitere 20 afghanische Straft\u00e4ter abgeschoben<\/a><\/blockquote><iframe sandbox=\"allow-scripts\" security=\"restricted\" src=\"https:\/\/now-news.de\/de\/deutschland\/weitere-20-afghanische-straftaeter-abgeschoben\/embed\/#?secret=rhchExBk43\" width=\"600\" height=\"338\" title=\"&#8222;Weitere 20 afghanische Straft\u00e4ter abgeschoben&#8220; &#8211; just-now.NEWS Deutschland\" data-secret=\"rhchExBk43\" frameborder=\"0\" marginwidth=\"0\" marginheight=\"0\" scrolling=\"no\" class=\"wp-embedded-content\"><\/iframe><script type=\"text\/javascript\">\n\/* <![CDATA[ *\/\n\/*! This file is auto-generated *\/\n!function(d,l){\"use strict\";l.querySelector&&d.addEventListener&&\"undefined\"!=typeof URL&&(d.wp=d.wp||{},d.wp.receiveEmbedMessage||(d.wp.receiveEmbedMessage=function(e){var t=e.data;if((t||t.secret||t.message||t.value)&&!\/[^a-zA-Z0-9]\/.test(t.secret)){for(var s,r,n,a=l.querySelectorAll('iframe[data-secret=\"'+t.secret+'\"]'),o=l.querySelectorAll('blockquote[data-secret=\"'+t.secret+'\"]'),c=new RegExp(\"^https?:$\",\"i\"),i=0;i<o.length;i++)o[i].style.display=\"none\";for(i=0;i<a.length;i++)s=a[i],e.source===s.contentWindow&&(s.removeAttribute(\"style\"),\"height\"===t.message?(1e3<(r=parseInt(t.value,10))?r=1e3:~~r<200&&(r=200),s.height=r):\"link\"===t.message&&(r=new URL(s.getAttribute(\"src\")),n=new URL(t.value),c.test(n.protocol))&&n.host===r.host&&l.activeElement===s&&(d.top.location.href=t.value))}},d.addEventListener(\"message\",d.wp.receiveEmbedMessage,!1),l.addEventListener(\"DOMContentLoaded\",function(){for(var e,t,s=l.querySelectorAll(\"iframe.wp-embedded-content\"),r=0;r<s.length;r++)(t=(e=s[r]).getAttribute(\"data-secret\"))||(t=Math.random().toString(36).substring(2,12),e.src+=\"#?secret=\"+t,e.setAttribute(\"data-secret\",t)),e.contentWindow.postMessage({message:\"ready\",secret:t},\"*\")},!1)))}(window,document);\n\/* ]]> *\/\n<\/script>\n","thumbnail_url":"https:\/\/now-news.de\/de\/wp-content\/uploads\/sites\/3\/2026\/02\/69a044cd48fbef18f13eb67a.jpg","thumbnail_width":460,"thumbnail_height":259,"description":"Eine Maschine mit 20 in Deutschland wegen schwerer Straftaten verurteilten Afghanen sind von Leipzig nach Kabul gestartet. Eine Zahl, die nicht sonderlich beeindruckt. Aber immerhin war dies der erste derartige Flug, der nicht einzeln \u00fcber vermittelnde Staaten ausgehandelt wurde. Vom Flughafen Leipzig startete der n\u00e4chste Abschiebeflug nach Afghanistan mit 20 Straft\u00e4tern. Nach Angaben des Innenministeriums [&hellip;]"}

Weitere 20 afghanische Straftäter abgeschoben

<blockquote class="wp-embedded-content" data-secret="rhchExBk43"><a href="https://now-news.de/de/deutschland/weitere-20-afghanische-straftaeter-abgeschoben/">Weitere 20 afghanische Straftäter abgeschoben</a></blockquote><iframe sandbox="allow-scripts" security="restricted" src="https://now-news.de/de/deutschland/weitere-20-afghanische-straftaeter-abgeschoben/embed/#?secret=rhchExBk43" width="600" height="338" title="&#8222;Weitere 20 afghanische Straftäter abgeschoben&#8220; &#8211; just-now.NEWS Deutschland" data-secret="rhchExBk43" frameborder="0" marginwidth="0" marginheight="0" scrolling="no" class="wp-embedded-content"></iframe><script type="text/javascript">
/* <![CDATA[ */
/*! This file is auto-generated */
!function(d,l){"use strict";l.querySelector&&d.addEventListener&&"undefined"!=typeof URL&&(d.wp=d.wp||{},d.wp.receiveEmbedMessage||(d.wp.receiveEmbedMessage=function(e){var t=e.data;if((t||t.secret||t.message||t.value)&&!/[^a-zA-Z0-9]/.test(t.secret)){for(var s,r,n,a=l.querySelectorAll('iframe[data-secret="'+t.secret+'"]'),o=l.querySelectorAll('blockquote[data-secret="'+t.secret+'"]'),c=new RegExp("^https?:$","i"),i=0;i<o.length;i++)o[i].style.display="none";for(i=0;i<a.length;i++)s=a[i],e.source===s.contentWindow&&(s.removeAttribute("style"),"height"===t.message?(1e3<(r=parseInt(t.value,10))?r=1e3:~~r<200&&(r=200),s.height=r):"link"===t.message&&(r=new URL(s.getAttribute("src")),n=new URL(t.value),c.test(n.protocol))&&n.host===r.host&&l.activeElement===s&&(d.top.location.href=t.value))}},d.addEventListener("message",d.wp.receiveEmbedMessage,!1),l.addEventListener("DOMContentLoaded",function(){for(var e,t,s=l.querySelectorAll("iframe.wp-embedded-content"),r=0;r<s.length;r++)(t=(e=s[r]).getAttribute("data-secret"))||(t=Math.random().toString(36).substring(2,12),e.src+="#?secret="+t,e.setAttribute("data-secret",t)),e.contentWindow.postMessage({message:"ready",secret:t},"*")},!1)))}(window,document);
/* ]]> */
</script>

Eine Maschine mit 20 in Deutschland wegen schwerer Straftaten verurteilten Afghanen sind von Leipzig nach Kabul gestartet. Eine Zahl, die nicht sonderlich beeindruckt. Aber immerhin war dies der erste derartige Flug, der nicht einzeln über vermittelnde Staaten ausgehandelt wurde. Vom Flughafen Leipzig startete der nächste Abschiebeflug nach Afghanistan mit 20 Straftätern. Nach Angaben des Innenministeriums [&hellip;]
