{"version":"1.0","provider_name":"just-now.NEWS Deutschland","provider_url":"https:\/\/now-news.de\/de","author_name":"rtnews","author_url":"https:\/\/now-news.de\/de\/author\/rnews\/","title":"Warschau: Selenskij kein willkommener Gast mehr","type":"rich","width":600,"height":338,"html":"<blockquote class=\"wp-embedded-content\" data-secret=\"UUtyaAInN7\"><a href=\"https:\/\/now-news.de\/de\/deutschland\/warschau-selenskij-kein-willkommener-gast-mehr\/\">Warschau: Selenskij kein willkommener Gast mehr<\/a><\/blockquote><iframe sandbox=\"allow-scripts\" security=\"restricted\" src=\"https:\/\/now-news.de\/de\/deutschland\/warschau-selenskij-kein-willkommener-gast-mehr\/embed\/#?secret=UUtyaAInN7\" width=\"600\" height=\"338\" title=\"&#8222;Warschau: Selenskij kein willkommener Gast mehr&#8220; &#8211; just-now.NEWS Deutschland\" data-secret=\"UUtyaAInN7\" frameborder=\"0\" marginwidth=\"0\" marginheight=\"0\" scrolling=\"no\" class=\"wp-embedded-content\"><\/iframe><script>\n\/*! This file is auto-generated *\/\n!function(d,l){\"use strict\";l.querySelector&&d.addEventListener&&\"undefined\"!=typeof URL&&(d.wp=d.wp||{},d.wp.receiveEmbedMessage||(d.wp.receiveEmbedMessage=function(e){var t=e.data;if((t||t.secret||t.message||t.value)&&!\/[^a-zA-Z0-9]\/.test(t.secret)){for(var s,r,n,a=l.querySelectorAll('iframe[data-secret=\"'+t.secret+'\"]'),o=l.querySelectorAll('blockquote[data-secret=\"'+t.secret+'\"]'),c=new RegExp(\"^https?:$\",\"i\"),i=0;i<o.length;i++)o[i].style.display=\"none\";for(i=0;i<a.length;i++)s=a[i],e.source===s.contentWindow&&(s.removeAttribute(\"style\"),\"height\"===t.message?(1e3<(r=parseInt(t.value,10))?r=1e3:~~r<200&&(r=200),s.height=r):\"link\"===t.message&&(r=new URL(s.getAttribute(\"src\")),n=new URL(t.value),c.test(n.protocol))&&n.host===r.host&&l.activeElement===s&&(d.top.location.href=t.value))}},d.addEventListener(\"message\",d.wp.receiveEmbedMessage,!1),l.addEventListener(\"DOMContentLoaded\",function(){for(var e,t,s=l.querySelectorAll(\"iframe.wp-embedded-content\"),r=0;r<s.length;r++)(t=(e=s[r]).getAttribute(\"data-secret\"))||(t=Math.random().toString(36).substring(2,12),e.src+=\"#?secret=\"+t,e.setAttribute(\"data-secret\",t)),e.contentWindow.postMessage({message:\"ready\",secret:t},\"*\")},!1)))}(window,document);\n\/\/# sourceURL=https:\/\/now-news.de\/de\/wp-includes\/js\/wp-embed.min.js\n<\/script>\n","thumbnail_url":"https:\/\/now-news.de\/de\/wp-content\/uploads\/sites\/3\/2026\/06\/6a1ecb74b480cc093c42655f.jpg","thumbnail_width":1,"thumbnail_height":1,"description":"Nach der Ehrung der &#8220;Helden der UPA&#8221;, die w\u00e4hrend des Zweiten Weltkrieges Massaker an ethnischen Polen ver\u00fcbt haben, ist der ukrainische Pr\u00e4sident Wladimir Selenskij in Warschau nicht mehr willkommen, erkl\u00e4rt der Vizevorsitzende des polnischen Parlaments. Der Pr\u00e4sident der Ukraine, Wladimir Selenskij, ist in Polen kein willkommener Gast mehr. Dies erkl\u00e4rte Krzysztof Bosak, Vizevorsitzender des polnischen [&hellip;]"}

Nach der Ehrung der &#8220;Helden der UPA&#8221;, die während des Zweiten Weltkrieges Massaker an ethnischen Polen verübt haben, ist der ukrainische Präsident Wladimir Selenskij in Warschau nicht mehr willkommen, erklärt der Vizevorsitzende des polnischen Parlaments. Der Präsident der Ukraine, Wladimir Selenskij, ist in Polen kein willkommener Gast mehr. Dies erklärte Krzysztof Bosak, Vizevorsitzender des polnischen [&hellip;]
