{"version":"1.0","provider_name":"just-now.NEWS Deutschland","provider_url":"https:\/\/now-news.de\/de","author_name":"rtnews","author_url":"https:\/\/now-news.de\/de\/author\/rnews\/","title":"Teheran weist US-Forderungen zum Atomprogramm zur\u00fcck","type":"rich","width":600,"height":338,"html":"<blockquote class=\"wp-embedded-content\" data-secret=\"etYd5xJQtv\"><a href=\"https:\/\/now-news.de\/de\/deutschland\/teheran-weist-us-forderungen-zum-atomprogramm-zurueck\/\">Teheran weist US-Forderungen zum Atomprogramm zur\u00fcck<\/a><\/blockquote><iframe sandbox=\"allow-scripts\" security=\"restricted\" src=\"https:\/\/now-news.de\/de\/deutschland\/teheran-weist-us-forderungen-zum-atomprogramm-zurueck\/embed\/#?secret=etYd5xJQtv\" width=\"600\" height=\"338\" title=\"&#8222;Teheran weist US-Forderungen zum Atomprogramm zur\u00fcck&#8220; &#8211; just-now.NEWS Deutschland\" data-secret=\"etYd5xJQtv\" frameborder=\"0\" marginwidth=\"0\" marginheight=\"0\" scrolling=\"no\" class=\"wp-embedded-content\"><\/iframe><script type=\"text\/javascript\">\n\/* <![CDATA[ *\/\n\/*! This file is auto-generated *\/\n!function(d,l){\"use strict\";l.querySelector&&d.addEventListener&&\"undefined\"!=typeof URL&&(d.wp=d.wp||{},d.wp.receiveEmbedMessage||(d.wp.receiveEmbedMessage=function(e){var t=e.data;if((t||t.secret||t.message||t.value)&&!\/[^a-zA-Z0-9]\/.test(t.secret)){for(var s,r,n,a=l.querySelectorAll('iframe[data-secret=\"'+t.secret+'\"]'),o=l.querySelectorAll('blockquote[data-secret=\"'+t.secret+'\"]'),c=new RegExp(\"^https?:$\",\"i\"),i=0;i<o.length;i++)o[i].style.display=\"none\";for(i=0;i<a.length;i++)s=a[i],e.source===s.contentWindow&&(s.removeAttribute(\"style\"),\"height\"===t.message?(1e3<(r=parseInt(t.value,10))?r=1e3:~~r<200&&(r=200),s.height=r):\"link\"===t.message&&(r=new URL(s.getAttribute(\"src\")),n=new URL(t.value),c.test(n.protocol))&&n.host===r.host&&l.activeElement===s&&(d.top.location.href=t.value))}},d.addEventListener(\"message\",d.wp.receiveEmbedMessage,!1),l.addEventListener(\"DOMContentLoaded\",function(){for(var e,t,s=l.querySelectorAll(\"iframe.wp-embedded-content\"),r=0;r<s.length;r++)(t=(e=s[r]).getAttribute(\"data-secret\"))||(t=Math.random().toString(36).substring(2,12),e.src+=\"#?secret=\"+t,e.setAttribute(\"data-secret\",t)),e.contentWindow.postMessage({message:\"ready\",secret:t},\"*\")},!1)))}(window,document);\n\/* ]]> *\/\n<\/script>\n","thumbnail_url":"https:\/\/now-news.de\/de\/wp-content\/uploads\/sites\/3\/2026\/02\/6989919d48fbef182b08c53b.jpg","thumbnail_width":460,"thumbnail_height":259,"description":"Der Au\u00dfenminister Irans, Abbas Araghtschi, erkl\u00e4rte am Wochenende, dass Teheran ein international gleichwertiges Recht habe, ein friedliches Atomprogramm zu verfolgen. Die Staatsf\u00fchrung Irans werde seine Urananreicherungskapazit\u00e4ten auch unter Androhung eines Krieges nicht aufgeben, erkl\u00e4rte Au\u00dfenminister Abbas Araghtschi am Wochenende. US-Pr\u00e4sident Donald Trump hatte zuvor von Iran erneut verlangt, einer seitens Washingtons eingeforderten Politik der &#8220;Null-Anreicherung&#8221; [&hellip;]"}

Teheran weist US-Forderungen zum Atomprogramm zurück

<blockquote class="wp-embedded-content" data-secret="etYd5xJQtv"><a href="https://now-news.de/de/deutschland/teheran-weist-us-forderungen-zum-atomprogramm-zurueck/">Teheran weist US-Forderungen zum Atomprogramm zurück</a></blockquote><iframe sandbox="allow-scripts" security="restricted" src="https://now-news.de/de/deutschland/teheran-weist-us-forderungen-zum-atomprogramm-zurueck/embed/#?secret=etYd5xJQtv" width="600" height="338" title="&#8222;Teheran weist US-Forderungen zum Atomprogramm zurück&#8220; &#8211; just-now.NEWS Deutschland" data-secret="etYd5xJQtv" frameborder="0" marginwidth="0" marginheight="0" scrolling="no" class="wp-embedded-content"></iframe><script type="text/javascript">
/* <![CDATA[ */
/*! This file is auto-generated */
!function(d,l){"use strict";l.querySelector&&d.addEventListener&&"undefined"!=typeof URL&&(d.wp=d.wp||{},d.wp.receiveEmbedMessage||(d.wp.receiveEmbedMessage=function(e){var t=e.data;if((t||t.secret||t.message||t.value)&&!/[^a-zA-Z0-9]/.test(t.secret)){for(var s,r,n,a=l.querySelectorAll('iframe[data-secret="'+t.secret+'"]'),o=l.querySelectorAll('blockquote[data-secret="'+t.secret+'"]'),c=new RegExp("^https?:$","i"),i=0;i<o.length;i++)o[i].style.display="none";for(i=0;i<a.length;i++)s=a[i],e.source===s.contentWindow&&(s.removeAttribute("style"),"height"===t.message?(1e3<(r=parseInt(t.value,10))?r=1e3:~~r<200&&(r=200),s.height=r):"link"===t.message&&(r=new URL(s.getAttribute("src")),n=new URL(t.value),c.test(n.protocol))&&n.host===r.host&&l.activeElement===s&&(d.top.location.href=t.value))}},d.addEventListener("message",d.wp.receiveEmbedMessage,!1),l.addEventListener("DOMContentLoaded",function(){for(var e,t,s=l.querySelectorAll("iframe.wp-embedded-content"),r=0;r<s.length;r++)(t=(e=s[r]).getAttribute("data-secret"))||(t=Math.random().toString(36).substring(2,12),e.src+="#?secret="+t,e.setAttribute("data-secret",t)),e.contentWindow.postMessage({message:"ready",secret:t},"*")},!1)))}(window,document);
/* ]]> */
</script>

Der Außenminister Irans, Abbas Araghtschi, erklärte am Wochenende, dass Teheran ein international gleichwertiges Recht habe, ein friedliches Atomprogramm zu verfolgen. Die Staatsführung Irans werde seine Urananreicherungskapazitäten auch unter Androhung eines Krieges nicht aufgeben, erklärte Außenminister Abbas Araghtschi am Wochenende. US-Präsident Donald Trump hatte zuvor von Iran erneut verlangt, einer seitens Washingtons eingeforderten Politik der &#8220;Null-Anreicherung&#8221; [&hellip;]
