{"version":"1.0","provider_name":"just-now.NEWS Deutschland","provider_url":"https:\/\/now-news.de\/de","author_name":"rtnews","author_url":"https:\/\/now-news.de\/de\/author\/rnews\/","title":"Serbiens Pr\u00e4sident Vu\u010di\u0107 k\u00fcndigt Neuwahlen an","type":"rich","width":600,"height":338,"html":"<blockquote class=\"wp-embedded-content\" data-secret=\"6QXYzzSSAh\"><a href=\"https:\/\/now-news.de\/de\/deutschland\/serbiens-praesident-vucic-kuendigt-neuwahlen-an\/\">Serbiens Pr\u00e4sident Vu\u010di\u0107 k\u00fcndigt Neuwahlen an<\/a><\/blockquote><iframe sandbox=\"allow-scripts\" security=\"restricted\" src=\"https:\/\/now-news.de\/de\/deutschland\/serbiens-praesident-vucic-kuendigt-neuwahlen-an\/embed\/#?secret=6QXYzzSSAh\" width=\"600\" height=\"338\" title=\"&#8222;Serbiens Pr\u00e4sident Vu\u010di\u0107 k\u00fcndigt Neuwahlen an&#8220; &#8211; just-now.NEWS Deutschland\" data-secret=\"6QXYzzSSAh\" frameborder=\"0\" marginwidth=\"0\" marginheight=\"0\" scrolling=\"no\" class=\"wp-embedded-content\"><\/iframe><script type=\"text\/javascript\">\n\/* <![CDATA[ *\/\n\/*! This file is auto-generated *\/\n!function(d,l){\"use strict\";l.querySelector&&d.addEventListener&&\"undefined\"!=typeof URL&&(d.wp=d.wp||{},d.wp.receiveEmbedMessage||(d.wp.receiveEmbedMessage=function(e){var t=e.data;if((t||t.secret||t.message||t.value)&&!\/[^a-zA-Z0-9]\/.test(t.secret)){for(var s,r,n,a=l.querySelectorAll('iframe[data-secret=\"'+t.secret+'\"]'),o=l.querySelectorAll('blockquote[data-secret=\"'+t.secret+'\"]'),c=new RegExp(\"^https?:$\",\"i\"),i=0;i<o.length;i++)o[i].style.display=\"none\";for(i=0;i<a.length;i++)s=a[i],e.source===s.contentWindow&&(s.removeAttribute(\"style\"),\"height\"===t.message?(1e3<(r=parseInt(t.value,10))?r=1e3:~~r<200&&(r=200),s.height=r):\"link\"===t.message&&(r=new URL(s.getAttribute(\"src\")),n=new URL(t.value),c.test(n.protocol))&&n.host===r.host&&l.activeElement===s&&(d.top.location.href=t.value))}},d.addEventListener(\"message\",d.wp.receiveEmbedMessage,!1),l.addEventListener(\"DOMContentLoaded\",function(){for(var e,t,s=l.querySelectorAll(\"iframe.wp-embedded-content\"),r=0;r<s.length;r++)(t=(e=s[r]).getAttribute(\"data-secret\"))||(t=Math.random().toString(36).substring(2,12),e.src+=\"#?secret=\"+t,e.setAttribute(\"data-secret\",t)),e.contentWindow.postMessage({message:\"ready\",secret:t},\"*\")},!1)))}(window,document);\n\/* ]]> *\/\n<\/script>\n","thumbnail_url":"https:\/\/now-news.de\/de\/wp-content\/uploads\/sites\/3\/2023\/10\/Serbiens-Praesident-Vucic-kuendigt-Neuwahlen-an.jpg","thumbnail_width":460,"thumbnail_height":259,"description":"Als Reaktion auf schwere Proteste gegen seine Regierung k\u00fcndigte der serbische Pr\u00e4sident Aleksandar Vu\u010di\u0107 eine vorgezogene Parlamentswahl am 17. Dezember an. Das gegenw\u00e4rtige Parlament hatten die Serben im April des Vorjahres gew\u00e4hlt. Der serbische Pr\u00e4sident, Aleksandar Vu\u010di\u0107, k\u00fcndigte am Freitag eine vorgezogene Parlamentswahl f\u00fcr den 17. Dezember an. Dies ist auch eine Reaktion auf die [&hellip;]"}

Serbiens Präsident Vučić kündigt Neuwahlen an

<blockquote class="wp-embedded-content" data-secret="6QXYzzSSAh"><a href="https://now-news.de/de/deutschland/serbiens-praesident-vucic-kuendigt-neuwahlen-an/">Serbiens Präsident Vučić kündigt Neuwahlen an</a></blockquote><iframe sandbox="allow-scripts" security="restricted" src="https://now-news.de/de/deutschland/serbiens-praesident-vucic-kuendigt-neuwahlen-an/embed/#?secret=6QXYzzSSAh" width="600" height="338" title="&#8222;Serbiens Präsident Vučić kündigt Neuwahlen an&#8220; &#8211; just-now.NEWS Deutschland" data-secret="6QXYzzSSAh" frameborder="0" marginwidth="0" marginheight="0" scrolling="no" class="wp-embedded-content"></iframe><script type="text/javascript">
/* <![CDATA[ */
/*! This file is auto-generated */
!function(d,l){"use strict";l.querySelector&&d.addEventListener&&"undefined"!=typeof URL&&(d.wp=d.wp||{},d.wp.receiveEmbedMessage||(d.wp.receiveEmbedMessage=function(e){var t=e.data;if((t||t.secret||t.message||t.value)&&!/[^a-zA-Z0-9]/.test(t.secret)){for(var s,r,n,a=l.querySelectorAll('iframe[data-secret="'+t.secret+'"]'),o=l.querySelectorAll('blockquote[data-secret="'+t.secret+'"]'),c=new RegExp("^https?:$","i"),i=0;i<o.length;i++)o[i].style.display="none";for(i=0;i<a.length;i++)s=a[i],e.source===s.contentWindow&&(s.removeAttribute("style"),"height"===t.message?(1e3<(r=parseInt(t.value,10))?r=1e3:~~r<200&&(r=200),s.height=r):"link"===t.message&&(r=new URL(s.getAttribute("src")),n=new URL(t.value),c.test(n.protocol))&&n.host===r.host&&l.activeElement===s&&(d.top.location.href=t.value))}},d.addEventListener("message",d.wp.receiveEmbedMessage,!1),l.addEventListener("DOMContentLoaded",function(){for(var e,t,s=l.querySelectorAll("iframe.wp-embedded-content"),r=0;r<s.length;r++)(t=(e=s[r]).getAttribute("data-secret"))||(t=Math.random().toString(36).substring(2,12),e.src+="#?secret="+t,e.setAttribute("data-secret",t)),e.contentWindow.postMessage({message:"ready",secret:t},"*")},!1)))}(window,document);
/* ]]> */
</script>

Als Reaktion auf schwere Proteste gegen seine Regierung kündigte der serbische Präsident Aleksandar Vučić eine vorgezogene Parlamentswahl am 17. Dezember an. Das gegenwärtige Parlament hatten die Serben im April des Vorjahres gewählt. Der serbische Präsident, Aleksandar Vučić, kündigte am Freitag eine vorgezogene Parlamentswahl für den 17. Dezember an. Dies ist auch eine Reaktion auf die [&hellip;]
