{"version":"1.0","provider_name":"just-now.NEWS Deutschland","provider_url":"https:\/\/now-news.de\/de","author_name":"rtnews","author_url":"https:\/\/now-news.de\/de\/author\/rnews\/","title":"Schweiz im &quot;milit\u00e4rischen Schengen&quot; \u2013 Ende der Neutralit\u00e4t?","type":"rich","width":600,"height":338,"html":"<blockquote class=\"wp-embedded-content\" data-secret=\"1fgt7mNVia\"><a href=\"https:\/\/now-news.de\/de\/deutschland\/schweiz-im-militaerischen-schengen-ende-der-neutralitaet\/\">Schweiz im &quot;milit\u00e4rischen Schengen&quot; \u2013 Ende der Neutralit\u00e4t?<\/a><\/blockquote><iframe sandbox=\"allow-scripts\" security=\"restricted\" src=\"https:\/\/now-news.de\/de\/deutschland\/schweiz-im-militaerischen-schengen-ende-der-neutralitaet\/embed\/#?secret=1fgt7mNVia\" width=\"600\" height=\"338\" title=\"&#8222;Schweiz im &quot;milit\u00e4rischen Schengen&quot; \u2013 Ende der Neutralit\u00e4t?&#8220; &#8211; just-now.NEWS Deutschland\" data-secret=\"1fgt7mNVia\" frameborder=\"0\" marginwidth=\"0\" marginheight=\"0\" scrolling=\"no\" class=\"wp-embedded-content\"><\/iframe><script type=\"text\/javascript\">\n\/* <![CDATA[ *\/\n\/*! This file is auto-generated *\/\n!function(d,l){\"use strict\";l.querySelector&&d.addEventListener&&\"undefined\"!=typeof URL&&(d.wp=d.wp||{},d.wp.receiveEmbedMessage||(d.wp.receiveEmbedMessage=function(e){var t=e.data;if((t||t.secret||t.message||t.value)&&!\/[^a-zA-Z0-9]\/.test(t.secret)){for(var s,r,n,a=l.querySelectorAll('iframe[data-secret=\"'+t.secret+'\"]'),o=l.querySelectorAll('blockquote[data-secret=\"'+t.secret+'\"]'),c=new RegExp(\"^https?:$\",\"i\"),i=0;i<o.length;i++)o[i].style.display=\"none\";for(i=0;i<a.length;i++)s=a[i],e.source===s.contentWindow&&(s.removeAttribute(\"style\"),\"height\"===t.message?(1e3<(r=parseInt(t.value,10))?r=1e3:~~r<200&&(r=200),s.height=r):\"link\"===t.message&&(r=new URL(s.getAttribute(\"src\")),n=new URL(t.value),c.test(n.protocol))&&n.host===r.host&&l.activeElement===s&&(d.top.location.href=t.value))}},d.addEventListener(\"message\",d.wp.receiveEmbedMessage,!1),l.addEventListener(\"DOMContentLoaded\",function(){for(var e,t,s=l.querySelectorAll(\"iframe.wp-embedded-content\"),r=0;r<s.length;r++)(t=(e=s[r]).getAttribute(\"data-secret\"))||(t=Math.random().toString(36).substring(2,12),e.src+=\"#?secret=\"+t,e.setAttribute(\"data-secret\",t)),e.contentWindow.postMessage({message:\"ready\",secret:t},\"*\")},!1)))}(window,document);\n\/* ]]> *\/\n<\/script>\n","thumbnail_url":"https:\/\/now-news.de\/de\/wp-content\/uploads\/sites\/3\/2025\/01\/6786333948fbef3d7f76200d.jpg","thumbnail_width":460,"thumbnail_height":259,"description":"Die Schweiz tritt dem EU-Projekt &#8220;milit\u00e4rischer Schengen&#8221; bei, das die Truppenbewegung innerhalb Europas erleichtert. Kritiker sehen darin das Ende der Schweizer Neutralit\u00e4t, w\u00e4hrend Bef\u00fcrworter von strategischem Nutzen sprechen. Ein Wendepunkt f\u00fcr die traditionelle Au\u00dfenpolitik des Landes. Die Schweiz wird Teil des EU-Milit\u00e4rnetzwerks. Der Europ\u00e4ische Rat hat offiziell die Einladung der Schweiz in den sogenannten &#8220;milit\u00e4rischen [&hellip;]"}

Schweiz im &quot;militärischen Schengen&quot; – Ende der Neutralität?

<blockquote class="wp-embedded-content" data-secret="1fgt7mNVia"><a href="https://now-news.de/de/deutschland/schweiz-im-militaerischen-schengen-ende-der-neutralitaet/">Schweiz im &quot;militärischen Schengen&quot; – Ende der Neutralität?</a></blockquote><iframe sandbox="allow-scripts" security="restricted" src="https://now-news.de/de/deutschland/schweiz-im-militaerischen-schengen-ende-der-neutralitaet/embed/#?secret=1fgt7mNVia" width="600" height="338" title="&#8222;Schweiz im &quot;militärischen Schengen&quot; – Ende der Neutralität?&#8220; &#8211; just-now.NEWS Deutschland" data-secret="1fgt7mNVia" frameborder="0" marginwidth="0" marginheight="0" scrolling="no" class="wp-embedded-content"></iframe><script type="text/javascript">
/* <![CDATA[ */
/*! This file is auto-generated */
!function(d,l){"use strict";l.querySelector&&d.addEventListener&&"undefined"!=typeof URL&&(d.wp=d.wp||{},d.wp.receiveEmbedMessage||(d.wp.receiveEmbedMessage=function(e){var t=e.data;if((t||t.secret||t.message||t.value)&&!/[^a-zA-Z0-9]/.test(t.secret)){for(var s,r,n,a=l.querySelectorAll('iframe[data-secret="'+t.secret+'"]'),o=l.querySelectorAll('blockquote[data-secret="'+t.secret+'"]'),c=new RegExp("^https?:$","i"),i=0;i<o.length;i++)o[i].style.display="none";for(i=0;i<a.length;i++)s=a[i],e.source===s.contentWindow&&(s.removeAttribute("style"),"height"===t.message?(1e3<(r=parseInt(t.value,10))?r=1e3:~~r<200&&(r=200),s.height=r):"link"===t.message&&(r=new URL(s.getAttribute("src")),n=new URL(t.value),c.test(n.protocol))&&n.host===r.host&&l.activeElement===s&&(d.top.location.href=t.value))}},d.addEventListener("message",d.wp.receiveEmbedMessage,!1),l.addEventListener("DOMContentLoaded",function(){for(var e,t,s=l.querySelectorAll("iframe.wp-embedded-content"),r=0;r<s.length;r++)(t=(e=s[r]).getAttribute("data-secret"))||(t=Math.random().toString(36).substring(2,12),e.src+="#?secret="+t,e.setAttribute("data-secret",t)),e.contentWindow.postMessage({message:"ready",secret:t},"*")},!1)))}(window,document);
/* ]]> */
</script>

Die Schweiz tritt dem EU-Projekt &#8220;militärischer Schengen&#8221; bei, das die Truppenbewegung innerhalb Europas erleichtert. Kritiker sehen darin das Ende der Schweizer Neutralität, während Befürworter von strategischem Nutzen sprechen. Ein Wendepunkt für die traditionelle Außenpolitik des Landes. Die Schweiz wird Teil des EU-Militärnetzwerks. Der Europäische Rat hat offiziell die Einladung der Schweiz in den sogenannten &#8220;militärischen [&hellip;]
