{"version":"1.0","provider_name":"just-now.NEWS Deutschland","provider_url":"https:\/\/now-news.de\/de","author_name":"rtnews","author_url":"https:\/\/now-news.de\/de\/author\/rnews\/","title":"Schwedischer Koran-Verbrenner erschossen - bei TikTok-Livestream","type":"rich","width":600,"height":338,"html":"<blockquote class=\"wp-embedded-content\" data-secret=\"fjo4jCVTpJ\"><a href=\"https:\/\/now-news.de\/de\/deutschland\/schwedischer-koran-verbrenner-erschossen-bei-tiktok-livestream\/\">Schwedischer Koran-Verbrenner erschossen &#8211; bei TikTok-Livestream<\/a><\/blockquote><iframe sandbox=\"allow-scripts\" security=\"restricted\" src=\"https:\/\/now-news.de\/de\/deutschland\/schwedischer-koran-verbrenner-erschossen-bei-tiktok-livestream\/embed\/#?secret=fjo4jCVTpJ\" width=\"600\" height=\"338\" title=\"&#8222;Schwedischer Koran-Verbrenner erschossen &#8211; bei TikTok-Livestream&#8220; &#8211; just-now.NEWS Deutschland\" data-secret=\"fjo4jCVTpJ\" frameborder=\"0\" marginwidth=\"0\" marginheight=\"0\" scrolling=\"no\" class=\"wp-embedded-content\"><\/iframe><script type=\"text\/javascript\">\n\/* <![CDATA[ *\/\n\/*! This file is auto-generated *\/\n!function(d,l){\"use strict\";l.querySelector&&d.addEventListener&&\"undefined\"!=typeof URL&&(d.wp=d.wp||{},d.wp.receiveEmbedMessage||(d.wp.receiveEmbedMessage=function(e){var t=e.data;if((t||t.secret||t.message||t.value)&&!\/[^a-zA-Z0-9]\/.test(t.secret)){for(var s,r,n,a=l.querySelectorAll('iframe[data-secret=\"'+t.secret+'\"]'),o=l.querySelectorAll('blockquote[data-secret=\"'+t.secret+'\"]'),c=new RegExp(\"^https?:$\",\"i\"),i=0;i<o.length;i++)o[i].style.display=\"none\";for(i=0;i<a.length;i++)s=a[i],e.source===s.contentWindow&&(s.removeAttribute(\"style\"),\"height\"===t.message?(1e3<(r=parseInt(t.value,10))?r=1e3:~~r<200&&(r=200),s.height=r):\"link\"===t.message&&(r=new URL(s.getAttribute(\"src\")),n=new URL(t.value),c.test(n.protocol))&&n.host===r.host&&l.activeElement===s&&(d.top.location.href=t.value))}},d.addEventListener(\"message\",d.wp.receiveEmbedMessage,!1),l.addEventListener(\"DOMContentLoaded\",function(){for(var e,t,s=l.querySelectorAll(\"iframe.wp-embedded-content\"),r=0;r<s.length;r++)(t=(e=s[r]).getAttribute(\"data-secret\"))||(t=Math.random().toString(36).substring(2,12),e.src+=\"#?secret=\"+t,e.setAttribute(\"data-secret\",t)),e.contentWindow.postMessage({message:\"ready\",secret:t},\"*\")},!1)))}(window,document);\n\/* ]]> *\/\n<\/script>\n","thumbnail_url":"https:\/\/now-news.de\/de\/wp-content\/uploads\/sites\/3\/2025\/01\/679b49da48fbef0dc427842f.jpg","thumbnail_width":600,"thumbnail_height":587,"description":"Salwan Momika, der durch Koranverbrennungen bekannt wurde, ist am 29. Januar 2025 w\u00e4hrend eines TikTok-Livestreams in Schweden erschossen worden. Der irakische Fl\u00fcchtling sorgte 2023 mit seinen Aktionen f\u00fcr weltweite Proteste. Salwan Momika, der durch seine Koranverbrennungsaktionen international bekannt wurde, ist am 29. Januar 2025 w\u00e4hrend eines Livestreams auf TikTok in S\u00f6dert\u00e4lje, Schweden, erschossen worden. W\u00e4hrend [&hellip;]"}

Salwan Momika, der durch Koranverbrennungen bekannt wurde, ist am 29. Januar 2025 während eines TikTok-Livestreams in Schweden erschossen worden. Der irakische Flüchtling sorgte 2023 mit seinen Aktionen für weltweite Proteste. Salwan Momika, der durch seine Koranverbrennungsaktionen international bekannt wurde, ist am 29. Januar 2025 während eines Livestreams auf TikTok in Södertälje, Schweden, erschossen worden. Während [&hellip;]
