{"version":"1.0","provider_name":"just-now.NEWS Deutschland","provider_url":"https:\/\/now-news.de\/de","author_name":"rtnews","author_url":"https:\/\/now-news.de\/de\/author\/rnews\/","title":"Saatgut, Land, Souver\u00e4nit\u00e4t: Lehren aus dem Sahel","type":"rich","width":600,"height":338,"html":"<blockquote class=\"wp-embedded-content\" data-secret=\"XvnvGbJkhM\"><a href=\"https:\/\/now-news.de\/de\/deutschland\/saatgut-land-souveraenitaet-lehren-aus-dem-sahel\/\">Saatgut, Land, Souver\u00e4nit\u00e4t: Lehren aus dem Sahel<\/a><\/blockquote><iframe sandbox=\"allow-scripts\" security=\"restricted\" src=\"https:\/\/now-news.de\/de\/deutschland\/saatgut-land-souveraenitaet-lehren-aus-dem-sahel\/embed\/#?secret=XvnvGbJkhM\" width=\"600\" height=\"338\" title=\"&#8222;Saatgut, Land, Souver\u00e4nit\u00e4t: Lehren aus dem Sahel&#8220; &#8211; just-now.NEWS Deutschland\" data-secret=\"XvnvGbJkhM\" frameborder=\"0\" marginwidth=\"0\" marginheight=\"0\" scrolling=\"no\" class=\"wp-embedded-content\"><\/iframe><script type=\"text\/javascript\">\n\/* <![CDATA[ *\/\n\/*! This file is auto-generated *\/\n!function(d,l){\"use strict\";l.querySelector&&d.addEventListener&&\"undefined\"!=typeof URL&&(d.wp=d.wp||{},d.wp.receiveEmbedMessage||(d.wp.receiveEmbedMessage=function(e){var t=e.data;if((t||t.secret||t.message||t.value)&&!\/[^a-zA-Z0-9]\/.test(t.secret)){for(var s,r,n,a=l.querySelectorAll('iframe[data-secret=\"'+t.secret+'\"]'),o=l.querySelectorAll('blockquote[data-secret=\"'+t.secret+'\"]'),c=new RegExp(\"^https?:$\",\"i\"),i=0;i<o.length;i++)o[i].style.display=\"none\";for(i=0;i<a.length;i++)s=a[i],e.source===s.contentWindow&&(s.removeAttribute(\"style\"),\"height\"===t.message?(1e3<(r=parseInt(t.value,10))?r=1e3:~~r<200&&(r=200),s.height=r):\"link\"===t.message&&(r=new URL(s.getAttribute(\"src\")),n=new URL(t.value),c.test(n.protocol))&&n.host===r.host&&l.activeElement===s&&(d.top.location.href=t.value))}},d.addEventListener(\"message\",d.wp.receiveEmbedMessage,!1),l.addEventListener(\"DOMContentLoaded\",function(){for(var e,t,s=l.querySelectorAll(\"iframe.wp-embedded-content\"),r=0;r<s.length;r++)(t=(e=s[r]).getAttribute(\"data-secret\"))||(t=Math.random().toString(36).substring(2,12),e.src+=\"#?secret=\"+t,e.setAttribute(\"data-secret\",t)),e.contentWindow.postMessage({message:\"ready\",secret:t},\"*\")},!1)))}(window,document);\n\/* ]]> *\/\n<\/script>\n","thumbnail_url":"https:\/\/now-news.de\/de\/wp-content\/uploads\/sites\/3\/2026\/04\/69e38f4148fbef4bcd505d42.jpeg","thumbnail_width":1,"thumbnail_height":1,"description":"Der 17. April ist der Internationale Tag des Bauernkampfes. Er erinnert uns daran, dass die Bauern in Burkina Faso, in Afrika und weltweit das Herzst\u00fcck der Lebensgrundlagen in unseren Gemeinschaften bilden und daher im Mittelpunkt der Forderungen nach Souver\u00e4nit\u00e4t stehen m\u00fcssen. Von Jonis Ghedi-Alasow Am 17. April 1996 t\u00f6tete die Milit\u00e4rpolizei in Eldorado dos Caraj\u00e1s, [&hellip;]"}

Saatgut, Land, Souveränität: Lehren aus dem Sahel

<blockquote class="wp-embedded-content" data-secret="XvnvGbJkhM"><a href="https://now-news.de/de/deutschland/saatgut-land-souveraenitaet-lehren-aus-dem-sahel/">Saatgut, Land, Souveränität: Lehren aus dem Sahel</a></blockquote><iframe sandbox="allow-scripts" security="restricted" src="https://now-news.de/de/deutschland/saatgut-land-souveraenitaet-lehren-aus-dem-sahel/embed/#?secret=XvnvGbJkhM" width="600" height="338" title="&#8222;Saatgut, Land, Souveränität: Lehren aus dem Sahel&#8220; &#8211; just-now.NEWS Deutschland" data-secret="XvnvGbJkhM" frameborder="0" marginwidth="0" marginheight="0" scrolling="no" class="wp-embedded-content"></iframe><script type="text/javascript">
/* <![CDATA[ */
/*! This file is auto-generated */
!function(d,l){"use strict";l.querySelector&&d.addEventListener&&"undefined"!=typeof URL&&(d.wp=d.wp||{},d.wp.receiveEmbedMessage||(d.wp.receiveEmbedMessage=function(e){var t=e.data;if((t||t.secret||t.message||t.value)&&!/[^a-zA-Z0-9]/.test(t.secret)){for(var s,r,n,a=l.querySelectorAll('iframe[data-secret="'+t.secret+'"]'),o=l.querySelectorAll('blockquote[data-secret="'+t.secret+'"]'),c=new RegExp("^https?:$","i"),i=0;i<o.length;i++)o[i].style.display="none";for(i=0;i<a.length;i++)s=a[i],e.source===s.contentWindow&&(s.removeAttribute("style"),"height"===t.message?(1e3<(r=parseInt(t.value,10))?r=1e3:~~r<200&&(r=200),s.height=r):"link"===t.message&&(r=new URL(s.getAttribute("src")),n=new URL(t.value),c.test(n.protocol))&&n.host===r.host&&l.activeElement===s&&(d.top.location.href=t.value))}},d.addEventListener("message",d.wp.receiveEmbedMessage,!1),l.addEventListener("DOMContentLoaded",function(){for(var e,t,s=l.querySelectorAll("iframe.wp-embedded-content"),r=0;r<s.length;r++)(t=(e=s[r]).getAttribute("data-secret"))||(t=Math.random().toString(36).substring(2,12),e.src+="#?secret="+t,e.setAttribute("data-secret",t)),e.contentWindow.postMessage({message:"ready",secret:t},"*")},!1)))}(window,document);
/* ]]> */
</script>

Der 17. April ist der Internationale Tag des Bauernkampfes. Er erinnert uns daran, dass die Bauern in Burkina Faso, in Afrika und weltweit das Herzstück der Lebensgrundlagen in unseren Gemeinschaften bilden und daher im Mittelpunkt der Forderungen nach Souveränität stehen müssen. Von Jonis Ghedi-Alasow Am 17. April 1996 tötete die Militärpolizei in Eldorado dos Carajás, [&hellip;]
