{"version":"1.0","provider_name":"just-now.NEWS Deutschland","provider_url":"https:\/\/now-news.de\/de","author_name":"rtnews","author_url":"https:\/\/now-news.de\/de\/author\/rnews\/","title":"Rum\u00e4nien: Lebensl\u00e4nglich f\u00fcr &quot;Femizid&quot;","type":"rich","width":600,"height":338,"html":"<blockquote class=\"wp-embedded-content\" data-secret=\"FrIPXGuNTt\"><a href=\"https:\/\/now-news.de\/de\/deutschland\/rumaenien-lebenslaenglich-fuer-femizid\/\">Rum\u00e4nien: Lebensl\u00e4nglich f\u00fcr &quot;Femizid&quot;<\/a><\/blockquote><iframe sandbox=\"allow-scripts\" security=\"restricted\" src=\"https:\/\/now-news.de\/de\/deutschland\/rumaenien-lebenslaenglich-fuer-femizid\/embed\/#?secret=FrIPXGuNTt\" width=\"600\" height=\"338\" title=\"&#8222;Rum\u00e4nien: Lebensl\u00e4nglich f\u00fcr &quot;Femizid&quot;&#8220; &#8211; just-now.NEWS Deutschland\" data-secret=\"FrIPXGuNTt\" frameborder=\"0\" marginwidth=\"0\" marginheight=\"0\" scrolling=\"no\" class=\"wp-embedded-content\"><\/iframe><script type=\"text\/javascript\">\n\/* <![CDATA[ *\/\n\/*! This file is auto-generated *\/\n!function(d,l){\"use strict\";l.querySelector&&d.addEventListener&&\"undefined\"!=typeof URL&&(d.wp=d.wp||{},d.wp.receiveEmbedMessage||(d.wp.receiveEmbedMessage=function(e){var t=e.data;if((t||t.secret||t.message||t.value)&&!\/[^a-zA-Z0-9]\/.test(t.secret)){for(var s,r,n,a=l.querySelectorAll('iframe[data-secret=\"'+t.secret+'\"]'),o=l.querySelectorAll('blockquote[data-secret=\"'+t.secret+'\"]'),c=new RegExp(\"^https?:$\",\"i\"),i=0;i<o.length;i++)o[i].style.display=\"none\";for(i=0;i<a.length;i++)s=a[i],e.source===s.contentWindow&&(s.removeAttribute(\"style\"),\"height\"===t.message?(1e3<(r=parseInt(t.value,10))?r=1e3:~~r<200&&(r=200),s.height=r):\"link\"===t.message&&(r=new URL(s.getAttribute(\"src\")),n=new URL(t.value),c.test(n.protocol))&&n.host===r.host&&l.activeElement===s&&(d.top.location.href=t.value))}},d.addEventListener(\"message\",d.wp.receiveEmbedMessage,!1),l.addEventListener(\"DOMContentLoaded\",function(){for(var e,t,s=l.querySelectorAll(\"iframe.wp-embedded-content\"),r=0;r<s.length;r++)(t=(e=s[r]).getAttribute(\"data-secret\"))||(t=Math.random().toString(36).substring(2,12),e.src+=\"#?secret=\"+t,e.setAttribute(\"data-secret\",t)),e.contentWindow.postMessage({message:\"ready\",secret:t},\"*\")},!1)))}(window,document);\n\/* ]]> *\/\n<\/script>\n","thumbnail_url":"https:\/\/now-news.de\/de\/wp-content\/uploads\/sites\/3\/2026\/04\/69ee01b9b480cc48ba712533.jpg","thumbnail_width":1,"thumbnail_height":1,"description":"Rum\u00e4niens proeurop\u00e4ischer Pr\u00e4sident schreibt sich den westlichen Feminismus auf die Fahnen. Der Mord an Frauen (&#8220;Femizid&#8221;) ist nun ein eigener Straftatbestand und wird besonders hart bestraft. Rum\u00e4niens Staatspr\u00e4sident Nicu\u0219or Dan hat vergangenen Donnerstag ein Gesetz zur Pr\u00e4vention und Bek\u00e4mpfung von Femizid unterzeichnet. Es definiert Femizid erstmals im rum\u00e4nischen Recht als die vors\u00e4tzliche T\u00f6tung einer Frau [&hellip;]"}

Rumänien: Lebenslänglich für &quot;Femizid&quot;

<blockquote class="wp-embedded-content" data-secret="FrIPXGuNTt"><a href="https://now-news.de/de/deutschland/rumaenien-lebenslaenglich-fuer-femizid/">Rumänien: Lebenslänglich für &quot;Femizid&quot;</a></blockquote><iframe sandbox="allow-scripts" security="restricted" src="https://now-news.de/de/deutschland/rumaenien-lebenslaenglich-fuer-femizid/embed/#?secret=FrIPXGuNTt" width="600" height="338" title="&#8222;Rumänien: Lebenslänglich für &quot;Femizid&quot;&#8220; &#8211; just-now.NEWS Deutschland" data-secret="FrIPXGuNTt" frameborder="0" marginwidth="0" marginheight="0" scrolling="no" class="wp-embedded-content"></iframe><script type="text/javascript">
/* <![CDATA[ */
/*! This file is auto-generated */
!function(d,l){"use strict";l.querySelector&&d.addEventListener&&"undefined"!=typeof URL&&(d.wp=d.wp||{},d.wp.receiveEmbedMessage||(d.wp.receiveEmbedMessage=function(e){var t=e.data;if((t||t.secret||t.message||t.value)&&!/[^a-zA-Z0-9]/.test(t.secret)){for(var s,r,n,a=l.querySelectorAll('iframe[data-secret="'+t.secret+'"]'),o=l.querySelectorAll('blockquote[data-secret="'+t.secret+'"]'),c=new RegExp("^https?:$","i"),i=0;i<o.length;i++)o[i].style.display="none";for(i=0;i<a.length;i++)s=a[i],e.source===s.contentWindow&&(s.removeAttribute("style"),"height"===t.message?(1e3<(r=parseInt(t.value,10))?r=1e3:~~r<200&&(r=200),s.height=r):"link"===t.message&&(r=new URL(s.getAttribute("src")),n=new URL(t.value),c.test(n.protocol))&&n.host===r.host&&l.activeElement===s&&(d.top.location.href=t.value))}},d.addEventListener("message",d.wp.receiveEmbedMessage,!1),l.addEventListener("DOMContentLoaded",function(){for(var e,t,s=l.querySelectorAll("iframe.wp-embedded-content"),r=0;r<s.length;r++)(t=(e=s[r]).getAttribute("data-secret"))||(t=Math.random().toString(36).substring(2,12),e.src+="#?secret="+t,e.setAttribute("data-secret",t)),e.contentWindow.postMessage({message:"ready",secret:t},"*")},!1)))}(window,document);
/* ]]> */
</script>

Rumäniens proeuropäischer Präsident schreibt sich den westlichen Feminismus auf die Fahnen. Der Mord an Frauen (&#8220;Femizid&#8221;) ist nun ein eigener Straftatbestand und wird besonders hart bestraft. Rumäniens Staatspräsident Nicușor Dan hat vergangenen Donnerstag ein Gesetz zur Prävention und Bekämpfung von Femizid unterzeichnet. Es definiert Femizid erstmals im rumänischen Recht als die vorsätzliche Tötung einer Frau [&hellip;]
