{"version":"1.0","provider_name":"just-now.NEWS Deutschland","provider_url":"https:\/\/now-news.de\/de","author_name":"rtnews","author_url":"https:\/\/now-news.de\/de\/author\/rnews\/","title":"Rapider Anstieg von Antr\u00e4gen auf Kriegsdienstverweigerung","type":"rich","width":600,"height":338,"html":"<blockquote class=\"wp-embedded-content\" data-secret=\"15Vd38Pcgs\"><a href=\"https:\/\/now-news.de\/de\/deutschland\/rapider-anstieg-von-antraegen-auf-kriegsdienstverweigerung\/\">Rapider Anstieg von Antr\u00e4gen auf Kriegsdienstverweigerung<\/a><\/blockquote><iframe sandbox=\"allow-scripts\" security=\"restricted\" src=\"https:\/\/now-news.de\/de\/deutschland\/rapider-anstieg-von-antraegen-auf-kriegsdienstverweigerung\/embed\/#?secret=15Vd38Pcgs\" width=\"600\" height=\"338\" title=\"&#8222;Rapider Anstieg von Antr\u00e4gen auf Kriegsdienstverweigerung&#8220; &#8211; just-now.NEWS Deutschland\" data-secret=\"15Vd38Pcgs\" frameborder=\"0\" marginwidth=\"0\" marginheight=\"0\" scrolling=\"no\" class=\"wp-embedded-content\"><\/iframe><script type=\"text\/javascript\">\n\/* <![CDATA[ *\/\n\/*! This file is auto-generated *\/\n!function(d,l){\"use strict\";l.querySelector&&d.addEventListener&&\"undefined\"!=typeof URL&&(d.wp=d.wp||{},d.wp.receiveEmbedMessage||(d.wp.receiveEmbedMessage=function(e){var t=e.data;if((t||t.secret||t.message||t.value)&&!\/[^a-zA-Z0-9]\/.test(t.secret)){for(var s,r,n,a=l.querySelectorAll('iframe[data-secret=\"'+t.secret+'\"]'),o=l.querySelectorAll('blockquote[data-secret=\"'+t.secret+'\"]'),c=new RegExp(\"^https?:$\",\"i\"),i=0;i<o.length;i++)o[i].style.display=\"none\";for(i=0;i<a.length;i++)s=a[i],e.source===s.contentWindow&&(s.removeAttribute(\"style\"),\"height\"===t.message?(1e3<(r=parseInt(t.value,10))?r=1e3:~~r<200&&(r=200),s.height=r):\"link\"===t.message&&(r=new URL(s.getAttribute(\"src\")),n=new URL(t.value),c.test(n.protocol))&&n.host===r.host&&l.activeElement===s&&(d.top.location.href=t.value))}},d.addEventListener(\"message\",d.wp.receiveEmbedMessage,!1),l.addEventListener(\"DOMContentLoaded\",function(){for(var e,t,s=l.querySelectorAll(\"iframe.wp-embedded-content\"),r=0;r<s.length;r++)(t=(e=s[r]).getAttribute(\"data-secret\"))||(t=Math.random().toString(36).substring(2,12),e.src+=\"#?secret=\"+t,e.setAttribute(\"data-secret\",t)),e.contentWindow.postMessage({message:\"ready\",secret:t},\"*\")},!1)))}(window,document);\n\/* ]]> *\/\n<\/script>\n","thumbnail_url":"https:\/\/now-news.de\/de\/wp-content\/uploads\/sites\/3\/2026\/04\/69ef18a048fbef76fa09340e.jpg","thumbnail_width":1,"thumbnail_height":1,"description":"Die Werbema\u00dfnahmen der Bundeswehr scheinen in Verbindung mit Ank\u00fcndigungen und Forderungen seitens der Politik junge Menschen abzuschrecken. Die Antr\u00e4ge auf Kriegsdienstverweigerung steigen laut Medienanfrage so rasant, dass sie bald den h\u00f6chsten Stand seit Aussetzung der Wehrpflicht erreichen. Das Bundesministerium f\u00fcr Verteidigung (BMVg) in Berlin lie\u00df Mitte M\u00e4rz mitteilen, dass bis Ende Februar dieses Jahres ein [&hellip;]"}

Rapider Anstieg von Anträgen auf Kriegsdienstverweigerung

<blockquote class="wp-embedded-content" data-secret="15Vd38Pcgs"><a href="https://now-news.de/de/deutschland/rapider-anstieg-von-antraegen-auf-kriegsdienstverweigerung/">Rapider Anstieg von Anträgen auf Kriegsdienstverweigerung</a></blockquote><iframe sandbox="allow-scripts" security="restricted" src="https://now-news.de/de/deutschland/rapider-anstieg-von-antraegen-auf-kriegsdienstverweigerung/embed/#?secret=15Vd38Pcgs" width="600" height="338" title="&#8222;Rapider Anstieg von Anträgen auf Kriegsdienstverweigerung&#8220; &#8211; just-now.NEWS Deutschland" data-secret="15Vd38Pcgs" frameborder="0" marginwidth="0" marginheight="0" scrolling="no" class="wp-embedded-content"></iframe><script type="text/javascript">
/* <![CDATA[ */
/*! This file is auto-generated */
!function(d,l){"use strict";l.querySelector&&d.addEventListener&&"undefined"!=typeof URL&&(d.wp=d.wp||{},d.wp.receiveEmbedMessage||(d.wp.receiveEmbedMessage=function(e){var t=e.data;if((t||t.secret||t.message||t.value)&&!/[^a-zA-Z0-9]/.test(t.secret)){for(var s,r,n,a=l.querySelectorAll('iframe[data-secret="'+t.secret+'"]'),o=l.querySelectorAll('blockquote[data-secret="'+t.secret+'"]'),c=new RegExp("^https?:$","i"),i=0;i<o.length;i++)o[i].style.display="none";for(i=0;i<a.length;i++)s=a[i],e.source===s.contentWindow&&(s.removeAttribute("style"),"height"===t.message?(1e3<(r=parseInt(t.value,10))?r=1e3:~~r<200&&(r=200),s.height=r):"link"===t.message&&(r=new URL(s.getAttribute("src")),n=new URL(t.value),c.test(n.protocol))&&n.host===r.host&&l.activeElement===s&&(d.top.location.href=t.value))}},d.addEventListener("message",d.wp.receiveEmbedMessage,!1),l.addEventListener("DOMContentLoaded",function(){for(var e,t,s=l.querySelectorAll("iframe.wp-embedded-content"),r=0;r<s.length;r++)(t=(e=s[r]).getAttribute("data-secret"))||(t=Math.random().toString(36).substring(2,12),e.src+="#?secret="+t,e.setAttribute("data-secret",t)),e.contentWindow.postMessage({message:"ready",secret:t},"*")},!1)))}(window,document);
/* ]]> */
</script>

Die Werbemaßnahmen der Bundeswehr scheinen in Verbindung mit Ankündigungen und Forderungen seitens der Politik junge Menschen abzuschrecken. Die Anträge auf Kriegsdienstverweigerung steigen laut Medienanfrage so rasant, dass sie bald den höchsten Stand seit Aussetzung der Wehrpflicht erreichen. Das Bundesministerium für Verteidigung (BMVg) in Berlin ließ Mitte März mitteilen, dass bis Ende Februar dieses Jahres ein [&hellip;]
