{"version":"1.0","provider_name":"just-now.NEWS Deutschland","provider_url":"https:\/\/now-news.de\/de","author_name":"rtnews","author_url":"https:\/\/now-news.de\/de\/author\/rnews\/","title":"Proteste gegen Macrons Rentenreform legen Frankreich lahm","type":"rich","width":600,"height":338,"html":"<blockquote class=\"wp-embedded-content\" data-secret=\"LBE6d6UCmN\"><a href=\"https:\/\/now-news.de\/de\/deutschland\/proteste-gegen-macrons-rentenreform-legen-frankreich-lahm\/\">Proteste gegen Macrons Rentenreform legen Frankreich lahm<\/a><\/blockquote><iframe sandbox=\"allow-scripts\" security=\"restricted\" src=\"https:\/\/now-news.de\/de\/deutschland\/proteste-gegen-macrons-rentenreform-legen-frankreich-lahm\/embed\/#?secret=LBE6d6UCmN\" width=\"600\" height=\"338\" title=\"&#8222;Proteste gegen Macrons Rentenreform legen Frankreich lahm&#8220; &#8211; just-now.NEWS Deutschland\" data-secret=\"LBE6d6UCmN\" frameborder=\"0\" marginwidth=\"0\" marginheight=\"0\" scrolling=\"no\" class=\"wp-embedded-content\"><\/iframe><script type=\"text\/javascript\">\n\/* <![CDATA[ *\/\n\/*! This file is auto-generated *\/\n!function(d,l){\"use strict\";l.querySelector&&d.addEventListener&&\"undefined\"!=typeof URL&&(d.wp=d.wp||{},d.wp.receiveEmbedMessage||(d.wp.receiveEmbedMessage=function(e){var t=e.data;if((t||t.secret||t.message||t.value)&&!\/[^a-zA-Z0-9]\/.test(t.secret)){for(var s,r,n,a=l.querySelectorAll('iframe[data-secret=\"'+t.secret+'\"]'),o=l.querySelectorAll('blockquote[data-secret=\"'+t.secret+'\"]'),c=new RegExp(\"^https?:$\",\"i\"),i=0;i<o.length;i++)o[i].style.display=\"none\";for(i=0;i<a.length;i++)s=a[i],e.source===s.contentWindow&&(s.removeAttribute(\"style\"),\"height\"===t.message?(1e3<(r=parseInt(t.value,10))?r=1e3:~~r<200&&(r=200),s.height=r):\"link\"===t.message&&(r=new URL(s.getAttribute(\"src\")),n=new URL(t.value),c.test(n.protocol))&&n.host===r.host&&l.activeElement===s&&(d.top.location.href=t.value))}},d.addEventListener(\"message\",d.wp.receiveEmbedMessage,!1),l.addEventListener(\"DOMContentLoaded\",function(){for(var e,t,s=l.querySelectorAll(\"iframe.wp-embedded-content\"),r=0;r<s.length;r++)(t=(e=s[r]).getAttribute(\"data-secret\"))||(t=Math.random().toString(36).substring(2,12),e.src+=\"#?secret=\"+t,e.setAttribute(\"data-secret\",t)),e.contentWindow.postMessage({message:\"ready\",secret:t},\"*\")},!1)))}(window,document);\n\/* ]]> *\/\n<\/script>\n","thumbnail_url":"https:\/\/now-news.de\/de\/wp-content\/uploads\/sites\/3\/2023\/01\/Proteste-gegen-Macrons-Rentenreform-legen-Frankreich-lahm.jpg","thumbnail_width":460,"thumbnail_height":259,"description":"Die Protestwelle gegen Emmanuel Macrons geplante Rentenreform in Frankreich ebbt nicht ab: Verkehrsbetriebe und Schulen werden bestreikt, das \u00f6ffentliche Leben ist weitgehend lahmgelegt, und selbst Energiekonzerne drosseln die Stromproduktion. Macron ger\u00e4t zunehmend unter Druck. In Frankreich nehmen die Proteste gegen die geplante Rentenreform von Pr\u00e4sident Emmanuel Macron kein Ende: Am zweiten gr\u00f6\u00dferen Protesttag legten Streiks [&hellip;]"}

Die Protestwelle gegen Emmanuel Macrons geplante Rentenreform in Frankreich ebbt nicht ab: Verkehrsbetriebe und Schulen werden bestreikt, das öffentliche Leben ist weitgehend lahmgelegt, und selbst Energiekonzerne drosseln die Stromproduktion. Macron gerät zunehmend unter Druck. In Frankreich nehmen die Proteste gegen die geplante Rentenreform von Präsident Emmanuel Macron kein Ende: Am zweiten größeren Protesttag legten Streiks [&hellip;]
