{"version":"1.0","provider_name":"just-now.NEWS Deutschland","provider_url":"https:\/\/now-news.de\/de","author_name":"rtnews","author_url":"https:\/\/now-news.de\/de\/author\/rnews\/","title":"Problemfall Impfsch\u00e4den: 185 Zivilklagen in ganz Deutschland","type":"rich","width":600,"height":338,"html":"<blockquote class=\"wp-embedded-content\" data-secret=\"7IK2iZFuOp\"><a href=\"https:\/\/now-news.de\/de\/deutschland\/problemfall-impfschaeden-185-zivilklagen-in-ganz-deutschland\/\">Problemfall Impfsch\u00e4den: 185 Zivilklagen in ganz Deutschland<\/a><\/blockquote><iframe sandbox=\"allow-scripts\" security=\"restricted\" src=\"https:\/\/now-news.de\/de\/deutschland\/problemfall-impfschaeden-185-zivilklagen-in-ganz-deutschland\/embed\/#?secret=7IK2iZFuOp\" width=\"600\" height=\"338\" title=\"&#8222;Problemfall Impfsch\u00e4den: 185 Zivilklagen in ganz Deutschland&#8220; &#8211; just-now.NEWS Deutschland\" data-secret=\"7IK2iZFuOp\" frameborder=\"0\" marginwidth=\"0\" marginheight=\"0\" scrolling=\"no\" class=\"wp-embedded-content\"><\/iframe><script type=\"text\/javascript\">\n\/* <![CDATA[ *\/\n\/*! This file is auto-generated *\/\n!function(d,l){\"use strict\";l.querySelector&&d.addEventListener&&\"undefined\"!=typeof URL&&(d.wp=d.wp||{},d.wp.receiveEmbedMessage||(d.wp.receiveEmbedMessage=function(e){var t=e.data;if((t||t.secret||t.message||t.value)&&!\/[^a-zA-Z0-9]\/.test(t.secret)){for(var s,r,n,a=l.querySelectorAll('iframe[data-secret=\"'+t.secret+'\"]'),o=l.querySelectorAll('blockquote[data-secret=\"'+t.secret+'\"]'),c=new RegExp(\"^https?:$\",\"i\"),i=0;i<o.length;i++)o[i].style.display=\"none\";for(i=0;i<a.length;i++)s=a[i],e.source===s.contentWindow&&(s.removeAttribute(\"style\"),\"height\"===t.message?(1e3<(r=parseInt(t.value,10))?r=1e3:~~r<200&&(r=200),s.height=r):\"link\"===t.message&&(r=new URL(s.getAttribute(\"src\")),n=new URL(t.value),c.test(n.protocol))&&n.host===r.host&&l.activeElement===s&&(d.top.location.href=t.value))}},d.addEventListener(\"message\",d.wp.receiveEmbedMessage,!1),l.addEventListener(\"DOMContentLoaded\",function(){for(var e,t,s=l.querySelectorAll(\"iframe.wp-embedded-content\"),r=0;r<s.length;r++)(t=(e=s[r]).getAttribute(\"data-secret\"))||(t=Math.random().toString(36).substring(2,12),e.src+=\"#?secret=\"+t,e.setAttribute(\"data-secret\",t)),e.contentWindow.postMessage({message:\"ready\",secret:t},\"*\")},!1)))}(window,document);\n\/* ]]> *\/\n<\/script>\n","thumbnail_url":"https:\/\/now-news.de\/de\/wp-content\/uploads\/sites\/3\/2023\/04\/Problemfall-Impfschaeden-185-Zivilklagen-in-ganz-Deutschland.jpg","thumbnail_width":460,"thumbnail_height":259,"description":"Gesundheitsminister Karl Lauterbach hat die Corona-Pandemie offiziell f\u00fcr beendet erkl\u00e4rt. Und nun r\u00fccken m\u00f6gliche Impfsch\u00e4den verst\u00e4rkt in die \u00f6ffentliche Debatte \u2013 dabei hatte Lauterbach w\u00e4hrend der Pandemie noch behauptet, dass die Impfungen v\u00f6llig gefahrlos seien. Source link"}

Problemfall Impfschäden: 185 Zivilklagen in ganz Deutschland

<blockquote class="wp-embedded-content" data-secret="7IK2iZFuOp"><a href="https://now-news.de/de/deutschland/problemfall-impfschaeden-185-zivilklagen-in-ganz-deutschland/">Problemfall Impfschäden: 185 Zivilklagen in ganz Deutschland</a></blockquote><iframe sandbox="allow-scripts" security="restricted" src="https://now-news.de/de/deutschland/problemfall-impfschaeden-185-zivilklagen-in-ganz-deutschland/embed/#?secret=7IK2iZFuOp" width="600" height="338" title="&#8222;Problemfall Impfschäden: 185 Zivilklagen in ganz Deutschland&#8220; &#8211; just-now.NEWS Deutschland" data-secret="7IK2iZFuOp" frameborder="0" marginwidth="0" marginheight="0" scrolling="no" class="wp-embedded-content"></iframe><script type="text/javascript">
/* <![CDATA[ */
/*! This file is auto-generated */
!function(d,l){"use strict";l.querySelector&&d.addEventListener&&"undefined"!=typeof URL&&(d.wp=d.wp||{},d.wp.receiveEmbedMessage||(d.wp.receiveEmbedMessage=function(e){var t=e.data;if((t||t.secret||t.message||t.value)&&!/[^a-zA-Z0-9]/.test(t.secret)){for(var s,r,n,a=l.querySelectorAll('iframe[data-secret="'+t.secret+'"]'),o=l.querySelectorAll('blockquote[data-secret="'+t.secret+'"]'),c=new RegExp("^https?:$","i"),i=0;i<o.length;i++)o[i].style.display="none";for(i=0;i<a.length;i++)s=a[i],e.source===s.contentWindow&&(s.removeAttribute("style"),"height"===t.message?(1e3<(r=parseInt(t.value,10))?r=1e3:~~r<200&&(r=200),s.height=r):"link"===t.message&&(r=new URL(s.getAttribute("src")),n=new URL(t.value),c.test(n.protocol))&&n.host===r.host&&l.activeElement===s&&(d.top.location.href=t.value))}},d.addEventListener("message",d.wp.receiveEmbedMessage,!1),l.addEventListener("DOMContentLoaded",function(){for(var e,t,s=l.querySelectorAll("iframe.wp-embedded-content"),r=0;r<s.length;r++)(t=(e=s[r]).getAttribute("data-secret"))||(t=Math.random().toString(36).substring(2,12),e.src+="#?secret="+t,e.setAttribute("data-secret",t)),e.contentWindow.postMessage({message:"ready",secret:t},"*")},!1)))}(window,document);
/* ]]> */
</script>

Gesundheitsminister Karl Lauterbach hat die Corona-Pandemie offiziell für beendet erklärt. Und nun rücken mögliche Impfschäden verstärkt in die öffentliche Debatte – dabei hatte Lauterbach während der Pandemie noch behauptet, dass die Impfungen völlig gefahrlos seien. Source link
