{"version":"1.0","provider_name":"just-now.NEWS Deutschland","provider_url":"https:\/\/now-news.de\/de","author_name":"rtnews","author_url":"https:\/\/now-news.de\/de\/author\/rnews\/","title":"Orb\u00e1n und Fico: Nicht prorussisch, sondern pronational","type":"rich","width":600,"height":338,"html":"<blockquote class=\"wp-embedded-content\" data-secret=\"wNgJ90MQK5\"><a href=\"https:\/\/now-news.de\/de\/deutschland\/orban-und-fico-nicht-prorussisch-sondern-pronational\/\">Orb\u00e1n und Fico: Nicht prorussisch, sondern pronational<\/a><\/blockquote><iframe sandbox=\"allow-scripts\" security=\"restricted\" src=\"https:\/\/now-news.de\/de\/deutschland\/orban-und-fico-nicht-prorussisch-sondern-pronational\/embed\/#?secret=wNgJ90MQK5\" width=\"600\" height=\"338\" title=\"&#8222;Orb\u00e1n und Fico: Nicht prorussisch, sondern pronational&#8220; &#8211; just-now.NEWS Deutschland\" data-secret=\"wNgJ90MQK5\" frameborder=\"0\" marginwidth=\"0\" marginheight=\"0\" scrolling=\"no\" class=\"wp-embedded-content\"><\/iframe><script type=\"text\/javascript\">\n\/* <![CDATA[ *\/\n\/*! This file is auto-generated *\/\n!function(d,l){\"use strict\";l.querySelector&&d.addEventListener&&\"undefined\"!=typeof URL&&(d.wp=d.wp||{},d.wp.receiveEmbedMessage||(d.wp.receiveEmbedMessage=function(e){var t=e.data;if((t||t.secret||t.message||t.value)&&!\/[^a-zA-Z0-9]\/.test(t.secret)){for(var s,r,n,a=l.querySelectorAll('iframe[data-secret=\"'+t.secret+'\"]'),o=l.querySelectorAll('blockquote[data-secret=\"'+t.secret+'\"]'),c=new RegExp(\"^https?:$\",\"i\"),i=0;i<o.length;i++)o[i].style.display=\"none\";for(i=0;i<a.length;i++)s=a[i],e.source===s.contentWindow&&(s.removeAttribute(\"style\"),\"height\"===t.message?(1e3<(r=parseInt(t.value,10))?r=1e3:~~r<200&&(r=200),s.height=r):\"link\"===t.message&&(r=new URL(s.getAttribute(\"src\")),n=new URL(t.value),c.test(n.protocol))&&n.host===r.host&&l.activeElement===s&&(d.top.location.href=t.value))}},d.addEventListener(\"message\",d.wp.receiveEmbedMessage,!1),l.addEventListener(\"DOMContentLoaded\",function(){for(var e,t,s=l.querySelectorAll(\"iframe.wp-embedded-content\"),r=0;r<s.length;r++)(t=(e=s[r]).getAttribute(\"data-secret\"))||(t=Math.random().toString(36).substring(2,12),e.src+=\"#?secret=\"+t,e.setAttribute(\"data-secret\",t)),e.contentWindow.postMessage({message:\"ready\",secret:t},\"*\")},!1)))}(window,document);\n\/* ]]> *\/\n<\/script>\n","thumbnail_url":"https:\/\/now-news.de\/de\/wp-content\/uploads\/sites\/3\/2023\/12\/Orban-und-Fico-Nicht-prorussisch-sondern-pronational.jpg","thumbnail_width":460,"thumbnail_height":259,"description":"Bahnt sich da ein Konflikt der &#8220;B\u00f6sewichte&#8221; an? Auf seiner j\u00e4hrlichen Pressekonferenz sagte Wladimir Putin, dass weder Orb\u00e1n noch Fico prorussisch seien. Bevor sich wom\u00f6glich die deutschen Medien hechelnd auf diese Nachricht st\u00fcrzen, sei sie hier eingeordnet. Von Tom J. Wellbrock Nein, weder der slowakische Ministerpr\u00e4sident Robert Fico noch der ungarische, Victor Orb\u00e1n, seien prorussische [&hellip;]"}

Orbán und Fico: Nicht prorussisch, sondern pronational

<blockquote class="wp-embedded-content" data-secret="wNgJ90MQK5"><a href="https://now-news.de/de/deutschland/orban-und-fico-nicht-prorussisch-sondern-pronational/">Orbán und Fico: Nicht prorussisch, sondern pronational</a></blockquote><iframe sandbox="allow-scripts" security="restricted" src="https://now-news.de/de/deutschland/orban-und-fico-nicht-prorussisch-sondern-pronational/embed/#?secret=wNgJ90MQK5" width="600" height="338" title="&#8222;Orbán und Fico: Nicht prorussisch, sondern pronational&#8220; &#8211; just-now.NEWS Deutschland" data-secret="wNgJ90MQK5" frameborder="0" marginwidth="0" marginheight="0" scrolling="no" class="wp-embedded-content"></iframe><script type="text/javascript">
/* <![CDATA[ */
/*! This file is auto-generated */
!function(d,l){"use strict";l.querySelector&&d.addEventListener&&"undefined"!=typeof URL&&(d.wp=d.wp||{},d.wp.receiveEmbedMessage||(d.wp.receiveEmbedMessage=function(e){var t=e.data;if((t||t.secret||t.message||t.value)&&!/[^a-zA-Z0-9]/.test(t.secret)){for(var s,r,n,a=l.querySelectorAll('iframe[data-secret="'+t.secret+'"]'),o=l.querySelectorAll('blockquote[data-secret="'+t.secret+'"]'),c=new RegExp("^https?:$","i"),i=0;i<o.length;i++)o[i].style.display="none";for(i=0;i<a.length;i++)s=a[i],e.source===s.contentWindow&&(s.removeAttribute("style"),"height"===t.message?(1e3<(r=parseInt(t.value,10))?r=1e3:~~r<200&&(r=200),s.height=r):"link"===t.message&&(r=new URL(s.getAttribute("src")),n=new URL(t.value),c.test(n.protocol))&&n.host===r.host&&l.activeElement===s&&(d.top.location.href=t.value))}},d.addEventListener("message",d.wp.receiveEmbedMessage,!1),l.addEventListener("DOMContentLoaded",function(){for(var e,t,s=l.querySelectorAll("iframe.wp-embedded-content"),r=0;r<s.length;r++)(t=(e=s[r]).getAttribute("data-secret"))||(t=Math.random().toString(36).substring(2,12),e.src+="#?secret="+t,e.setAttribute("data-secret",t)),e.contentWindow.postMessage({message:"ready",secret:t},"*")},!1)))}(window,document);
/* ]]> */
</script>

Bahnt sich da ein Konflikt der &#8220;Bösewichte&#8221; an? Auf seiner jährlichen Pressekonferenz sagte Wladimir Putin, dass weder Orbán noch Fico prorussisch seien. Bevor sich womöglich die deutschen Medien hechelnd auf diese Nachricht stürzen, sei sie hier eingeordnet. Von Tom J. Wellbrock Nein, weder der slowakische Ministerpräsident Robert Fico noch der ungarische, Victor Orbán, seien prorussische [&hellip;]
