{"version":"1.0","provider_name":"just-now.NEWS Deutschland","provider_url":"https:\/\/now-news.de\/de","author_name":"rtnews","author_url":"https:\/\/now-news.de\/de\/author\/rnews\/","title":"Orb\u00e1n gibt Abgeordnetenmandat auf","type":"rich","width":600,"height":338,"html":"<blockquote class=\"wp-embedded-content\" data-secret=\"7lqyLIC6wO\"><a href=\"https:\/\/now-news.de\/de\/deutschland\/orban-gibt-abgeordnetenmandat-auf\/\">Orb\u00e1n gibt Abgeordnetenmandat auf<\/a><\/blockquote><iframe sandbox=\"allow-scripts\" security=\"restricted\" src=\"https:\/\/now-news.de\/de\/deutschland\/orban-gibt-abgeordnetenmandat-auf\/embed\/#?secret=7lqyLIC6wO\" width=\"600\" height=\"338\" title=\"&#8222;Orb\u00e1n gibt Abgeordnetenmandat auf&#8220; &#8211; just-now.NEWS Deutschland\" data-secret=\"7lqyLIC6wO\" frameborder=\"0\" marginwidth=\"0\" marginheight=\"0\" scrolling=\"no\" class=\"wp-embedded-content\"><\/iframe><script type=\"text\/javascript\">\n\/* <![CDATA[ *\/\n\/*! This file is auto-generated *\/\n!function(d,l){\"use strict\";l.querySelector&&d.addEventListener&&\"undefined\"!=typeof URL&&(d.wp=d.wp||{},d.wp.receiveEmbedMessage||(d.wp.receiveEmbedMessage=function(e){var t=e.data;if((t||t.secret||t.message||t.value)&&!\/[^a-zA-Z0-9]\/.test(t.secret)){for(var s,r,n,a=l.querySelectorAll('iframe[data-secret=\"'+t.secret+'\"]'),o=l.querySelectorAll('blockquote[data-secret=\"'+t.secret+'\"]'),c=new RegExp(\"^https?:$\",\"i\"),i=0;i<o.length;i++)o[i].style.display=\"none\";for(i=0;i<a.length;i++)s=a[i],e.source===s.contentWindow&&(s.removeAttribute(\"style\"),\"height\"===t.message?(1e3<(r=parseInt(t.value,10))?r=1e3:~~r<200&&(r=200),s.height=r):\"link\"===t.message&&(r=new URL(s.getAttribute(\"src\")),n=new URL(t.value),c.test(n.protocol))&&n.host===r.host&&l.activeElement===s&&(d.top.location.href=t.value))}},d.addEventListener(\"message\",d.wp.receiveEmbedMessage,!1),l.addEventListener(\"DOMContentLoaded\",function(){for(var e,t,s=l.querySelectorAll(\"iframe.wp-embedded-content\"),r=0;r<s.length;r++)(t=(e=s[r]).getAttribute(\"data-secret\"))||(t=Math.random().toString(36).substring(2,12),e.src+=\"#?secret=\"+t,e.setAttribute(\"data-secret\",t)),e.contentWindow.postMessage({message:\"ready\",secret:t},\"*\")},!1)))}(window,document);\n\/* ]]> *\/\n<\/script>\n","thumbnail_url":"https:\/\/now-news.de\/de\/wp-content\/uploads\/sites\/3\/2026\/04\/69edefc148fbef158e179d09.jpg","thumbnail_width":1,"thumbnail_height":1,"description":"Nach der Niederlage seiner Partei bei den Parlamentswahlen hat Viktor Orb\u00e1n beschlossen, sein Abgeordnetenmandat aufzugeben. Der scheidende Ministerpr\u00e4sident will sich k\u00fcnftig auf die Arbeit innerhalb der Partei sowie deren Reorganisation und Neuausrichtung konzentrieren. Viktor Orb\u00e1n hat sein Abgeordnetenmandat im ungarischen Parlament niedergelegt. Den Sitz in der Volksvertretung hatte der amtierende Ministerpr\u00e4sident bei den j\u00fcngsten Wahlen [&hellip;]"}

Orbán gibt Abgeordnetenmandat auf

<blockquote class="wp-embedded-content" data-secret="7lqyLIC6wO"><a href="https://now-news.de/de/deutschland/orban-gibt-abgeordnetenmandat-auf/">Orbán gibt Abgeordnetenmandat auf</a></blockquote><iframe sandbox="allow-scripts" security="restricted" src="https://now-news.de/de/deutschland/orban-gibt-abgeordnetenmandat-auf/embed/#?secret=7lqyLIC6wO" width="600" height="338" title="&#8222;Orbán gibt Abgeordnetenmandat auf&#8220; &#8211; just-now.NEWS Deutschland" data-secret="7lqyLIC6wO" frameborder="0" marginwidth="0" marginheight="0" scrolling="no" class="wp-embedded-content"></iframe><script type="text/javascript">
/* <![CDATA[ */
/*! This file is auto-generated */
!function(d,l){"use strict";l.querySelector&&d.addEventListener&&"undefined"!=typeof URL&&(d.wp=d.wp||{},d.wp.receiveEmbedMessage||(d.wp.receiveEmbedMessage=function(e){var t=e.data;if((t||t.secret||t.message||t.value)&&!/[^a-zA-Z0-9]/.test(t.secret)){for(var s,r,n,a=l.querySelectorAll('iframe[data-secret="'+t.secret+'"]'),o=l.querySelectorAll('blockquote[data-secret="'+t.secret+'"]'),c=new RegExp("^https?:$","i"),i=0;i<o.length;i++)o[i].style.display="none";for(i=0;i<a.length;i++)s=a[i],e.source===s.contentWindow&&(s.removeAttribute("style"),"height"===t.message?(1e3<(r=parseInt(t.value,10))?r=1e3:~~r<200&&(r=200),s.height=r):"link"===t.message&&(r=new URL(s.getAttribute("src")),n=new URL(t.value),c.test(n.protocol))&&n.host===r.host&&l.activeElement===s&&(d.top.location.href=t.value))}},d.addEventListener("message",d.wp.receiveEmbedMessage,!1),l.addEventListener("DOMContentLoaded",function(){for(var e,t,s=l.querySelectorAll("iframe.wp-embedded-content"),r=0;r<s.length;r++)(t=(e=s[r]).getAttribute("data-secret"))||(t=Math.random().toString(36).substring(2,12),e.src+="#?secret="+t,e.setAttribute("data-secret",t)),e.contentWindow.postMessage({message:"ready",secret:t},"*")},!1)))}(window,document);
/* ]]> */
</script>

Nach der Niederlage seiner Partei bei den Parlamentswahlen hat Viktor Orbán beschlossen, sein Abgeordnetenmandat aufzugeben. Der scheidende Ministerpräsident will sich künftig auf die Arbeit innerhalb der Partei sowie deren Reorganisation und Neuausrichtung konzentrieren. Viktor Orbán hat sein Abgeordnetenmandat im ungarischen Parlament niedergelegt. Den Sitz in der Volksvertretung hatte der amtierende Ministerpräsident bei den jüngsten Wahlen [&hellip;]
