{"version":"1.0","provider_name":"just-now.NEWS Deutschland","provider_url":"https:\/\/now-news.de\/de","author_name":"rtnews","author_url":"https:\/\/now-news.de\/de\/author\/rnews\/","title":"Orb\u00e1n: Georgien versucht, seine Souver\u00e4nit\u00e4t zu verteidigen","type":"rich","width":600,"height":338,"html":"<blockquote class=\"wp-embedded-content\" data-secret=\"mtpLR0t7dF\"><a href=\"https:\/\/now-news.de\/de\/deutschland\/orban-georgien-versucht-seine-souveraenitaet-zu-verteidigen\/\">Orb\u00e1n: Georgien versucht, seine Souver\u00e4nit\u00e4t zu verteidigen<\/a><\/blockquote><iframe sandbox=\"allow-scripts\" security=\"restricted\" src=\"https:\/\/now-news.de\/de\/deutschland\/orban-georgien-versucht-seine-souveraenitaet-zu-verteidigen\/embed\/#?secret=mtpLR0t7dF\" width=\"600\" height=\"338\" title=\"&#8222;Orb\u00e1n: Georgien versucht, seine Souver\u00e4nit\u00e4t zu verteidigen&#8220; &#8211; just-now.NEWS Deutschland\" data-secret=\"mtpLR0t7dF\" frameborder=\"0\" marginwidth=\"0\" marginheight=\"0\" scrolling=\"no\" class=\"wp-embedded-content\"><\/iframe><script type=\"text\/javascript\">\n\/* <![CDATA[ *\/\n\/*! This file is auto-generated *\/\n!function(d,l){\"use strict\";l.querySelector&&d.addEventListener&&\"undefined\"!=typeof URL&&(d.wp=d.wp||{},d.wp.receiveEmbedMessage||(d.wp.receiveEmbedMessage=function(e){var t=e.data;if((t||t.secret||t.message||t.value)&&!\/[^a-zA-Z0-9]\/.test(t.secret)){for(var s,r,n,a=l.querySelectorAll('iframe[data-secret=\"'+t.secret+'\"]'),o=l.querySelectorAll('blockquote[data-secret=\"'+t.secret+'\"]'),c=new RegExp(\"^https?:$\",\"i\"),i=0;i<o.length;i++)o[i].style.display=\"none\";for(i=0;i<a.length;i++)s=a[i],e.source===s.contentWindow&&(s.removeAttribute(\"style\"),\"height\"===t.message?(1e3<(r=parseInt(t.value,10))?r=1e3:~~r<200&&(r=200),s.height=r):\"link\"===t.message&&(r=new URL(s.getAttribute(\"src\")),n=new URL(t.value),c.test(n.protocol))&&n.host===r.host&&l.activeElement===s&&(d.top.location.href=t.value))}},d.addEventListener(\"message\",d.wp.receiveEmbedMessage,!1),l.addEventListener(\"DOMContentLoaded\",function(){for(var e,t,s=l.querySelectorAll(\"iframe.wp-embedded-content\"),r=0;r<s.length;r++)(t=(e=s[r]).getAttribute(\"data-secret\"))||(t=Math.random().toString(36).substring(2,12),e.src+=\"#?secret=\"+t,e.setAttribute(\"data-secret\",t)),e.contentWindow.postMessage({message:\"ready\",secret:t},\"*\")},!1)))}(window,document);\n\/* ]]> *\/\n<\/script>\n","thumbnail_url":"https:\/\/now-news.de\/de\/wp-content\/uploads\/sites\/3\/2024\/07\/6699241a48fbef2c970234b0.jpg","thumbnail_width":460,"thumbnail_height":259,"description":"Mit dem Transparenz-Gesetz will die georgische Regierung die Selbstst\u00e4ndigkeit des Landes wahren, erkl\u00e4rte Ungarns Premier Viktor Orb\u00e1n. Er \u00e4u\u00dferte sich zu der politischen Lage in Georgien zum Auftakt des Gipfels der Europ\u00e4ischen Politischen Gemeinschaft (EPC) in England. Bei seiner Ankunft zum Gipfel der Europ\u00e4ischen Politischen Gemeinschaft (EPC) in England am Donnerstag hat sich der ungarische [&hellip;]"}

Orbán: Georgien versucht, seine Souveränität zu verteidigen

<blockquote class="wp-embedded-content" data-secret="mtpLR0t7dF"><a href="https://now-news.de/de/deutschland/orban-georgien-versucht-seine-souveraenitaet-zu-verteidigen/">Orbán: Georgien versucht, seine Souveränität zu verteidigen</a></blockquote><iframe sandbox="allow-scripts" security="restricted" src="https://now-news.de/de/deutschland/orban-georgien-versucht-seine-souveraenitaet-zu-verteidigen/embed/#?secret=mtpLR0t7dF" width="600" height="338" title="&#8222;Orbán: Georgien versucht, seine Souveränität zu verteidigen&#8220; &#8211; just-now.NEWS Deutschland" data-secret="mtpLR0t7dF" frameborder="0" marginwidth="0" marginheight="0" scrolling="no" class="wp-embedded-content"></iframe><script type="text/javascript">
/* <![CDATA[ */
/*! This file is auto-generated */
!function(d,l){"use strict";l.querySelector&&d.addEventListener&&"undefined"!=typeof URL&&(d.wp=d.wp||{},d.wp.receiveEmbedMessage||(d.wp.receiveEmbedMessage=function(e){var t=e.data;if((t||t.secret||t.message||t.value)&&!/[^a-zA-Z0-9]/.test(t.secret)){for(var s,r,n,a=l.querySelectorAll('iframe[data-secret="'+t.secret+'"]'),o=l.querySelectorAll('blockquote[data-secret="'+t.secret+'"]'),c=new RegExp("^https?:$","i"),i=0;i<o.length;i++)o[i].style.display="none";for(i=0;i<a.length;i++)s=a[i],e.source===s.contentWindow&&(s.removeAttribute("style"),"height"===t.message?(1e3<(r=parseInt(t.value,10))?r=1e3:~~r<200&&(r=200),s.height=r):"link"===t.message&&(r=new URL(s.getAttribute("src")),n=new URL(t.value),c.test(n.protocol))&&n.host===r.host&&l.activeElement===s&&(d.top.location.href=t.value))}},d.addEventListener("message",d.wp.receiveEmbedMessage,!1),l.addEventListener("DOMContentLoaded",function(){for(var e,t,s=l.querySelectorAll("iframe.wp-embedded-content"),r=0;r<s.length;r++)(t=(e=s[r]).getAttribute("data-secret"))||(t=Math.random().toString(36).substring(2,12),e.src+="#?secret="+t,e.setAttribute("data-secret",t)),e.contentWindow.postMessage({message:"ready",secret:t},"*")},!1)))}(window,document);
/* ]]> */
</script>

Mit dem Transparenz-Gesetz will die georgische Regierung die Selbstständigkeit des Landes wahren, erklärte Ungarns Premier Viktor Orbán. Er äußerte sich zu der politischen Lage in Georgien zum Auftakt des Gipfels der Europäischen Politischen Gemeinschaft (EPC) in England. Bei seiner Ankunft zum Gipfel der Europäischen Politischen Gemeinschaft (EPC) in England am Donnerstag hat sich der ungarische [&hellip;]
