{"version":"1.0","provider_name":"just-now.NEWS Deutschland","provider_url":"https:\/\/now-news.de\/de","author_name":"rtnews","author_url":"https:\/\/now-news.de\/de\/author\/rnews\/","title":"\u00d6sterreich: Van der Bellen gewinnt Bundespr\u00e4sidentenwahl","type":"rich","width":600,"height":338,"html":"<blockquote class=\"wp-embedded-content\" data-secret=\"lbjaeWcLsn\"><a href=\"https:\/\/now-news.de\/de\/deutschland\/oesterreich-van-der-bellen-gewinnt-bundespraesidentenwahl\/\">\u00d6sterreich: Van der Bellen gewinnt Bundespr\u00e4sidentenwahl<\/a><\/blockquote><iframe sandbox=\"allow-scripts\" security=\"restricted\" src=\"https:\/\/now-news.de\/de\/deutschland\/oesterreich-van-der-bellen-gewinnt-bundespraesidentenwahl\/embed\/#?secret=lbjaeWcLsn\" width=\"600\" height=\"338\" title=\"&#8222;\u00d6sterreich: Van der Bellen gewinnt Bundespr\u00e4sidentenwahl&#8220; &#8211; just-now.NEWS Deutschland\" data-secret=\"lbjaeWcLsn\" frameborder=\"0\" marginwidth=\"0\" marginheight=\"0\" scrolling=\"no\" class=\"wp-embedded-content\"><\/iframe><script type=\"text\/javascript\">\n\/* <![CDATA[ *\/\n\/*! This file is auto-generated *\/\n!function(d,l){\"use strict\";l.querySelector&&d.addEventListener&&\"undefined\"!=typeof URL&&(d.wp=d.wp||{},d.wp.receiveEmbedMessage||(d.wp.receiveEmbedMessage=function(e){var t=e.data;if((t||t.secret||t.message||t.value)&&!\/[^a-zA-Z0-9]\/.test(t.secret)){for(var s,r,n,a=l.querySelectorAll('iframe[data-secret=\"'+t.secret+'\"]'),o=l.querySelectorAll('blockquote[data-secret=\"'+t.secret+'\"]'),c=new RegExp(\"^https?:$\",\"i\"),i=0;i<o.length;i++)o[i].style.display=\"none\";for(i=0;i<a.length;i++)s=a[i],e.source===s.contentWindow&&(s.removeAttribute(\"style\"),\"height\"===t.message?(1e3<(r=parseInt(t.value,10))?r=1e3:~~r<200&&(r=200),s.height=r):\"link\"===t.message&&(r=new URL(s.getAttribute(\"src\")),n=new URL(t.value),c.test(n.protocol))&&n.host===r.host&&l.activeElement===s&&(d.top.location.href=t.value))}},d.addEventListener(\"message\",d.wp.receiveEmbedMessage,!1),l.addEventListener(\"DOMContentLoaded\",function(){for(var e,t,s=l.querySelectorAll(\"iframe.wp-embedded-content\"),r=0;r<s.length;r++)(t=(e=s[r]).getAttribute(\"data-secret\"))||(t=Math.random().toString(36).substring(2,12),e.src+=\"#?secret=\"+t,e.setAttribute(\"data-secret\",t)),e.contentWindow.postMessage({message:\"ready\",secret:t},\"*\")},!1)))}(window,document);\n\/* ]]> *\/\n<\/script>\n","thumbnail_url":"https:\/\/now-news.de\/de\/wp-content\/uploads\/sites\/3\/2022\/10\/Oesterreich-Van-der-Bellen-gewinnt-Bundespraesidentenwahl.jpg","thumbnail_width":460,"thumbnail_height":259,"description":"Amtsinhaber Alexander Van der Bellen hat die Bundespr\u00e4sidentenwahl in \u00d6sterreich gewonnen. Der 78-J\u00e4hrige kam laut vorl\u00e4ufigem Endergebnis am Sonntag auf 54,6 Prozent der Stimmen. Der \u00f6sterreichische Bundespr\u00e4sident Alexander Van der Bellen hat bei der Pr\u00e4sidentenwahl am Sonntag laut vorl\u00e4ufigen Wahlergebnis mit 54,6 Prozent die absolute Mehrheit erreicht. Somit ist eine Stichwahl nicht mehr n\u00f6tig. Die [&hellip;]"}

Österreich: Van der Bellen gewinnt Bundespräsidentenwahl

<blockquote class="wp-embedded-content" data-secret="lbjaeWcLsn"><a href="https://now-news.de/de/deutschland/oesterreich-van-der-bellen-gewinnt-bundespraesidentenwahl/">Österreich: Van der Bellen gewinnt Bundespräsidentenwahl</a></blockquote><iframe sandbox="allow-scripts" security="restricted" src="https://now-news.de/de/deutschland/oesterreich-van-der-bellen-gewinnt-bundespraesidentenwahl/embed/#?secret=lbjaeWcLsn" width="600" height="338" title="&#8222;Österreich: Van der Bellen gewinnt Bundespräsidentenwahl&#8220; &#8211; just-now.NEWS Deutschland" data-secret="lbjaeWcLsn" frameborder="0" marginwidth="0" marginheight="0" scrolling="no" class="wp-embedded-content"></iframe><script type="text/javascript">
/* <![CDATA[ */
/*! This file is auto-generated */
!function(d,l){"use strict";l.querySelector&&d.addEventListener&&"undefined"!=typeof URL&&(d.wp=d.wp||{},d.wp.receiveEmbedMessage||(d.wp.receiveEmbedMessage=function(e){var t=e.data;if((t||t.secret||t.message||t.value)&&!/[^a-zA-Z0-9]/.test(t.secret)){for(var s,r,n,a=l.querySelectorAll('iframe[data-secret="'+t.secret+'"]'),o=l.querySelectorAll('blockquote[data-secret="'+t.secret+'"]'),c=new RegExp("^https?:$","i"),i=0;i<o.length;i++)o[i].style.display="none";for(i=0;i<a.length;i++)s=a[i],e.source===s.contentWindow&&(s.removeAttribute("style"),"height"===t.message?(1e3<(r=parseInt(t.value,10))?r=1e3:~~r<200&&(r=200),s.height=r):"link"===t.message&&(r=new URL(s.getAttribute("src")),n=new URL(t.value),c.test(n.protocol))&&n.host===r.host&&l.activeElement===s&&(d.top.location.href=t.value))}},d.addEventListener("message",d.wp.receiveEmbedMessage,!1),l.addEventListener("DOMContentLoaded",function(){for(var e,t,s=l.querySelectorAll("iframe.wp-embedded-content"),r=0;r<s.length;r++)(t=(e=s[r]).getAttribute("data-secret"))||(t=Math.random().toString(36).substring(2,12),e.src+="#?secret="+t,e.setAttribute("data-secret",t)),e.contentWindow.postMessage({message:"ready",secret:t},"*")},!1)))}(window,document);
/* ]]> */
</script>

Amtsinhaber Alexander Van der Bellen hat die Bundespräsidentenwahl in Österreich gewonnen. Der 78-Jährige kam laut vorläufigem Endergebnis am Sonntag auf 54,6 Prozent der Stimmen. Der österreichische Bundespräsident Alexander Van der Bellen hat bei der Präsidentenwahl am Sonntag laut vorläufigen Wahlergebnis mit 54,6 Prozent die absolute Mehrheit erreicht. Somit ist eine Stichwahl nicht mehr nötig. Die [&hellip;]
