{"version":"1.0","provider_name":"just-now.NEWS Deutschland","provider_url":"https:\/\/now-news.de\/de","author_name":"rtnews","author_url":"https:\/\/now-news.de\/de\/author\/rnews\/","title":"N\u00fcrnberg, 2. Januar 1945 \u2013 die vergessene Katastrophe","type":"rich","width":600,"height":338,"html":"<blockquote class=\"wp-embedded-content\" data-secret=\"rhpUHFUUq5\"><a href=\"https:\/\/now-news.de\/de\/deutschland\/nuernberg-2-januar-1945-die-vergessene-katastrophe\/\">N\u00fcrnberg, 2. Januar 1945 \u2013 die vergessene Katastrophe<\/a><\/blockquote><iframe sandbox=\"allow-scripts\" security=\"restricted\" src=\"https:\/\/now-news.de\/de\/deutschland\/nuernberg-2-januar-1945-die-vergessene-katastrophe\/embed\/#?secret=rhpUHFUUq5\" width=\"600\" height=\"338\" title=\"&#8222;N\u00fcrnberg, 2. Januar 1945 \u2013 die vergessene Katastrophe&#8220; &#8211; just-now.NEWS Deutschland\" data-secret=\"rhpUHFUUq5\" frameborder=\"0\" marginwidth=\"0\" marginheight=\"0\" scrolling=\"no\" class=\"wp-embedded-content\"><\/iframe><script type=\"text\/javascript\">\n\/* <![CDATA[ *\/\n\/*! This file is auto-generated *\/\n!function(d,l){\"use strict\";l.querySelector&&d.addEventListener&&\"undefined\"!=typeof URL&&(d.wp=d.wp||{},d.wp.receiveEmbedMessage||(d.wp.receiveEmbedMessage=function(e){var t=e.data;if((t||t.secret||t.message||t.value)&&!\/[^a-zA-Z0-9]\/.test(t.secret)){for(var s,r,n,a=l.querySelectorAll('iframe[data-secret=\"'+t.secret+'\"]'),o=l.querySelectorAll('blockquote[data-secret=\"'+t.secret+'\"]'),c=new RegExp(\"^https?:$\",\"i\"),i=0;i<o.length;i++)o[i].style.display=\"none\";for(i=0;i<a.length;i++)s=a[i],e.source===s.contentWindow&&(s.removeAttribute(\"style\"),\"height\"===t.message?(1e3<(r=parseInt(t.value,10))?r=1e3:~~r<200&&(r=200),s.height=r):\"link\"===t.message&&(r=new URL(s.getAttribute(\"src\")),n=new URL(t.value),c.test(n.protocol))&&n.host===r.host&&l.activeElement===s&&(d.top.location.href=t.value))}},d.addEventListener(\"message\",d.wp.receiveEmbedMessage,!1),l.addEventListener(\"DOMContentLoaded\",function(){for(var e,t,s=l.querySelectorAll(\"iframe.wp-embedded-content\"),r=0;r<s.length;r++)(t=(e=s[r]).getAttribute(\"data-secret\"))||(t=Math.random().toString(36).substring(2,12),e.src+=\"#?secret=\"+t,e.setAttribute(\"data-secret\",t)),e.contentWindow.postMessage({message:\"ready\",secret:t},\"*\")},!1)))}(window,document);\n\/* ]]> *\/\n<\/script>\n","thumbnail_url":"https:\/\/now-news.de\/de\/wp-content\/uploads\/sites\/3\/2025\/01\/677ab24048fbef50f71e4e16.jpg","thumbnail_width":600,"thumbnail_height":640,"description":"Die Stadt N\u00fcrnberg l\u00e4utet das Gedenkjahr 2025 ein, indem sie ihrer Opfer (fast) nicht gedenkt. Der Online-Zeitraffer der Bombardierung in Form eines Newstickers wurde gel\u00f6scht und Markus S\u00f6der, geborener N\u00fcrnberger, der sich t\u00e4glich zehnmal auf TikTok und Co. meldet, h\u00fcllt sich in Schweigen. Von Astrid Sigena Im Laufe des 02.01.2025 wurde bekannt, dass der fr\u00fchere [&hellip;]"}

Nürnberg, 2. Januar 1945 – die vergessene Katastrophe

<blockquote class="wp-embedded-content" data-secret="rhpUHFUUq5"><a href="https://now-news.de/de/deutschland/nuernberg-2-januar-1945-die-vergessene-katastrophe/">Nürnberg, 2. Januar 1945 – die vergessene Katastrophe</a></blockquote><iframe sandbox="allow-scripts" security="restricted" src="https://now-news.de/de/deutschland/nuernberg-2-januar-1945-die-vergessene-katastrophe/embed/#?secret=rhpUHFUUq5" width="600" height="338" title="&#8222;Nürnberg, 2. Januar 1945 – die vergessene Katastrophe&#8220; &#8211; just-now.NEWS Deutschland" data-secret="rhpUHFUUq5" frameborder="0" marginwidth="0" marginheight="0" scrolling="no" class="wp-embedded-content"></iframe><script type="text/javascript">
/* <![CDATA[ */
/*! This file is auto-generated */
!function(d,l){"use strict";l.querySelector&&d.addEventListener&&"undefined"!=typeof URL&&(d.wp=d.wp||{},d.wp.receiveEmbedMessage||(d.wp.receiveEmbedMessage=function(e){var t=e.data;if((t||t.secret||t.message||t.value)&&!/[^a-zA-Z0-9]/.test(t.secret)){for(var s,r,n,a=l.querySelectorAll('iframe[data-secret="'+t.secret+'"]'),o=l.querySelectorAll('blockquote[data-secret="'+t.secret+'"]'),c=new RegExp("^https?:$","i"),i=0;i<o.length;i++)o[i].style.display="none";for(i=0;i<a.length;i++)s=a[i],e.source===s.contentWindow&&(s.removeAttribute("style"),"height"===t.message?(1e3<(r=parseInt(t.value,10))?r=1e3:~~r<200&&(r=200),s.height=r):"link"===t.message&&(r=new URL(s.getAttribute("src")),n=new URL(t.value),c.test(n.protocol))&&n.host===r.host&&l.activeElement===s&&(d.top.location.href=t.value))}},d.addEventListener("message",d.wp.receiveEmbedMessage,!1),l.addEventListener("DOMContentLoaded",function(){for(var e,t,s=l.querySelectorAll("iframe.wp-embedded-content"),r=0;r<s.length;r++)(t=(e=s[r]).getAttribute("data-secret"))||(t=Math.random().toString(36).substring(2,12),e.src+="#?secret="+t,e.setAttribute("data-secret",t)),e.contentWindow.postMessage({message:"ready",secret:t},"*")},!1)))}(window,document);
/* ]]> */
</script>

Die Stadt Nürnberg läutet das Gedenkjahr 2025 ein, indem sie ihrer Opfer (fast) nicht gedenkt. Der Online-Zeitraffer der Bombardierung in Form eines Newstickers wurde gelöscht und Markus Söder, geborener Nürnberger, der sich täglich zehnmal auf TikTok und Co. meldet, hüllt sich in Schweigen. Von Astrid Sigena Im Laufe des 02.01.2025 wurde bekannt, dass der frühere [&hellip;]
