{"version":"1.0","provider_name":"just-now.NEWS Deutschland","provider_url":"https:\/\/now-news.de\/de","author_name":"rtnews","author_url":"https:\/\/now-news.de\/de\/author\/rnews\/","title":"Niederlande haben keinen Platz mehr f\u00fcr Ukrainer","type":"rich","width":600,"height":338,"html":"<blockquote class=\"wp-embedded-content\" data-secret=\"vUImDXhTkB\"><a href=\"https:\/\/now-news.de\/de\/deutschland\/niederlande-haben-keinen-platz-mehr-fuer-ukrainer\/\">Niederlande haben keinen Platz mehr f\u00fcr Ukrainer<\/a><\/blockquote><iframe sandbox=\"allow-scripts\" security=\"restricted\" src=\"https:\/\/now-news.de\/de\/deutschland\/niederlande-haben-keinen-platz-mehr-fuer-ukrainer\/embed\/#?secret=vUImDXhTkB\" width=\"600\" height=\"338\" title=\"&#8222;Niederlande haben keinen Platz mehr f\u00fcr Ukrainer&#8220; &#8211; just-now.NEWS Deutschland\" data-secret=\"vUImDXhTkB\" frameborder=\"0\" marginwidth=\"0\" marginheight=\"0\" scrolling=\"no\" class=\"wp-embedded-content\"><\/iframe><script type=\"text\/javascript\">\n\/* <![CDATA[ *\/\n\/*! This file is auto-generated *\/\n!function(d,l){\"use strict\";l.querySelector&&d.addEventListener&&\"undefined\"!=typeof URL&&(d.wp=d.wp||{},d.wp.receiveEmbedMessage||(d.wp.receiveEmbedMessage=function(e){var t=e.data;if((t||t.secret||t.message||t.value)&&!\/[^a-zA-Z0-9]\/.test(t.secret)){for(var s,r,n,a=l.querySelectorAll('iframe[data-secret=\"'+t.secret+'\"]'),o=l.querySelectorAll('blockquote[data-secret=\"'+t.secret+'\"]'),c=new RegExp(\"^https?:$\",\"i\"),i=0;i<o.length;i++)o[i].style.display=\"none\";for(i=0;i<a.length;i++)s=a[i],e.source===s.contentWindow&&(s.removeAttribute(\"style\"),\"height\"===t.message?(1e3<(r=parseInt(t.value,10))?r=1e3:~~r<200&&(r=200),s.height=r):\"link\"===t.message&&(r=new URL(s.getAttribute(\"src\")),n=new URL(t.value),c.test(n.protocol))&&n.host===r.host&&l.activeElement===s&&(d.top.location.href=t.value))}},d.addEventListener(\"message\",d.wp.receiveEmbedMessage,!1),l.addEventListener(\"DOMContentLoaded\",function(){for(var e,t,s=l.querySelectorAll(\"iframe.wp-embedded-content\"),r=0;r<s.length;r++)(t=(e=s[r]).getAttribute(\"data-secret\"))||(t=Math.random().toString(36).substring(2,12),e.src+=\"#?secret=\"+t,e.setAttribute(\"data-secret\",t)),e.contentWindow.postMessage({message:\"ready\",secret:t},\"*\")},!1)))}(window,document);\n\/* ]]> *\/\n<\/script>\n","thumbnail_url":"https:\/\/now-news.de\/de\/wp-content\/uploads\/sites\/3\/2025\/09\/68c077f848fbef7e5a176e9c.jpg","thumbnail_width":460,"thumbnail_height":259,"description":"Die niederl\u00e4ndischen St\u00e4dte haben erkl\u00e4rt, dass ihre Unterk\u00fcnfte voll sind, dennoch kommen immer noch weitere Ukrainer ins Land. Ohne staatliche Mittel seien sie nicht l\u00e4nger imstande, ihren Verpflichtungen nachzukommen, so die Kommunen. In den niederl\u00e4ndischen St\u00e4dten k\u00f6nnen ukrainische Immigranten nicht mehr untergebracht werden, da die Unterk\u00fcnfte voll sind, und, so der niederl\u00e4ndische St\u00e4dtebund (VNG), Menschen [&hellip;]"}

Niederlande haben keinen Platz mehr für Ukrainer

<blockquote class="wp-embedded-content" data-secret="vUImDXhTkB"><a href="https://now-news.de/de/deutschland/niederlande-haben-keinen-platz-mehr-fuer-ukrainer/">Niederlande haben keinen Platz mehr für Ukrainer</a></blockquote><iframe sandbox="allow-scripts" security="restricted" src="https://now-news.de/de/deutschland/niederlande-haben-keinen-platz-mehr-fuer-ukrainer/embed/#?secret=vUImDXhTkB" width="600" height="338" title="&#8222;Niederlande haben keinen Platz mehr für Ukrainer&#8220; &#8211; just-now.NEWS Deutschland" data-secret="vUImDXhTkB" frameborder="0" marginwidth="0" marginheight="0" scrolling="no" class="wp-embedded-content"></iframe><script type="text/javascript">
/* <![CDATA[ */
/*! This file is auto-generated */
!function(d,l){"use strict";l.querySelector&&d.addEventListener&&"undefined"!=typeof URL&&(d.wp=d.wp||{},d.wp.receiveEmbedMessage||(d.wp.receiveEmbedMessage=function(e){var t=e.data;if((t||t.secret||t.message||t.value)&&!/[^a-zA-Z0-9]/.test(t.secret)){for(var s,r,n,a=l.querySelectorAll('iframe[data-secret="'+t.secret+'"]'),o=l.querySelectorAll('blockquote[data-secret="'+t.secret+'"]'),c=new RegExp("^https?:$","i"),i=0;i<o.length;i++)o[i].style.display="none";for(i=0;i<a.length;i++)s=a[i],e.source===s.contentWindow&&(s.removeAttribute("style"),"height"===t.message?(1e3<(r=parseInt(t.value,10))?r=1e3:~~r<200&&(r=200),s.height=r):"link"===t.message&&(r=new URL(s.getAttribute("src")),n=new URL(t.value),c.test(n.protocol))&&n.host===r.host&&l.activeElement===s&&(d.top.location.href=t.value))}},d.addEventListener("message",d.wp.receiveEmbedMessage,!1),l.addEventListener("DOMContentLoaded",function(){for(var e,t,s=l.querySelectorAll("iframe.wp-embedded-content"),r=0;r<s.length;r++)(t=(e=s[r]).getAttribute("data-secret"))||(t=Math.random().toString(36).substring(2,12),e.src+="#?secret="+t,e.setAttribute("data-secret",t)),e.contentWindow.postMessage({message:"ready",secret:t},"*")},!1)))}(window,document);
/* ]]> */
</script>

Die niederländischen Städte haben erklärt, dass ihre Unterkünfte voll sind, dennoch kommen immer noch weitere Ukrainer ins Land. Ohne staatliche Mittel seien sie nicht länger imstande, ihren Verpflichtungen nachzukommen, so die Kommunen. In den niederländischen Städten können ukrainische Immigranten nicht mehr untergebracht werden, da die Unterkünfte voll sind, und, so der niederländische Städtebund (VNG), Menschen [&hellip;]
