{"version":"1.0","provider_name":"just-now.NEWS Deutschland","provider_url":"https:\/\/now-news.de\/de","author_name":"rtnews","author_url":"https:\/\/now-news.de\/de\/author\/rnews\/","title":"Neues vom &quot;Faktenchecker&quot;: Verfassungsschutz gut, AfD b\u00f6se","type":"rich","width":600,"height":338,"html":"<blockquote class=\"wp-embedded-content\" data-secret=\"jAnUC5f1CG\"><a href=\"https:\/\/now-news.de\/de\/deutschland\/neues-vom-faktenchecker-verfassungsschutz-gut-afd-boese\/\">Neues vom &quot;Faktenchecker&quot;: Verfassungsschutz gut, AfD b\u00f6se<\/a><\/blockquote><iframe sandbox=\"allow-scripts\" security=\"restricted\" src=\"https:\/\/now-news.de\/de\/deutschland\/neues-vom-faktenchecker-verfassungsschutz-gut-afd-boese\/embed\/#?secret=jAnUC5f1CG\" width=\"600\" height=\"338\" title=\"&#8222;Neues vom &quot;Faktenchecker&quot;: Verfassungsschutz gut, AfD b\u00f6se&#8220; &#8211; just-now.NEWS Deutschland\" data-secret=\"jAnUC5f1CG\" frameborder=\"0\" marginwidth=\"0\" marginheight=\"0\" scrolling=\"no\" class=\"wp-embedded-content\"><\/iframe><script type=\"text\/javascript\">\n\/* <![CDATA[ *\/\n\/*! This file is auto-generated *\/\n!function(d,l){\"use strict\";l.querySelector&&d.addEventListener&&\"undefined\"!=typeof URL&&(d.wp=d.wp||{},d.wp.receiveEmbedMessage||(d.wp.receiveEmbedMessage=function(e){var t=e.data;if((t||t.secret||t.message||t.value)&&!\/[^a-zA-Z0-9]\/.test(t.secret)){for(var s,r,n,a=l.querySelectorAll('iframe[data-secret=\"'+t.secret+'\"]'),o=l.querySelectorAll('blockquote[data-secret=\"'+t.secret+'\"]'),c=new RegExp(\"^https?:$\",\"i\"),i=0;i<o.length;i++)o[i].style.display=\"none\";for(i=0;i<a.length;i++)s=a[i],e.source===s.contentWindow&&(s.removeAttribute(\"style\"),\"height\"===t.message?(1e3<(r=parseInt(t.value,10))?r=1e3:~~r<200&&(r=200),s.height=r):\"link\"===t.message&&(r=new URL(s.getAttribute(\"src\")),n=new URL(t.value),c.test(n.protocol))&&n.host===r.host&&l.activeElement===s&&(d.top.location.href=t.value))}},d.addEventListener(\"message\",d.wp.receiveEmbedMessage,!1),l.addEventListener(\"DOMContentLoaded\",function(){for(var e,t,s=l.querySelectorAll(\"iframe.wp-embedded-content\"),r=0;r<s.length;r++)(t=(e=s[r]).getAttribute(\"data-secret\"))||(t=Math.random().toString(36).substring(2,12),e.src+=\"#?secret=\"+t,e.setAttribute(\"data-secret\",t)),e.contentWindow.postMessage({message:\"ready\",secret:t},\"*\")},!1)))}(window,document);\n\/* ]]> *\/\n<\/script>\n","thumbnail_url":"https:\/\/now-news.de\/de\/wp-content\/uploads\/sites\/3\/2025\/05\/681ba12748fbef1ade76157f.jpg","thumbnail_width":460,"thumbnail_height":259,"description":"Weil die AfD sagt, die Klassifizierung als &#8220;gesichert rechtsextrem&#8221; sei undemokratisch, wie das ganze Verfahren, muss die ARD nat\u00fcrlich wieder einmal ihre &#8220;Faktenchecker&#8221; aktivieren. Diesmal zwar ohne pflanzenf\u00f6rmige Sprengstoffe, aber trotzdem doof. Von Dagmar Henn Nein, es muss nicht \u00fcberraschen, dass die ARD mal wieder ihre ber\u00fcchtigten Faktenchecker in die Spur schickt, um den Verfassungsschutz [&hellip;]"}

Neues vom &quot;Faktenchecker&quot;: Verfassungsschutz gut, AfD böse

<blockquote class="wp-embedded-content" data-secret="jAnUC5f1CG"><a href="https://now-news.de/de/deutschland/neues-vom-faktenchecker-verfassungsschutz-gut-afd-boese/">Neues vom &quot;Faktenchecker&quot;: Verfassungsschutz gut, AfD böse</a></blockquote><iframe sandbox="allow-scripts" security="restricted" src="https://now-news.de/de/deutschland/neues-vom-faktenchecker-verfassungsschutz-gut-afd-boese/embed/#?secret=jAnUC5f1CG" width="600" height="338" title="&#8222;Neues vom &quot;Faktenchecker&quot;: Verfassungsschutz gut, AfD böse&#8220; &#8211; just-now.NEWS Deutschland" data-secret="jAnUC5f1CG" frameborder="0" marginwidth="0" marginheight="0" scrolling="no" class="wp-embedded-content"></iframe><script type="text/javascript">
/* <![CDATA[ */
/*! This file is auto-generated */
!function(d,l){"use strict";l.querySelector&&d.addEventListener&&"undefined"!=typeof URL&&(d.wp=d.wp||{},d.wp.receiveEmbedMessage||(d.wp.receiveEmbedMessage=function(e){var t=e.data;if((t||t.secret||t.message||t.value)&&!/[^a-zA-Z0-9]/.test(t.secret)){for(var s,r,n,a=l.querySelectorAll('iframe[data-secret="'+t.secret+'"]'),o=l.querySelectorAll('blockquote[data-secret="'+t.secret+'"]'),c=new RegExp("^https?:$","i"),i=0;i<o.length;i++)o[i].style.display="none";for(i=0;i<a.length;i++)s=a[i],e.source===s.contentWindow&&(s.removeAttribute("style"),"height"===t.message?(1e3<(r=parseInt(t.value,10))?r=1e3:~~r<200&&(r=200),s.height=r):"link"===t.message&&(r=new URL(s.getAttribute("src")),n=new URL(t.value),c.test(n.protocol))&&n.host===r.host&&l.activeElement===s&&(d.top.location.href=t.value))}},d.addEventListener("message",d.wp.receiveEmbedMessage,!1),l.addEventListener("DOMContentLoaded",function(){for(var e,t,s=l.querySelectorAll("iframe.wp-embedded-content"),r=0;r<s.length;r++)(t=(e=s[r]).getAttribute("data-secret"))||(t=Math.random().toString(36).substring(2,12),e.src+="#?secret="+t,e.setAttribute("data-secret",t)),e.contentWindow.postMessage({message:"ready",secret:t},"*")},!1)))}(window,document);
/* ]]> */
</script>

Weil die AfD sagt, die Klassifizierung als &#8220;gesichert rechtsextrem&#8221; sei undemokratisch, wie das ganze Verfahren, muss die ARD natürlich wieder einmal ihre &#8220;Faktenchecker&#8221; aktivieren. Diesmal zwar ohne pflanzenförmige Sprengstoffe, aber trotzdem doof. Von Dagmar Henn Nein, es muss nicht überraschen, dass die ARD mal wieder ihre berüchtigten Faktenchecker in die Spur schickt, um den Verfassungsschutz [&hellip;]
