{"version":"1.0","provider_name":"just-now.NEWS Deutschland","provider_url":"https:\/\/now-news.de\/de","author_name":"rtnews","author_url":"https:\/\/now-news.de\/de\/author\/rnews\/","title":"NATO-Jubil\u00e4um: Der gro\u00dfe Unruhestifter wird 75","type":"rich","width":600,"height":338,"html":"<blockquote class=\"wp-embedded-content\" data-secret=\"dSKHKBaRjV\"><a href=\"https:\/\/now-news.de\/de\/deutschland\/nato-jubilaeum-der-grosse-unruhestifter-wird-75\/\">NATO-Jubil\u00e4um: Der gro\u00dfe Unruhestifter wird 75<\/a><\/blockquote><iframe sandbox=\"allow-scripts\" security=\"restricted\" src=\"https:\/\/now-news.de\/de\/deutschland\/nato-jubilaeum-der-grosse-unruhestifter-wird-75\/embed\/#?secret=dSKHKBaRjV\" width=\"600\" height=\"338\" title=\"&#8222;NATO-Jubil\u00e4um: Der gro\u00dfe Unruhestifter wird 75&#8220; &#8211; just-now.NEWS Deutschland\" data-secret=\"dSKHKBaRjV\" frameborder=\"0\" marginwidth=\"0\" marginheight=\"0\" scrolling=\"no\" class=\"wp-embedded-content\"><\/iframe><script type=\"text\/javascript\">\n\/* <![CDATA[ *\/\n\/*! This file is auto-generated *\/\n!function(d,l){\"use strict\";l.querySelector&&d.addEventListener&&\"undefined\"!=typeof URL&&(d.wp=d.wp||{},d.wp.receiveEmbedMessage||(d.wp.receiveEmbedMessage=function(e){var t=e.data;if((t||t.secret||t.message||t.value)&&!\/[^a-zA-Z0-9]\/.test(t.secret)){for(var s,r,n,a=l.querySelectorAll('iframe[data-secret=\"'+t.secret+'\"]'),o=l.querySelectorAll('blockquote[data-secret=\"'+t.secret+'\"]'),c=new RegExp(\"^https?:$\",\"i\"),i=0;i<o.length;i++)o[i].style.display=\"none\";for(i=0;i<a.length;i++)s=a[i],e.source===s.contentWindow&&(s.removeAttribute(\"style\"),\"height\"===t.message?(1e3<(r=parseInt(t.value,10))?r=1e3:~~r<200&&(r=200),s.height=r):\"link\"===t.message&&(r=new URL(s.getAttribute(\"src\")),n=new URL(t.value),c.test(n.protocol))&&n.host===r.host&&l.activeElement===s&&(d.top.location.href=t.value))}},d.addEventListener(\"message\",d.wp.receiveEmbedMessage,!1),l.addEventListener(\"DOMContentLoaded\",function(){for(var e,t,s=l.querySelectorAll(\"iframe.wp-embedded-content\"),r=0;r<s.length;r++)(t=(e=s[r]).getAttribute(\"data-secret\"))||(t=Math.random().toString(36).substring(2,12),e.src+=\"#?secret=\"+t,e.setAttribute(\"data-secret\",t)),e.contentWindow.postMessage({message:\"ready\",secret:t},\"*\")},!1)))}(window,document);\n\/* ]]> *\/\n<\/script>\n","thumbnail_url":"https:\/\/now-news.de\/de\/wp-content\/uploads\/sites\/3\/2024\/07\/6686a78f48fbef0c5b2c35ae.jpg","thumbnail_width":460,"thumbnail_height":259,"description":"Wie ein Geschw\u00fcr hat sich die NATO in den letzten drei Jahrzehnten ausgebreitet, der Sicherheit in Europa und weltweit war dies keineswegs zutr\u00e4glich. Russlands Botschafter in \u00d6sterreich Dmitri Ljubinski blickt auf 75 Jahre des westlichen Milit\u00e4rb\u00fcndnisses zur\u00fcck und ordnet sie in die aktuelle Lage ein. Von Dmitri Ljubinski Heuer zelebriert man mit viel Pathos den [&hellip;]"}

NATO-Jubiläum: Der große Unruhestifter wird 75

<blockquote class="wp-embedded-content" data-secret="dSKHKBaRjV"><a href="https://now-news.de/de/deutschland/nato-jubilaeum-der-grosse-unruhestifter-wird-75/">NATO-Jubiläum: Der große Unruhestifter wird 75</a></blockquote><iframe sandbox="allow-scripts" security="restricted" src="https://now-news.de/de/deutschland/nato-jubilaeum-der-grosse-unruhestifter-wird-75/embed/#?secret=dSKHKBaRjV" width="600" height="338" title="&#8222;NATO-Jubiläum: Der große Unruhestifter wird 75&#8220; &#8211; just-now.NEWS Deutschland" data-secret="dSKHKBaRjV" frameborder="0" marginwidth="0" marginheight="0" scrolling="no" class="wp-embedded-content"></iframe><script type="text/javascript">
/* <![CDATA[ */
/*! This file is auto-generated */
!function(d,l){"use strict";l.querySelector&&d.addEventListener&&"undefined"!=typeof URL&&(d.wp=d.wp||{},d.wp.receiveEmbedMessage||(d.wp.receiveEmbedMessage=function(e){var t=e.data;if((t||t.secret||t.message||t.value)&&!/[^a-zA-Z0-9]/.test(t.secret)){for(var s,r,n,a=l.querySelectorAll('iframe[data-secret="'+t.secret+'"]'),o=l.querySelectorAll('blockquote[data-secret="'+t.secret+'"]'),c=new RegExp("^https?:$","i"),i=0;i<o.length;i++)o[i].style.display="none";for(i=0;i<a.length;i++)s=a[i],e.source===s.contentWindow&&(s.removeAttribute("style"),"height"===t.message?(1e3<(r=parseInt(t.value,10))?r=1e3:~~r<200&&(r=200),s.height=r):"link"===t.message&&(r=new URL(s.getAttribute("src")),n=new URL(t.value),c.test(n.protocol))&&n.host===r.host&&l.activeElement===s&&(d.top.location.href=t.value))}},d.addEventListener("message",d.wp.receiveEmbedMessage,!1),l.addEventListener("DOMContentLoaded",function(){for(var e,t,s=l.querySelectorAll("iframe.wp-embedded-content"),r=0;r<s.length;r++)(t=(e=s[r]).getAttribute("data-secret"))||(t=Math.random().toString(36).substring(2,12),e.src+="#?secret="+t,e.setAttribute("data-secret",t)),e.contentWindow.postMessage({message:"ready",secret:t},"*")},!1)))}(window,document);
/* ]]> */
</script>

Wie ein Geschwür hat sich die NATO in den letzten drei Jahrzehnten ausgebreitet, der Sicherheit in Europa und weltweit war dies keineswegs zuträglich. Russlands Botschafter in Österreich Dmitri Ljubinski blickt auf 75 Jahre des westlichen Militärbündnisses zurück und ordnet sie in die aktuelle Lage ein. Von Dmitri Ljubinski Heuer zelebriert man mit viel Pathos den [&hellip;]
