{"version":"1.0","provider_name":"just-now.NEWS Deutschland","provider_url":"https:\/\/now-news.de\/de","author_name":"rtnews","author_url":"https:\/\/now-news.de\/de\/author\/rnews\/","title":"Nach der Trennung: Wechselt \u00d6zdemir nach Stuttgart?","type":"rich","width":600,"height":338,"html":"<blockquote class=\"wp-embedded-content\" data-secret=\"5KVKlAlBYM\"><a href=\"https:\/\/now-news.de\/de\/deutschland\/nach-der-trennung-wechselt-oezdemir-nach-stuttgart\/\">Nach der Trennung: Wechselt \u00d6zdemir nach Stuttgart?<\/a><\/blockquote><iframe sandbox=\"allow-scripts\" security=\"restricted\" src=\"https:\/\/now-news.de\/de\/deutschland\/nach-der-trennung-wechselt-oezdemir-nach-stuttgart\/embed\/#?secret=5KVKlAlBYM\" width=\"600\" height=\"338\" title=\"&#8222;Nach der Trennung: Wechselt \u00d6zdemir nach Stuttgart?&#8220; &#8211; just-now.NEWS Deutschland\" data-secret=\"5KVKlAlBYM\" frameborder=\"0\" marginwidth=\"0\" marginheight=\"0\" scrolling=\"no\" class=\"wp-embedded-content\"><\/iframe><script type=\"text\/javascript\">\n\/* <![CDATA[ *\/\n\/*! This file is auto-generated *\/\n!function(d,l){\"use strict\";l.querySelector&&d.addEventListener&&\"undefined\"!=typeof URL&&(d.wp=d.wp||{},d.wp.receiveEmbedMessage||(d.wp.receiveEmbedMessage=function(e){var t=e.data;if((t||t.secret||t.message||t.value)&&!\/[^a-zA-Z0-9]\/.test(t.secret)){for(var s,r,n,a=l.querySelectorAll('iframe[data-secret=\"'+t.secret+'\"]'),o=l.querySelectorAll('blockquote[data-secret=\"'+t.secret+'\"]'),c=new RegExp(\"^https?:$\",\"i\"),i=0;i<o.length;i++)o[i].style.display=\"none\";for(i=0;i<a.length;i++)s=a[i],e.source===s.contentWindow&&(s.removeAttribute(\"style\"),\"height\"===t.message?(1e3<(r=parseInt(t.value,10))?r=1e3:~~r<200&&(r=200),s.height=r):\"link\"===t.message&&(r=new URL(s.getAttribute(\"src\")),n=new URL(t.value),c.test(n.protocol))&&n.host===r.host&&l.activeElement===s&&(d.top.location.href=t.value))}},d.addEventListener(\"message\",d.wp.receiveEmbedMessage,!1),l.addEventListener(\"DOMContentLoaded\",function(){for(var e,t,s=l.querySelectorAll(\"iframe.wp-embedded-content\"),r=0;r<s.length;r++)(t=(e=s[r]).getAttribute(\"data-secret\"))||(t=Math.random().toString(36).substring(2,12),e.src+=\"#?secret=\"+t,e.setAttribute(\"data-secret\",t)),e.contentWindow.postMessage({message:\"ready\",secret:t},\"*\")},!1)))}(window,document);\n\/* ]]> *\/\n<\/script>\n","thumbnail_url":"https:\/\/now-news.de\/de\/wp-content\/uploads\/sites\/3\/2023\/11\/Nach-der-Trennung-Wechselt-Oezdemir-nach-Stuttgart.jpg","thumbnail_width":460,"thumbnail_height":259,"description":"Cem \u00d6zdemir hat sich von seiner Frau getrennt. Was nach einer Boulevardmeldung klingt, hat auch eine politische Dimension. Denn pl\u00f6tzlich scheint ein Wechsel des Landwirtschaftsministers nach Stuttgart m\u00f6glich, wo er den greisen Winfried Kretschmann beerben k\u00f6nnte. Bundeslandwirtschaftsminister Cem \u00d6zdemir hat sich von seiner Ehefrau getrennt. Diese Meldung schwappte am Montagmorgen als &#8220;Breaking News&#8221; samt Push-Benachrichtigungen [&hellip;]"}

Nach der Trennung: Wechselt Özdemir nach Stuttgart?

<blockquote class="wp-embedded-content" data-secret="5KVKlAlBYM"><a href="https://now-news.de/de/deutschland/nach-der-trennung-wechselt-oezdemir-nach-stuttgart/">Nach der Trennung: Wechselt Özdemir nach Stuttgart?</a></blockquote><iframe sandbox="allow-scripts" security="restricted" src="https://now-news.de/de/deutschland/nach-der-trennung-wechselt-oezdemir-nach-stuttgart/embed/#?secret=5KVKlAlBYM" width="600" height="338" title="&#8222;Nach der Trennung: Wechselt Özdemir nach Stuttgart?&#8220; &#8211; just-now.NEWS Deutschland" data-secret="5KVKlAlBYM" frameborder="0" marginwidth="0" marginheight="0" scrolling="no" class="wp-embedded-content"></iframe><script type="text/javascript">
/* <![CDATA[ */
/*! This file is auto-generated */
!function(d,l){"use strict";l.querySelector&&d.addEventListener&&"undefined"!=typeof URL&&(d.wp=d.wp||{},d.wp.receiveEmbedMessage||(d.wp.receiveEmbedMessage=function(e){var t=e.data;if((t||t.secret||t.message||t.value)&&!/[^a-zA-Z0-9]/.test(t.secret)){for(var s,r,n,a=l.querySelectorAll('iframe[data-secret="'+t.secret+'"]'),o=l.querySelectorAll('blockquote[data-secret="'+t.secret+'"]'),c=new RegExp("^https?:$","i"),i=0;i<o.length;i++)o[i].style.display="none";for(i=0;i<a.length;i++)s=a[i],e.source===s.contentWindow&&(s.removeAttribute("style"),"height"===t.message?(1e3<(r=parseInt(t.value,10))?r=1e3:~~r<200&&(r=200),s.height=r):"link"===t.message&&(r=new URL(s.getAttribute("src")),n=new URL(t.value),c.test(n.protocol))&&n.host===r.host&&l.activeElement===s&&(d.top.location.href=t.value))}},d.addEventListener("message",d.wp.receiveEmbedMessage,!1),l.addEventListener("DOMContentLoaded",function(){for(var e,t,s=l.querySelectorAll("iframe.wp-embedded-content"),r=0;r<s.length;r++)(t=(e=s[r]).getAttribute("data-secret"))||(t=Math.random().toString(36).substring(2,12),e.src+="#?secret="+t,e.setAttribute("data-secret",t)),e.contentWindow.postMessage({message:"ready",secret:t},"*")},!1)))}(window,document);
/* ]]> */
</script>

Cem Özdemir hat sich von seiner Frau getrennt. Was nach einer Boulevardmeldung klingt, hat auch eine politische Dimension. Denn plötzlich scheint ein Wechsel des Landwirtschaftsministers nach Stuttgart möglich, wo er den greisen Winfried Kretschmann beerben könnte. Bundeslandwirtschaftsminister Cem Özdemir hat sich von seiner Ehefrau getrennt. Diese Meldung schwappte am Montagmorgen als &#8220;Breaking News&#8221; samt Push-Benachrichtigungen [&hellip;]
