{"version":"1.0","provider_name":"just-now.NEWS Deutschland","provider_url":"https:\/\/now-news.de\/de","author_name":"rtnews","author_url":"https:\/\/now-news.de\/de\/author\/rnews\/","title":"Mutma\u00dflicher M\u00f6rder von Irina Farion festgenommen","type":"rich","width":600,"height":338,"html":"<blockquote class=\"wp-embedded-content\" data-secret=\"jkIX4KVYXt\"><a href=\"https:\/\/now-news.de\/de\/deutschland\/mutmasslicher-moerder-von-irina-farion-festgenommen\/\">Mutma\u00dflicher M\u00f6rder von Irina Farion festgenommen<\/a><\/blockquote><iframe sandbox=\"allow-scripts\" security=\"restricted\" src=\"https:\/\/now-news.de\/de\/deutschland\/mutmasslicher-moerder-von-irina-farion-festgenommen\/embed\/#?secret=jkIX4KVYXt\" width=\"600\" height=\"338\" title=\"&#8222;Mutma\u00dflicher M\u00f6rder von Irina Farion festgenommen&#8220; &#8211; just-now.NEWS Deutschland\" data-secret=\"jkIX4KVYXt\" frameborder=\"0\" marginwidth=\"0\" marginheight=\"0\" scrolling=\"no\" class=\"wp-embedded-content\"><\/iframe><script type=\"text\/javascript\">\n\/* <![CDATA[ *\/\n\/*! This file is auto-generated *\/\n!function(d,l){\"use strict\";l.querySelector&&d.addEventListener&&\"undefined\"!=typeof URL&&(d.wp=d.wp||{},d.wp.receiveEmbedMessage||(d.wp.receiveEmbedMessage=function(e){var t=e.data;if((t||t.secret||t.message||t.value)&&!\/[^a-zA-Z0-9]\/.test(t.secret)){for(var s,r,n,a=l.querySelectorAll('iframe[data-secret=\"'+t.secret+'\"]'),o=l.querySelectorAll('blockquote[data-secret=\"'+t.secret+'\"]'),c=new RegExp(\"^https?:$\",\"i\"),i=0;i<o.length;i++)o[i].style.display=\"none\";for(i=0;i<a.length;i++)s=a[i],e.source===s.contentWindow&&(s.removeAttribute(\"style\"),\"height\"===t.message?(1e3<(r=parseInt(t.value,10))?r=1e3:~~r<200&&(r=200),s.height=r):\"link\"===t.message&&(r=new URL(s.getAttribute(\"src\")),n=new URL(t.value),c.test(n.protocol))&&n.host===r.host&&l.activeElement===s&&(d.top.location.href=t.value))}},d.addEventListener(\"message\",d.wp.receiveEmbedMessage,!1),l.addEventListener(\"DOMContentLoaded\",function(){for(var e,t,s=l.querySelectorAll(\"iframe.wp-embedded-content\"),r=0;r<s.length;r++)(t=(e=s[r]).getAttribute(\"data-secret\"))||(t=Math.random().toString(36).substring(2,12),e.src+=\"#?secret=\"+t,e.setAttribute(\"data-secret\",t)),e.contentWindow.postMessage({message:\"ready\",secret:t},\"*\")},!1)))}(window,document);\n\/* ]]> *\/\n<\/script>\n","thumbnail_url":"https:\/\/now-news.de\/de\/wp-content\/uploads\/sites\/3\/2024\/07\/66a26c8e48fbef6f60481b09.jpg","thumbnail_width":460,"thumbnail_height":259,"description":"Ukrainische Sicherheitskr\u00e4fte haben einen 18-J\u00e4hrigen wegen des Verdachts auf die Ermordung von Irina Farion festgenommen. Laut dem Innenministerium dauerten die Vorbereitungen zu dieser Festnahme 139 Stunden. Die Ermittlungen laufen weiter. Der mutma\u00dfliche M\u00f6rder von Irina Farion ist in der ukrainischen Stadt Dnjepr festgenommen worden. Laut einer Erkl\u00e4rung des Innenministeriums handelt es sich bei dem Verd\u00e4chtigen [&hellip;]"}

Mutmaßlicher Mörder von Irina Farion festgenommen

<blockquote class="wp-embedded-content" data-secret="jkIX4KVYXt"><a href="https://now-news.de/de/deutschland/mutmasslicher-moerder-von-irina-farion-festgenommen/">Mutmaßlicher Mörder von Irina Farion festgenommen</a></blockquote><iframe sandbox="allow-scripts" security="restricted" src="https://now-news.de/de/deutschland/mutmasslicher-moerder-von-irina-farion-festgenommen/embed/#?secret=jkIX4KVYXt" width="600" height="338" title="&#8222;Mutmaßlicher Mörder von Irina Farion festgenommen&#8220; &#8211; just-now.NEWS Deutschland" data-secret="jkIX4KVYXt" frameborder="0" marginwidth="0" marginheight="0" scrolling="no" class="wp-embedded-content"></iframe><script type="text/javascript">
/* <![CDATA[ */
/*! This file is auto-generated */
!function(d,l){"use strict";l.querySelector&&d.addEventListener&&"undefined"!=typeof URL&&(d.wp=d.wp||{},d.wp.receiveEmbedMessage||(d.wp.receiveEmbedMessage=function(e){var t=e.data;if((t||t.secret||t.message||t.value)&&!/[^a-zA-Z0-9]/.test(t.secret)){for(var s,r,n,a=l.querySelectorAll('iframe[data-secret="'+t.secret+'"]'),o=l.querySelectorAll('blockquote[data-secret="'+t.secret+'"]'),c=new RegExp("^https?:$","i"),i=0;i<o.length;i++)o[i].style.display="none";for(i=0;i<a.length;i++)s=a[i],e.source===s.contentWindow&&(s.removeAttribute("style"),"height"===t.message?(1e3<(r=parseInt(t.value,10))?r=1e3:~~r<200&&(r=200),s.height=r):"link"===t.message&&(r=new URL(s.getAttribute("src")),n=new URL(t.value),c.test(n.protocol))&&n.host===r.host&&l.activeElement===s&&(d.top.location.href=t.value))}},d.addEventListener("message",d.wp.receiveEmbedMessage,!1),l.addEventListener("DOMContentLoaded",function(){for(var e,t,s=l.querySelectorAll("iframe.wp-embedded-content"),r=0;r<s.length;r++)(t=(e=s[r]).getAttribute("data-secret"))||(t=Math.random().toString(36).substring(2,12),e.src+="#?secret="+t,e.setAttribute("data-secret",t)),e.contentWindow.postMessage({message:"ready",secret:t},"*")},!1)))}(window,document);
/* ]]> */
</script>

Ukrainische Sicherheitskräfte haben einen 18-Jährigen wegen des Verdachts auf die Ermordung von Irina Farion festgenommen. Laut dem Innenministerium dauerten die Vorbereitungen zu dieser Festnahme 139 Stunden. Die Ermittlungen laufen weiter. Der mutmaßliche Mörder von Irina Farion ist in der ukrainischen Stadt Dnjepr festgenommen worden. Laut einer Erklärung des Innenministeriums handelt es sich bei dem Verdächtigen [&hellip;]
