{"version":"1.0","provider_name":"just-now.NEWS Deutschland","provider_url":"https:\/\/now-news.de\/de","author_name":"rtnews","author_url":"https:\/\/now-news.de\/de\/author\/rnews\/","title":"Medien: NATO f\u00fcrchtet franz\u00f6sischen R\u00fcckzug","type":"rich","width":600,"height":338,"html":"<blockquote class=\"wp-embedded-content\" data-secret=\"mIS8r826nV\"><a href=\"https:\/\/now-news.de\/de\/deutschland\/medien-nato-fuerchtet-franzoesischen-rueckzug\/\">Medien: NATO f\u00fcrchtet franz\u00f6sischen R\u00fcckzug<\/a><\/blockquote><iframe sandbox=\"allow-scripts\" security=\"restricted\" src=\"https:\/\/now-news.de\/de\/deutschland\/medien-nato-fuerchtet-franzoesischen-rueckzug\/embed\/#?secret=mIS8r826nV\" width=\"600\" height=\"338\" title=\"&#8222;Medien: NATO f\u00fcrchtet franz\u00f6sischen R\u00fcckzug&#8220; &#8211; just-now.NEWS Deutschland\" data-secret=\"mIS8r826nV\" frameborder=\"0\" marginwidth=\"0\" marginheight=\"0\" scrolling=\"no\" class=\"wp-embedded-content\"><\/iframe><script type=\"text\/javascript\">\n\/* <![CDATA[ *\/\n\/*! This file is auto-generated *\/\n!function(d,l){\"use strict\";l.querySelector&&d.addEventListener&&\"undefined\"!=typeof URL&&(d.wp=d.wp||{},d.wp.receiveEmbedMessage||(d.wp.receiveEmbedMessage=function(e){var t=e.data;if((t||t.secret||t.message||t.value)&&!\/[^a-zA-Z0-9]\/.test(t.secret)){for(var s,r,n,a=l.querySelectorAll('iframe[data-secret=\"'+t.secret+'\"]'),o=l.querySelectorAll('blockquote[data-secret=\"'+t.secret+'\"]'),c=new RegExp(\"^https?:$\",\"i\"),i=0;i<o.length;i++)o[i].style.display=\"none\";for(i=0;i<a.length;i++)s=a[i],e.source===s.contentWindow&&(s.removeAttribute(\"style\"),\"height\"===t.message?(1e3<(r=parseInt(t.value,10))?r=1e3:~~r<200&&(r=200),s.height=r):\"link\"===t.message&&(r=new URL(s.getAttribute(\"src\")),n=new URL(t.value),c.test(n.protocol))&&n.host===r.host&&l.activeElement===s&&(d.top.location.href=t.value))}},d.addEventListener(\"message\",d.wp.receiveEmbedMessage,!1),l.addEventListener(\"DOMContentLoaded\",function(){for(var e,t,s=l.querySelectorAll(\"iframe.wp-embedded-content\"),r=0;r<s.length;r++)(t=(e=s[r]).getAttribute(\"data-secret\"))||(t=Math.random().toString(36).substring(2,12),e.src+=\"#?secret=\"+t,e.setAttribute(\"data-secret\",t)),e.contentWindow.postMessage({message:\"ready\",secret:t},\"*\")},!1)))}(window,document);\n\/* ]]> *\/\n<\/script>\n","thumbnail_url":"https:\/\/now-news.de\/de\/wp-content\/uploads\/sites\/3\/2024\/07\/6686e58948fbef06591cada8.jpg","thumbnail_width":460,"thumbnail_height":259,"description":"Die NATO sorgt sich zunehmend um das k\u00fcnftige Engagement Frankreichs. Dies wird kurz nach der ersten Runde der Neuwahlen in Frankreich berichtet, in der die rechte Partei Rassemblement National zur st\u00e4rksten Partei wurde. Eine Mehrheit im Parlament ist nicht ausgeschlossen. Die n\u00e4chste Runde wird am kommenden Wochenende folgen. Die NATO-Mitgliedsstaaten machen sich zunehmend Sorgen um [&hellip;]"}

Medien: NATO fürchtet französischen Rückzug

<blockquote class="wp-embedded-content" data-secret="mIS8r826nV"><a href="https://now-news.de/de/deutschland/medien-nato-fuerchtet-franzoesischen-rueckzug/">Medien: NATO fürchtet französischen Rückzug</a></blockquote><iframe sandbox="allow-scripts" security="restricted" src="https://now-news.de/de/deutschland/medien-nato-fuerchtet-franzoesischen-rueckzug/embed/#?secret=mIS8r826nV" width="600" height="338" title="&#8222;Medien: NATO fürchtet französischen Rückzug&#8220; &#8211; just-now.NEWS Deutschland" data-secret="mIS8r826nV" frameborder="0" marginwidth="0" marginheight="0" scrolling="no" class="wp-embedded-content"></iframe><script type="text/javascript">
/* <![CDATA[ */
/*! This file is auto-generated */
!function(d,l){"use strict";l.querySelector&&d.addEventListener&&"undefined"!=typeof URL&&(d.wp=d.wp||{},d.wp.receiveEmbedMessage||(d.wp.receiveEmbedMessage=function(e){var t=e.data;if((t||t.secret||t.message||t.value)&&!/[^a-zA-Z0-9]/.test(t.secret)){for(var s,r,n,a=l.querySelectorAll('iframe[data-secret="'+t.secret+'"]'),o=l.querySelectorAll('blockquote[data-secret="'+t.secret+'"]'),c=new RegExp("^https?:$","i"),i=0;i<o.length;i++)o[i].style.display="none";for(i=0;i<a.length;i++)s=a[i],e.source===s.contentWindow&&(s.removeAttribute("style"),"height"===t.message?(1e3<(r=parseInt(t.value,10))?r=1e3:~~r<200&&(r=200),s.height=r):"link"===t.message&&(r=new URL(s.getAttribute("src")),n=new URL(t.value),c.test(n.protocol))&&n.host===r.host&&l.activeElement===s&&(d.top.location.href=t.value))}},d.addEventListener("message",d.wp.receiveEmbedMessage,!1),l.addEventListener("DOMContentLoaded",function(){for(var e,t,s=l.querySelectorAll("iframe.wp-embedded-content"),r=0;r<s.length;r++)(t=(e=s[r]).getAttribute("data-secret"))||(t=Math.random().toString(36).substring(2,12),e.src+="#?secret="+t,e.setAttribute("data-secret",t)),e.contentWindow.postMessage({message:"ready",secret:t},"*")},!1)))}(window,document);
/* ]]> */
</script>

Die NATO sorgt sich zunehmend um das künftige Engagement Frankreichs. Dies wird kurz nach der ersten Runde der Neuwahlen in Frankreich berichtet, in der die rechte Partei Rassemblement National zur stärksten Partei wurde. Eine Mehrheit im Parlament ist nicht ausgeschlossen. Die nächste Runde wird am kommenden Wochenende folgen. Die NATO-Mitgliedsstaaten machen sich zunehmend Sorgen um [&hellip;]
