{"version":"1.0","provider_name":"just-now.NEWS Deutschland","provider_url":"https:\/\/now-news.de\/de","author_name":"rtnews","author_url":"https:\/\/now-news.de\/de\/author\/rnews\/","title":"Martin Sellner in der Schweiz verhaftet","type":"rich","width":600,"height":338,"html":"<blockquote class=\"wp-embedded-content\" data-secret=\"j94HR1osdz\"><a href=\"https:\/\/now-news.de\/de\/deutschland\/martin-sellner-in-der-schweiz-verhaftet\/\">Martin Sellner in der Schweiz verhaftet<\/a><\/blockquote><iframe sandbox=\"allow-scripts\" security=\"restricted\" src=\"https:\/\/now-news.de\/de\/deutschland\/martin-sellner-in-der-schweiz-verhaftet\/embed\/#?secret=j94HR1osdz\" width=\"600\" height=\"338\" title=\"&#8222;Martin Sellner in der Schweiz verhaftet&#8220; &#8211; just-now.NEWS Deutschland\" data-secret=\"j94HR1osdz\" frameborder=\"0\" marginwidth=\"0\" marginheight=\"0\" scrolling=\"no\" class=\"wp-embedded-content\"><\/iframe><script type=\"text\/javascript\">\n\/* <![CDATA[ *\/\n\/*! This file is auto-generated *\/\n!function(d,l){\"use strict\";l.querySelector&&d.addEventListener&&\"undefined\"!=typeof URL&&(d.wp=d.wp||{},d.wp.receiveEmbedMessage||(d.wp.receiveEmbedMessage=function(e){var t=e.data;if((t||t.secret||t.message||t.value)&&!\/[^a-zA-Z0-9]\/.test(t.secret)){for(var s,r,n,a=l.querySelectorAll('iframe[data-secret=\"'+t.secret+'\"]'),o=l.querySelectorAll('blockquote[data-secret=\"'+t.secret+'\"]'),c=new RegExp(\"^https?:$\",\"i\"),i=0;i<o.length;i++)o[i].style.display=\"none\";for(i=0;i<a.length;i++)s=a[i],e.source===s.contentWindow&&(s.removeAttribute(\"style\"),\"height\"===t.message?(1e3<(r=parseInt(t.value,10))?r=1e3:~~r<200&&(r=200),s.height=r):\"link\"===t.message&&(r=new URL(s.getAttribute(\"src\")),n=new URL(t.value),c.test(n.protocol))&&n.host===r.host&&l.activeElement===s&&(d.top.location.href=t.value))}},d.addEventListener(\"message\",d.wp.receiveEmbedMessage,!1),l.addEventListener(\"DOMContentLoaded\",function(){for(var e,t,s=l.querySelectorAll(\"iframe.wp-embedded-content\"),r=0;r<s.length;r++)(t=(e=s[r]).getAttribute(\"data-secret\"))||(t=Math.random().toString(36).substring(2,12),e.src+=\"#?secret=\"+t,e.setAttribute(\"data-secret\",t)),e.contentWindow.postMessage({message:\"ready\",secret:t},\"*\")},!1)))}(window,document);\n\/* ]]> *\/\n<\/script>\n","thumbnail_url":"https:\/\/now-news.de\/de\/wp-content\/uploads\/sites\/3\/2024\/10\/6713818048fbef3531501369.png","thumbnail_width":600,"thumbnail_height":293,"description":"Der \u00f6sterreichische Aktivist Martin Sellner wurde in Kreuzlingen im Kanton Thurgau festgenommen, nachdem er die Grenze zur Schweiz \u00fcberschritten hatte, um in Z\u00fcrich einen Vortrag zu halten. Der \u00f6sterreichische Buchautor Martin Sellner war am Samstag trotz eines bestehenden Einreiseverbots in die Schweiz eingereist und wurde daraufhin von der Kantonspolizei Thurgau in Kreuzlingen festgenommen, wie die [&hellip;]"}

Der österreichische Aktivist Martin Sellner wurde in Kreuzlingen im Kanton Thurgau festgenommen, nachdem er die Grenze zur Schweiz überschritten hatte, um in Zürich einen Vortrag zu halten. Der österreichische Buchautor Martin Sellner war am Samstag trotz eines bestehenden Einreiseverbots in die Schweiz eingereist und wurde daraufhin von der Kantonspolizei Thurgau in Kreuzlingen festgenommen, wie die [&hellip;]
