{"version":"1.0","provider_name":"just-now.NEWS Deutschland","provider_url":"https:\/\/now-news.de\/de","author_name":"rtnews","author_url":"https:\/\/now-news.de\/de\/author\/rnews\/","title":"Mariupol oder Opfer f\u00fcr die Propaganda","type":"rich","width":600,"height":338,"html":"<blockquote class=\"wp-embedded-content\" data-secret=\"chvQcVQUkO\"><a href=\"https:\/\/now-news.de\/de\/deutschland\/mariupol-oder-opfer-fuer-die-propaganda\/\">Mariupol oder Opfer f\u00fcr die Propaganda<\/a><\/blockquote><iframe sandbox=\"allow-scripts\" security=\"restricted\" src=\"https:\/\/now-news.de\/de\/deutschland\/mariupol-oder-opfer-fuer-die-propaganda\/embed\/#?secret=chvQcVQUkO\" width=\"600\" height=\"338\" title=\"&#8222;Mariupol oder Opfer f\u00fcr die Propaganda&#8220; &#8211; just-now.NEWS Deutschland\" data-secret=\"chvQcVQUkO\" frameborder=\"0\" marginwidth=\"0\" marginheight=\"0\" scrolling=\"no\" class=\"wp-embedded-content\"><\/iframe><script type=\"text\/javascript\">\n\/* <![CDATA[ *\/\n\/*! This file is auto-generated *\/\n!function(d,l){\"use strict\";l.querySelector&&d.addEventListener&&\"undefined\"!=typeof URL&&(d.wp=d.wp||{},d.wp.receiveEmbedMessage||(d.wp.receiveEmbedMessage=function(e){var t=e.data;if((t||t.secret||t.message||t.value)&&!\/[^a-zA-Z0-9]\/.test(t.secret)){for(var s,r,n,a=l.querySelectorAll('iframe[data-secret=\"'+t.secret+'\"]'),o=l.querySelectorAll('blockquote[data-secret=\"'+t.secret+'\"]'),c=new RegExp(\"^https?:$\",\"i\"),i=0;i<o.length;i++)o[i].style.display=\"none\";for(i=0;i<a.length;i++)s=a[i],e.source===s.contentWindow&&(s.removeAttribute(\"style\"),\"height\"===t.message?(1e3<(r=parseInt(t.value,10))?r=1e3:~~r<200&&(r=200),s.height=r):\"link\"===t.message&&(r=new URL(s.getAttribute(\"src\")),n=new URL(t.value),c.test(n.protocol))&&n.host===r.host&&l.activeElement===s&&(d.top.location.href=t.value))}},d.addEventListener(\"message\",d.wp.receiveEmbedMessage,!1),l.addEventListener(\"DOMContentLoaded\",function(){for(var e,t,s=l.querySelectorAll(\"iframe.wp-embedded-content\"),r=0;r<s.length;r++)(t=(e=s[r]).getAttribute(\"data-secret\"))||(t=Math.random().toString(36).substring(2,12),e.src+=\"#?secret=\"+t,e.setAttribute(\"data-secret\",t)),e.contentWindow.postMessage({message:\"ready\",secret:t},\"*\")},!1)))}(window,document);\n\/* ]]> *\/\n<\/script>\n","thumbnail_url":"https:\/\/now-news.de\/de\/wp-content\/uploads\/sites\/3\/2022\/04\/Mariupol-oder-Opfer-fuer-die-Propaganda.jpg","thumbnail_width":1104,"thumbnail_height":622,"description":"von Dagmar Henn Eigentlich m\u00fcsste das bei Deutschen Erinnerungen wecken. Truppen, die\u00a0\u2013 eingeschlossen\u00a0\u2013 sich in einer aussichtslosen Lage befinden und nicht kapitulieren d\u00fcrfen. Und es m\u00fcsste sofort klar sein, was das f\u00fcr das Verh\u00e4ltnis der Milit\u00e4rf\u00fchrung zu den eigenen Soldaten bedeutet. Aber es findet sich kein einziger Bericht, keine einzige Erw\u00e4hnung, in der diese Frage [&hellip;]"}

Mariupol oder Opfer für die Propaganda

<blockquote class="wp-embedded-content" data-secret="chvQcVQUkO"><a href="https://now-news.de/de/deutschland/mariupol-oder-opfer-fuer-die-propaganda/">Mariupol oder Opfer für die Propaganda</a></blockquote><iframe sandbox="allow-scripts" security="restricted" src="https://now-news.de/de/deutschland/mariupol-oder-opfer-fuer-die-propaganda/embed/#?secret=chvQcVQUkO" width="600" height="338" title="&#8222;Mariupol oder Opfer für die Propaganda&#8220; &#8211; just-now.NEWS Deutschland" data-secret="chvQcVQUkO" frameborder="0" marginwidth="0" marginheight="0" scrolling="no" class="wp-embedded-content"></iframe><script type="text/javascript">
/* <![CDATA[ */
/*! This file is auto-generated */
!function(d,l){"use strict";l.querySelector&&d.addEventListener&&"undefined"!=typeof URL&&(d.wp=d.wp||{},d.wp.receiveEmbedMessage||(d.wp.receiveEmbedMessage=function(e){var t=e.data;if((t||t.secret||t.message||t.value)&&!/[^a-zA-Z0-9]/.test(t.secret)){for(var s,r,n,a=l.querySelectorAll('iframe[data-secret="'+t.secret+'"]'),o=l.querySelectorAll('blockquote[data-secret="'+t.secret+'"]'),c=new RegExp("^https?:$","i"),i=0;i<o.length;i++)o[i].style.display="none";for(i=0;i<a.length;i++)s=a[i],e.source===s.contentWindow&&(s.removeAttribute("style"),"height"===t.message?(1e3<(r=parseInt(t.value,10))?r=1e3:~~r<200&&(r=200),s.height=r):"link"===t.message&&(r=new URL(s.getAttribute("src")),n=new URL(t.value),c.test(n.protocol))&&n.host===r.host&&l.activeElement===s&&(d.top.location.href=t.value))}},d.addEventListener("message",d.wp.receiveEmbedMessage,!1),l.addEventListener("DOMContentLoaded",function(){for(var e,t,s=l.querySelectorAll("iframe.wp-embedded-content"),r=0;r<s.length;r++)(t=(e=s[r]).getAttribute("data-secret"))||(t=Math.random().toString(36).substring(2,12),e.src+="#?secret="+t,e.setAttribute("data-secret",t)),e.contentWindow.postMessage({message:"ready",secret:t},"*")},!1)))}(window,document);
/* ]]> */
</script>

von Dagmar Henn Eigentlich müsste das bei Deutschen Erinnerungen wecken. Truppen, die – eingeschlossen – sich in einer aussichtslosen Lage befinden und nicht kapitulieren dürfen. Und es müsste sofort klar sein, was das für das Verhältnis der Militärführung zu den eigenen Soldaten bedeutet. Aber es findet sich kein einziger Bericht, keine einzige Erwähnung, in der diese Frage [&hellip;]
