{"version":"1.0","provider_name":"just-now.NEWS Deutschland","provider_url":"https:\/\/now-news.de\/de","author_name":"rtnews","author_url":"https:\/\/now-news.de\/de\/author\/rnews\/","title":"Macron in Deutschland \u2013 Bilanz eines Staatsbesuchs","type":"rich","width":600,"height":338,"html":"<blockquote class=\"wp-embedded-content\" data-secret=\"S5BmVBfQVG\"><a href=\"https:\/\/now-news.de\/de\/deutschland\/macron-in-deutschland-bilanz-eines-staatsbesuchs\/\">Macron in Deutschland \u2013 Bilanz eines Staatsbesuchs<\/a><\/blockquote><iframe sandbox=\"allow-scripts\" security=\"restricted\" src=\"https:\/\/now-news.de\/de\/deutschland\/macron-in-deutschland-bilanz-eines-staatsbesuchs\/embed\/#?secret=S5BmVBfQVG\" width=\"600\" height=\"338\" title=\"&#8222;Macron in Deutschland \u2013 Bilanz eines Staatsbesuchs&#8220; &#8211; just-now.NEWS Deutschland\" data-secret=\"S5BmVBfQVG\" frameborder=\"0\" marginwidth=\"0\" marginheight=\"0\" scrolling=\"no\" class=\"wp-embedded-content\"><\/iframe><script type=\"text\/javascript\">\n\/* <![CDATA[ *\/\n\/*! This file is auto-generated *\/\n!function(d,l){\"use strict\";l.querySelector&&d.addEventListener&&\"undefined\"!=typeof URL&&(d.wp=d.wp||{},d.wp.receiveEmbedMessage||(d.wp.receiveEmbedMessage=function(e){var t=e.data;if((t||t.secret||t.message||t.value)&&!\/[^a-zA-Z0-9]\/.test(t.secret)){for(var s,r,n,a=l.querySelectorAll('iframe[data-secret=\"'+t.secret+'\"]'),o=l.querySelectorAll('blockquote[data-secret=\"'+t.secret+'\"]'),c=new RegExp(\"^https?:$\",\"i\"),i=0;i<o.length;i++)o[i].style.display=\"none\";for(i=0;i<a.length;i++)s=a[i],e.source===s.contentWindow&&(s.removeAttribute(\"style\"),\"height\"===t.message?(1e3<(r=parseInt(t.value,10))?r=1e3:~~r<200&&(r=200),s.height=r):\"link\"===t.message&&(r=new URL(s.getAttribute(\"src\")),n=new URL(t.value),c.test(n.protocol))&&n.host===r.host&&l.activeElement===s&&(d.top.location.href=t.value))}},d.addEventListener(\"message\",d.wp.receiveEmbedMessage,!1),l.addEventListener(\"DOMContentLoaded\",function(){for(var e,t,s=l.querySelectorAll(\"iframe.wp-embedded-content\"),r=0;r<s.length;r++)(t=(e=s[r]).getAttribute(\"data-secret\"))||(t=Math.random().toString(36).substring(2,12),e.src+=\"#?secret=\"+t,e.setAttribute(\"data-secret\",t)),e.contentWindow.postMessage({message:\"ready\",secret:t},\"*\")},!1)))}(window,document);\n\/* ]]> *\/\n<\/script>\n","thumbnail_url":"https:\/\/now-news.de\/de\/wp-content\/uploads\/sites\/3\/2024\/06\/665a38c848fbef0f290b736d.jpg","thumbnail_width":460,"thumbnail_height":259,"description":"Paris und Berlin waren um demonstrative Einigkeit w\u00e4hrend der dreit\u00e4tigen offiziellen Visite des franz\u00f6sischen Pr\u00e4sidenten bem\u00fcht. Die Inszenierung war alles in allem gelungen, und die Bilder &#8220;stimmten&#8221;. Doch die deutsch-franz\u00f6sischen Beziehungen d\u00fcrften weiterhin kompliziert bleiben. Von Pierre L\u00e9vy Der franz\u00f6sische Pr\u00e4sident beendete am 28. Mai seinen dreit\u00e4gigen Staatsbesuch in Deutschland. Eine solche diplomatische Initiative, die [&hellip;]"}

Paris und Berlin waren um demonstrative Einigkeit während der dreitätigen offiziellen Visite des französischen Präsidenten bemüht. Die Inszenierung war alles in allem gelungen, und die Bilder &#8220;stimmten&#8221;. Doch die deutsch-französischen Beziehungen dürften weiterhin kompliziert bleiben. Von Pierre Lévy Der französische Präsident beendete am 28. Mai seinen dreitägigen Staatsbesuch in Deutschland. Eine solche diplomatische Initiative, die [&hellip;]
