{"version":"1.0","provider_name":"just-now.NEWS Deutschland","provider_url":"https:\/\/now-news.de\/de","author_name":"rtnews","author_url":"https:\/\/now-news.de\/de\/author\/rnews\/","title":"Leyen vs. Kallas\u00a0\u2013 Hintergr\u00fcnde der Zickenfehde","type":"rich","width":600,"height":338,"html":"<blockquote class=\"wp-embedded-content\" data-secret=\"67ahsbI7wb\"><a href=\"https:\/\/now-news.de\/de\/deutschland\/leyen-vs-kallas-hintergruende-der-zickenfehde\/\">Leyen vs. Kallas\u00a0\u2013 Hintergr\u00fcnde der Zickenfehde<\/a><\/blockquote><iframe sandbox=\"allow-scripts\" security=\"restricted\" src=\"https:\/\/now-news.de\/de\/deutschland\/leyen-vs-kallas-hintergruende-der-zickenfehde\/embed\/#?secret=67ahsbI7wb\" width=\"600\" height=\"338\" title=\"&#8222;Leyen vs. Kallas\u00a0\u2013 Hintergr\u00fcnde der Zickenfehde&#8220; &#8211; just-now.NEWS Deutschland\" data-secret=\"67ahsbI7wb\" frameborder=\"0\" marginwidth=\"0\" marginheight=\"0\" scrolling=\"no\" class=\"wp-embedded-content\"><\/iframe><script type=\"text\/javascript\">\n\/* <![CDATA[ *\/\n\/*! This file is auto-generated *\/\n!function(d,l){\"use strict\";l.querySelector&&d.addEventListener&&\"undefined\"!=typeof URL&&(d.wp=d.wp||{},d.wp.receiveEmbedMessage||(d.wp.receiveEmbedMessage=function(e){var t=e.data;if((t||t.secret||t.message||t.value)&&!\/[^a-zA-Z0-9]\/.test(t.secret)){for(var s,r,n,a=l.querySelectorAll('iframe[data-secret=\"'+t.secret+'\"]'),o=l.querySelectorAll('blockquote[data-secret=\"'+t.secret+'\"]'),c=new RegExp(\"^https?:$\",\"i\"),i=0;i<o.length;i++)o[i].style.display=\"none\";for(i=0;i<a.length;i++)s=a[i],e.source===s.contentWindow&&(s.removeAttribute(\"style\"),\"height\"===t.message?(1e3<(r=parseInt(t.value,10))?r=1e3:~~r<200&&(r=200),s.height=r):\"link\"===t.message&&(r=new URL(s.getAttribute(\"src\")),n=new URL(t.value),c.test(n.protocol))&&n.host===r.host&&l.activeElement===s&&(d.top.location.href=t.value))}},d.addEventListener(\"message\",d.wp.receiveEmbedMessage,!1),l.addEventListener(\"DOMContentLoaded\",function(){for(var e,t,s=l.querySelectorAll(\"iframe.wp-embedded-content\"),r=0;r<s.length;r++)(t=(e=s[r]).getAttribute(\"data-secret\"))||(t=Math.random().toString(36).substring(2,12),e.src+=\"#?secret=\"+t,e.setAttribute(\"data-secret\",t)),e.contentWindow.postMessage({message:\"ready\",secret:t},\"*\")},!1)))}(window,document);\n\/* ]]> *\/\n<\/script>\n","thumbnail_url":"https:\/\/now-news.de\/de\/wp-content\/uploads\/sites\/3\/2026\/02\/6983815148fbef74fe16fbbc.png","thumbnail_width":460,"thumbnail_height":259,"description":"Kaja Kallas, die fr\u00fchere Vorsteherin der zunehmend menschenleeren Hinterwaldrepublik Estland, wurde von Flinten-Uschi daf\u00fcr auf den EU-Olymp gehoben, dass sie einerseits gehorsam ist und andererseits inkompetent und russophob. Und wenn es zwischen diesen zwei stutenbissigen, begriffsstutzigen, Stuss schnackenden Schnepfen pl\u00f6tzlich knirscht, dann ist das ein Zeichen f\u00fcr gro\u00dfe Krisen. Von Geworg Mirsajan K\u00fcrzlich brach im [&hellip;]"}

Leyen vs. Kallas – Hintergründe der Zickenfehde

<blockquote class="wp-embedded-content" data-secret="67ahsbI7wb"><a href="https://now-news.de/de/deutschland/leyen-vs-kallas-hintergruende-der-zickenfehde/">Leyen vs. Kallas – Hintergründe der Zickenfehde</a></blockquote><iframe sandbox="allow-scripts" security="restricted" src="https://now-news.de/de/deutschland/leyen-vs-kallas-hintergruende-der-zickenfehde/embed/#?secret=67ahsbI7wb" width="600" height="338" title="&#8222;Leyen vs. Kallas – Hintergründe der Zickenfehde&#8220; &#8211; just-now.NEWS Deutschland" data-secret="67ahsbI7wb" frameborder="0" marginwidth="0" marginheight="0" scrolling="no" class="wp-embedded-content"></iframe><script type="text/javascript">
/* <![CDATA[ */
/*! This file is auto-generated */
!function(d,l){"use strict";l.querySelector&&d.addEventListener&&"undefined"!=typeof URL&&(d.wp=d.wp||{},d.wp.receiveEmbedMessage||(d.wp.receiveEmbedMessage=function(e){var t=e.data;if((t||t.secret||t.message||t.value)&&!/[^a-zA-Z0-9]/.test(t.secret)){for(var s,r,n,a=l.querySelectorAll('iframe[data-secret="'+t.secret+'"]'),o=l.querySelectorAll('blockquote[data-secret="'+t.secret+'"]'),c=new RegExp("^https?:$","i"),i=0;i<o.length;i++)o[i].style.display="none";for(i=0;i<a.length;i++)s=a[i],e.source===s.contentWindow&&(s.removeAttribute("style"),"height"===t.message?(1e3<(r=parseInt(t.value,10))?r=1e3:~~r<200&&(r=200),s.height=r):"link"===t.message&&(r=new URL(s.getAttribute("src")),n=new URL(t.value),c.test(n.protocol))&&n.host===r.host&&l.activeElement===s&&(d.top.location.href=t.value))}},d.addEventListener("message",d.wp.receiveEmbedMessage,!1),l.addEventListener("DOMContentLoaded",function(){for(var e,t,s=l.querySelectorAll("iframe.wp-embedded-content"),r=0;r<s.length;r++)(t=(e=s[r]).getAttribute("data-secret"))||(t=Math.random().toString(36).substring(2,12),e.src+="#?secret="+t,e.setAttribute("data-secret",t)),e.contentWindow.postMessage({message:"ready",secret:t},"*")},!1)))}(window,document);
/* ]]> */
</script>

Kaja Kallas, die frühere Vorsteherin der zunehmend menschenleeren Hinterwaldrepublik Estland, wurde von Flinten-Uschi dafür auf den EU-Olymp gehoben, dass sie einerseits gehorsam ist und andererseits inkompetent und russophob. Und wenn es zwischen diesen zwei stutenbissigen, begriffsstutzigen, Stuss schnackenden Schnepfen plötzlich knirscht, dann ist das ein Zeichen für große Krisen. Von Geworg Mirsajan Kürzlich brach im [&hellip;]
