{"version":"1.0","provider_name":"just-now.NEWS Deutschland","provider_url":"https:\/\/now-news.de\/de","author_name":"rtnews","author_url":"https:\/\/now-news.de\/de\/author\/rnews\/","title":"Kuba, die respektlose &quot;Bedrohung&quot;","type":"rich","width":600,"height":338,"html":"<blockquote class=\"wp-embedded-content\" data-secret=\"Skob5ohcSw\"><a href=\"https:\/\/now-news.de\/de\/deutschland\/kuba-die-respektlose-bedrohung\/\">Kuba, die respektlose &quot;Bedrohung&quot;<\/a><\/blockquote><iframe sandbox=\"allow-scripts\" security=\"restricted\" src=\"https:\/\/now-news.de\/de\/deutschland\/kuba-die-respektlose-bedrohung\/embed\/#?secret=Skob5ohcSw\" width=\"600\" height=\"338\" title=\"&#8222;Kuba, die respektlose &quot;Bedrohung&quot;&#8220; &#8211; just-now.NEWS Deutschland\" data-secret=\"Skob5ohcSw\" frameborder=\"0\" marginwidth=\"0\" marginheight=\"0\" scrolling=\"no\" class=\"wp-embedded-content\"><\/iframe><script type=\"text\/javascript\">\n\/* <![CDATA[ *\/\n\/*! This file is auto-generated *\/\n!function(d,l){\"use strict\";l.querySelector&&d.addEventListener&&\"undefined\"!=typeof URL&&(d.wp=d.wp||{},d.wp.receiveEmbedMessage||(d.wp.receiveEmbedMessage=function(e){var t=e.data;if((t||t.secret||t.message||t.value)&&!\/[^a-zA-Z0-9]\/.test(t.secret)){for(var s,r,n,a=l.querySelectorAll('iframe[data-secret=\"'+t.secret+'\"]'),o=l.querySelectorAll('blockquote[data-secret=\"'+t.secret+'\"]'),c=new RegExp(\"^https?:$\",\"i\"),i=0;i<o.length;i++)o[i].style.display=\"none\";for(i=0;i<a.length;i++)s=a[i],e.source===s.contentWindow&&(s.removeAttribute(\"style\"),\"height\"===t.message?(1e3<(r=parseInt(t.value,10))?r=1e3:~~r<200&&(r=200),s.height=r):\"link\"===t.message&&(r=new URL(s.getAttribute(\"src\")),n=new URL(t.value),c.test(n.protocol))&&n.host===r.host&&l.activeElement===s&&(d.top.location.href=t.value))}},d.addEventListener(\"message\",d.wp.receiveEmbedMessage,!1),l.addEventListener(\"DOMContentLoaded\",function(){for(var e,t,s=l.querySelectorAll(\"iframe.wp-embedded-content\"),r=0;r<s.length;r++)(t=(e=s[r]).getAttribute(\"data-secret\"))||(t=Math.random().toString(36).substring(2,12),e.src+=\"#?secret=\"+t,e.setAttribute(\"data-secret\",t)),e.contentWindow.postMessage({message:\"ready\",secret:t},\"*\")},!1)))}(window,document);\n\/* ]]> *\/\n<\/script>\n","thumbnail_url":"https:\/\/now-news.de\/de\/wp-content\/uploads\/sites\/3\/2026\/01\/697d0525b480cc16250850ab.jpg","thumbnail_width":460,"thumbnail_height":259,"description":"Das kubanische Volk soll kollektiv f\u00fcr seine feste Entscheidung bestraft werden, den Weg der Souver\u00e4nit\u00e4t und des Rechts auf Selbstbestimmung zu w\u00e4hlen, den es nicht aufgeben wird. Ein Kommentar aus Kuba zu Trumps &#8220;Executive Order&#8221;. Von Laura Mercedes Gir\u00e1ldez Am 29. Januar verk\u00fcndete Pr\u00e4sident Donald Trump im Wei\u00dfen Haus den nationalen Notstand in Bezug auf [&hellip;]"}

Das kubanische Volk soll kollektiv für seine feste Entscheidung bestraft werden, den Weg der Souveränität und des Rechts auf Selbstbestimmung zu wählen, den es nicht aufgeben wird. Ein Kommentar aus Kuba zu Trumps &#8220;Executive Order&#8221;. Von Laura Mercedes Giráldez Am 29. Januar verkündete Präsident Donald Trump im Weißen Haus den nationalen Notstand in Bezug auf [&hellip;]
