{"version":"1.0","provider_name":"just-now.NEWS Deutschland","provider_url":"https:\/\/now-news.de\/de","author_name":"rtnews","author_url":"https:\/\/now-news.de\/de\/author\/rnews\/","title":"Kolumbiens Pr\u00e4sidentschaftskandidat verstirbt nach Attentat","type":"rich","width":600,"height":338,"html":"<blockquote class=\"wp-embedded-content\" data-secret=\"byBcpNlAIA\"><a href=\"https:\/\/now-news.de\/de\/deutschland\/kolumbiens-praesidentschaftskandidat-verstirbt-nach-attentat\/\">Kolumbiens Pr\u00e4sidentschaftskandidat verstirbt nach Attentat<\/a><\/blockquote><iframe sandbox=\"allow-scripts\" security=\"restricted\" src=\"https:\/\/now-news.de\/de\/deutschland\/kolumbiens-praesidentschaftskandidat-verstirbt-nach-attentat\/embed\/#?secret=byBcpNlAIA\" width=\"600\" height=\"338\" title=\"&#8222;Kolumbiens Pr\u00e4sidentschaftskandidat verstirbt nach Attentat&#8220; &#8211; just-now.NEWS Deutschland\" data-secret=\"byBcpNlAIA\" frameborder=\"0\" marginwidth=\"0\" marginheight=\"0\" scrolling=\"no\" class=\"wp-embedded-content\"><\/iframe><script type=\"text\/javascript\">\n\/* <![CDATA[ *\/\n\/*! This file is auto-generated *\/\n!function(d,l){\"use strict\";l.querySelector&&d.addEventListener&&\"undefined\"!=typeof URL&&(d.wp=d.wp||{},d.wp.receiveEmbedMessage||(d.wp.receiveEmbedMessage=function(e){var t=e.data;if((t||t.secret||t.message||t.value)&&!\/[^a-zA-Z0-9]\/.test(t.secret)){for(var s,r,n,a=l.querySelectorAll('iframe[data-secret=\"'+t.secret+'\"]'),o=l.querySelectorAll('blockquote[data-secret=\"'+t.secret+'\"]'),c=new RegExp(\"^https?:$\",\"i\"),i=0;i<o.length;i++)o[i].style.display=\"none\";for(i=0;i<a.length;i++)s=a[i],e.source===s.contentWindow&&(s.removeAttribute(\"style\"),\"height\"===t.message?(1e3<(r=parseInt(t.value,10))?r=1e3:~~r<200&&(r=200),s.height=r):\"link\"===t.message&&(r=new URL(s.getAttribute(\"src\")),n=new URL(t.value),c.test(n.protocol))&&n.host===r.host&&l.activeElement===s&&(d.top.location.href=t.value))}},d.addEventListener(\"message\",d.wp.receiveEmbedMessage,!1),l.addEventListener(\"DOMContentLoaded\",function(){for(var e,t,s=l.querySelectorAll(\"iframe.wp-embedded-content\"),r=0;r<s.length;r++)(t=(e=s[r]).getAttribute(\"data-secret\"))||(t=Math.random().toString(36).substring(2,12),e.src+=\"#?secret=\"+t,e.setAttribute(\"data-secret\",t)),e.contentWindow.postMessage({message:\"ready\",secret:t},\"*\")},!1)))}(window,document);\n\/* ]]> *\/\n<\/script>\n","thumbnail_url":"https:\/\/now-news.de\/de\/wp-content\/uploads\/sites\/3\/2025\/08\/689a013bb480cc60e150eb45.jpg","thumbnail_width":460,"thumbnail_height":259,"description":"Der kolumbianische Pr\u00e4sidentschaftskandidat Uribe Turbay ist an den Verletzungen gestorben, die ihm vor mehr als zwei Monaten bei einem Attentat zugef\u00fcgt wurden. Senator Uribe Turbay wurde Anfang Juni angegriffen. Ihm wurde w\u00e4hrend einer Wahlkampfveranstaltung in den Kopf geschossen. Der kolumbianische Pr\u00e4sidentschaftskandidat Miguel Uribe Turbay, der bei einer Wahlkampfveranstaltung eine Schussverletzung am Kopf erlitten hatte, erlag [&hellip;]"}

Kolumbiens Präsidentschaftskandidat verstirbt nach Attentat

<blockquote class="wp-embedded-content" data-secret="byBcpNlAIA"><a href="https://now-news.de/de/deutschland/kolumbiens-praesidentschaftskandidat-verstirbt-nach-attentat/">Kolumbiens Präsidentschaftskandidat verstirbt nach Attentat</a></blockquote><iframe sandbox="allow-scripts" security="restricted" src="https://now-news.de/de/deutschland/kolumbiens-praesidentschaftskandidat-verstirbt-nach-attentat/embed/#?secret=byBcpNlAIA" width="600" height="338" title="&#8222;Kolumbiens Präsidentschaftskandidat verstirbt nach Attentat&#8220; &#8211; just-now.NEWS Deutschland" data-secret="byBcpNlAIA" frameborder="0" marginwidth="0" marginheight="0" scrolling="no" class="wp-embedded-content"></iframe><script type="text/javascript">
/* <![CDATA[ */
/*! This file is auto-generated */
!function(d,l){"use strict";l.querySelector&&d.addEventListener&&"undefined"!=typeof URL&&(d.wp=d.wp||{},d.wp.receiveEmbedMessage||(d.wp.receiveEmbedMessage=function(e){var t=e.data;if((t||t.secret||t.message||t.value)&&!/[^a-zA-Z0-9]/.test(t.secret)){for(var s,r,n,a=l.querySelectorAll('iframe[data-secret="'+t.secret+'"]'),o=l.querySelectorAll('blockquote[data-secret="'+t.secret+'"]'),c=new RegExp("^https?:$","i"),i=0;i<o.length;i++)o[i].style.display="none";for(i=0;i<a.length;i++)s=a[i],e.source===s.contentWindow&&(s.removeAttribute("style"),"height"===t.message?(1e3<(r=parseInt(t.value,10))?r=1e3:~~r<200&&(r=200),s.height=r):"link"===t.message&&(r=new URL(s.getAttribute("src")),n=new URL(t.value),c.test(n.protocol))&&n.host===r.host&&l.activeElement===s&&(d.top.location.href=t.value))}},d.addEventListener("message",d.wp.receiveEmbedMessage,!1),l.addEventListener("DOMContentLoaded",function(){for(var e,t,s=l.querySelectorAll("iframe.wp-embedded-content"),r=0;r<s.length;r++)(t=(e=s[r]).getAttribute("data-secret"))||(t=Math.random().toString(36).substring(2,12),e.src+="#?secret="+t,e.setAttribute("data-secret",t)),e.contentWindow.postMessage({message:"ready",secret:t},"*")},!1)))}(window,document);
/* ]]> */
</script>

Der kolumbianische Präsidentschaftskandidat Uribe Turbay ist an den Verletzungen gestorben, die ihm vor mehr als zwei Monaten bei einem Attentat zugefügt wurden. Senator Uribe Turbay wurde Anfang Juni angegriffen. Ihm wurde während einer Wahlkampfveranstaltung in den Kopf geschossen. Der kolumbianische Präsidentschaftskandidat Miguel Uribe Turbay, der bei einer Wahlkampfveranstaltung eine Schussverletzung am Kopf erlitten hatte, erlag [&hellip;]
