{"version":"1.0","provider_name":"just-now.NEWS Deutschland","provider_url":"https:\/\/now-news.de\/de","author_name":"rtnews","author_url":"https:\/\/now-news.de\/de\/author\/rnews\/","title":"Kolumbien: Vier Jahrzehnte Genozid an politischen Gegnern","type":"rich","width":600,"height":338,"html":"<blockquote class=\"wp-embedded-content\" data-secret=\"Vhn21sIHQN\"><a href=\"https:\/\/now-news.de\/de\/deutschland\/kolumbien-vier-jahrzehnte-genozid-an-politischen-gegnern\/\">Kolumbien: Vier Jahrzehnte Genozid an politischen Gegnern<\/a><\/blockquote><iframe sandbox=\"allow-scripts\" security=\"restricted\" src=\"https:\/\/now-news.de\/de\/deutschland\/kolumbien-vier-jahrzehnte-genozid-an-politischen-gegnern\/embed\/#?secret=Vhn21sIHQN\" width=\"600\" height=\"338\" title=\"&#8222;Kolumbien: Vier Jahrzehnte Genozid an politischen Gegnern&#8220; &#8211; just-now.NEWS Deutschland\" data-secret=\"Vhn21sIHQN\" frameborder=\"0\" marginwidth=\"0\" marginheight=\"0\" scrolling=\"no\" class=\"wp-embedded-content\"><\/iframe><script>\n\/*! This file is auto-generated *\/\n!function(d,l){\"use strict\";l.querySelector&&d.addEventListener&&\"undefined\"!=typeof URL&&(d.wp=d.wp||{},d.wp.receiveEmbedMessage||(d.wp.receiveEmbedMessage=function(e){var t=e.data;if((t||t.secret||t.message||t.value)&&!\/[^a-zA-Z0-9]\/.test(t.secret)){for(var s,r,n,a=l.querySelectorAll('iframe[data-secret=\"'+t.secret+'\"]'),o=l.querySelectorAll('blockquote[data-secret=\"'+t.secret+'\"]'),c=new RegExp(\"^https?:$\",\"i\"),i=0;i<o.length;i++)o[i].style.display=\"none\";for(i=0;i<a.length;i++)s=a[i],e.source===s.contentWindow&&(s.removeAttribute(\"style\"),\"height\"===t.message?(1e3<(r=parseInt(t.value,10))?r=1e3:~~r<200&&(r=200),s.height=r):\"link\"===t.message&&(r=new URL(s.getAttribute(\"src\")),n=new URL(t.value),c.test(n.protocol))&&n.host===r.host&&l.activeElement===s&&(d.top.location.href=t.value))}},d.addEventListener(\"message\",d.wp.receiveEmbedMessage,!1),l.addEventListener(\"DOMContentLoaded\",function(){for(var e,t,s=l.querySelectorAll(\"iframe.wp-embedded-content\"),r=0;r<s.length;r++)(t=(e=s[r]).getAttribute(\"data-secret\"))||(t=Math.random().toString(36).substring(2,12),e.src+=\"#?secret=\"+t,e.setAttribute(\"data-secret\",t)),e.contentWindow.postMessage({message:\"ready\",secret:t},\"*\")},!1)))}(window,document);\n\/\/# sourceURL=https:\/\/now-news.de\/de\/wp-includes\/js\/wp-embed.min.js\n<\/script>\n","thumbnail_url":"https:\/\/now-news.de\/de\/wp-content\/uploads\/sites\/3\/2026\/06\/6a1dbc53b480cc229d2b71ea.jpg","thumbnail_width":1,"thumbnail_height":1,"description":"Bei den Wahlen in Kolumbien vertritt mit Iv\u00e1n Cepeda Castro der Sohn eines ermordeten Politikers die politische Linke. Das Schicksal seines Vaters steht beispielhaft f\u00fcr vier Jahrzehnte skrupelloser Gewalt der regierenden proamerikanischen Rechten und der mit ihr verb\u00fcndeten Drogenkartelle. Von Oleg Jassinski In Kolumbien fand am Sonntag der erste Wahlgang der Pr\u00e4sidentschaftswahlen statt. Wie erwartet [&hellip;]"}

Bei den Wahlen in Kolumbien vertritt mit Iván Cepeda Castro der Sohn eines ermordeten Politikers die politische Linke. Das Schicksal seines Vaters steht beispielhaft für vier Jahrzehnte skrupelloser Gewalt der regierenden proamerikanischen Rechten und der mit ihr verbündeten Drogenkartelle. Von Oleg Jassinski In Kolumbien fand am Sonntag der erste Wahlgang der Präsidentschaftswahlen statt. Wie erwartet [&hellip;]
