{"version":"1.0","provider_name":"just-now.NEWS Deutschland","provider_url":"https:\/\/now-news.de\/de","author_name":"rtnews","author_url":"https:\/\/now-news.de\/de\/author\/rnews\/","title":"Klimaterrorismus aus D\u00fcsseldorf: Wieder Bahnstrecke lahm gelegt","type":"rich","width":600,"height":338,"html":"<blockquote class=\"wp-embedded-content\" data-secret=\"AwRqKtBc5j\"><a href=\"https:\/\/now-news.de\/de\/deutschland\/klimaterrorismus-aus-duesseldorf-wieder-bahnstrecke-lahm-gelegt\/\">Klimaterrorismus aus D\u00fcsseldorf: Wieder Bahnstrecke lahm gelegt<\/a><\/blockquote><iframe sandbox=\"allow-scripts\" security=\"restricted\" src=\"https:\/\/now-news.de\/de\/deutschland\/klimaterrorismus-aus-duesseldorf-wieder-bahnstrecke-lahm-gelegt\/embed\/#?secret=AwRqKtBc5j\" width=\"600\" height=\"338\" title=\"&#8222;Klimaterrorismus aus D\u00fcsseldorf: Wieder Bahnstrecke lahm gelegt&#8220; &#8211; just-now.NEWS Deutschland\" data-secret=\"AwRqKtBc5j\" frameborder=\"0\" marginwidth=\"0\" marginheight=\"0\" scrolling=\"no\" class=\"wp-embedded-content\"><\/iframe><script type=\"text\/javascript\">\n\/* <![CDATA[ *\/\n\/*! This file is auto-generated *\/\n!function(d,l){\"use strict\";l.querySelector&&d.addEventListener&&\"undefined\"!=typeof URL&&(d.wp=d.wp||{},d.wp.receiveEmbedMessage||(d.wp.receiveEmbedMessage=function(e){var t=e.data;if((t||t.secret||t.message||t.value)&&!\/[^a-zA-Z0-9]\/.test(t.secret)){for(var s,r,n,a=l.querySelectorAll('iframe[data-secret=\"'+t.secret+'\"]'),o=l.querySelectorAll('blockquote[data-secret=\"'+t.secret+'\"]'),c=new RegExp(\"^https?:$\",\"i\"),i=0;i<o.length;i++)o[i].style.display=\"none\";for(i=0;i<a.length;i++)s=a[i],e.source===s.contentWindow&&(s.removeAttribute(\"style\"),\"height\"===t.message?(1e3<(r=parseInt(t.value,10))?r=1e3:~~r<200&&(r=200),s.height=r):\"link\"===t.message&&(r=new URL(s.getAttribute(\"src\")),n=new URL(t.value),c.test(n.protocol))&&n.host===r.host&&l.activeElement===s&&(d.top.location.href=t.value))}},d.addEventListener(\"message\",d.wp.receiveEmbedMessage,!1),l.addEventListener(\"DOMContentLoaded\",function(){for(var e,t,s=l.querySelectorAll(\"iframe.wp-embedded-content\"),r=0;r<s.length;r++)(t=(e=s[r]).getAttribute(\"data-secret\"))||(t=Math.random().toString(36).substring(2,12),e.src+=\"#?secret=\"+t,e.setAttribute(\"data-secret\",t)),e.contentWindow.postMessage({message:\"ready\",secret:t},\"*\")},!1)))}(window,document);\n\/* ]]> *\/\n<\/script>\n","thumbnail_url":"https:\/\/now-news.de\/de\/wp-content\/uploads\/sites\/3\/2025\/08\/688c928c48fbef708113720c.jpg","thumbnail_width":460,"thumbnail_height":259,"description":"Tausende Flugg\u00e4ste mussten darunter leiden, dass die Bahnanbindung des D\u00fcsseldorfer Flughafens blockiert wurde. Ausl\u00f6ser? Ein Anschlag auf Signalkabel der Bahn. Die Gruppe, die sich dazu bekannt hat, war schon mehrfach aktiv und entstammt der Klimabewegung. Schon das Ziel des Brandanschlags auf Kabel der Deutschen Bahn deutet an, in welchen Kreisen die Verd\u00e4chtigen zu suchen w\u00e4ren [&hellip;]"}

Klimaterrorismus aus Düsseldorf: Wieder Bahnstrecke lahm gelegt

<blockquote class="wp-embedded-content" data-secret="AwRqKtBc5j"><a href="https://now-news.de/de/deutschland/klimaterrorismus-aus-duesseldorf-wieder-bahnstrecke-lahm-gelegt/">Klimaterrorismus aus Düsseldorf: Wieder Bahnstrecke lahm gelegt</a></blockquote><iframe sandbox="allow-scripts" security="restricted" src="https://now-news.de/de/deutschland/klimaterrorismus-aus-duesseldorf-wieder-bahnstrecke-lahm-gelegt/embed/#?secret=AwRqKtBc5j" width="600" height="338" title="&#8222;Klimaterrorismus aus Düsseldorf: Wieder Bahnstrecke lahm gelegt&#8220; &#8211; just-now.NEWS Deutschland" data-secret="AwRqKtBc5j" frameborder="0" marginwidth="0" marginheight="0" scrolling="no" class="wp-embedded-content"></iframe><script type="text/javascript">
/* <![CDATA[ */
/*! This file is auto-generated */
!function(d,l){"use strict";l.querySelector&&d.addEventListener&&"undefined"!=typeof URL&&(d.wp=d.wp||{},d.wp.receiveEmbedMessage||(d.wp.receiveEmbedMessage=function(e){var t=e.data;if((t||t.secret||t.message||t.value)&&!/[^a-zA-Z0-9]/.test(t.secret)){for(var s,r,n,a=l.querySelectorAll('iframe[data-secret="'+t.secret+'"]'),o=l.querySelectorAll('blockquote[data-secret="'+t.secret+'"]'),c=new RegExp("^https?:$","i"),i=0;i<o.length;i++)o[i].style.display="none";for(i=0;i<a.length;i++)s=a[i],e.source===s.contentWindow&&(s.removeAttribute("style"),"height"===t.message?(1e3<(r=parseInt(t.value,10))?r=1e3:~~r<200&&(r=200),s.height=r):"link"===t.message&&(r=new URL(s.getAttribute("src")),n=new URL(t.value),c.test(n.protocol))&&n.host===r.host&&l.activeElement===s&&(d.top.location.href=t.value))}},d.addEventListener("message",d.wp.receiveEmbedMessage,!1),l.addEventListener("DOMContentLoaded",function(){for(var e,t,s=l.querySelectorAll("iframe.wp-embedded-content"),r=0;r<s.length;r++)(t=(e=s[r]).getAttribute("data-secret"))||(t=Math.random().toString(36).substring(2,12),e.src+="#?secret="+t,e.setAttribute("data-secret",t)),e.contentWindow.postMessage({message:"ready",secret:t},"*")},!1)))}(window,document);
/* ]]> */
</script>

Tausende Fluggäste mussten darunter leiden, dass die Bahnanbindung des Düsseldorfer Flughafens blockiert wurde. Auslöser? Ein Anschlag auf Signalkabel der Bahn. Die Gruppe, die sich dazu bekannt hat, war schon mehrfach aktiv und entstammt der Klimabewegung. Schon das Ziel des Brandanschlags auf Kabel der Deutschen Bahn deutet an, in welchen Kreisen die Verdächtigen zu suchen wären [&hellip;]
