{"version":"1.0","provider_name":"just-now.NEWS Deutschland","provider_url":"https:\/\/now-news.de\/de","author_name":"rtnews","author_url":"https:\/\/now-news.de\/de\/author\/rnews\/","title":"Islamisierung: \u00d6sterreich zieht die Notbremse","type":"rich","width":600,"height":338,"html":"<blockquote class=\"wp-embedded-content\" data-secret=\"vMDsT9kjiv\"><a href=\"https:\/\/now-news.de\/de\/deutschland\/islamisierung-oesterreich-zieht-die-notbremse\/\">Islamisierung: \u00d6sterreich zieht die Notbremse<\/a><\/blockquote><iframe sandbox=\"allow-scripts\" security=\"restricted\" src=\"https:\/\/now-news.de\/de\/deutschland\/islamisierung-oesterreich-zieht-die-notbremse\/embed\/#?secret=vMDsT9kjiv\" width=\"600\" height=\"338\" title=\"&#8222;Islamisierung: \u00d6sterreich zieht die Notbremse&#8220; &#8211; just-now.NEWS Deutschland\" data-secret=\"vMDsT9kjiv\" frameborder=\"0\" marginwidth=\"0\" marginheight=\"0\" scrolling=\"no\" class=\"wp-embedded-content\"><\/iframe><script>\n\/*! This file is auto-generated *\/\n!function(d,l){\"use strict\";l.querySelector&&d.addEventListener&&\"undefined\"!=typeof URL&&(d.wp=d.wp||{},d.wp.receiveEmbedMessage||(d.wp.receiveEmbedMessage=function(e){var t=e.data;if((t||t.secret||t.message||t.value)&&!\/[^a-zA-Z0-9]\/.test(t.secret)){for(var s,r,n,a=l.querySelectorAll('iframe[data-secret=\"'+t.secret+'\"]'),o=l.querySelectorAll('blockquote[data-secret=\"'+t.secret+'\"]'),c=new RegExp(\"^https?:$\",\"i\"),i=0;i<o.length;i++)o[i].style.display=\"none\";for(i=0;i<a.length;i++)s=a[i],e.source===s.contentWindow&&(s.removeAttribute(\"style\"),\"height\"===t.message?(1e3<(r=parseInt(t.value,10))?r=1e3:~~r<200&&(r=200),s.height=r):\"link\"===t.message&&(r=new URL(s.getAttribute(\"src\")),n=new URL(t.value),c.test(n.protocol))&&n.host===r.host&&l.activeElement===s&&(d.top.location.href=t.value))}},d.addEventListener(\"message\",d.wp.receiveEmbedMessage,!1),l.addEventListener(\"DOMContentLoaded\",function(){for(var e,t,s=l.querySelectorAll(\"iframe.wp-embedded-content\"),r=0;r<s.length;r++)(t=(e=s[r]).getAttribute(\"data-secret\"))||(t=Math.random().toString(36).substring(2,12),e.src+=\"#?secret=\"+t,e.setAttribute(\"data-secret\",t)),e.contentWindow.postMessage({message:\"ready\",secret:t},\"*\")},!1)))}(window,document);\n\/\/# sourceURL=https:\/\/now-news.de\/de\/wp-includes\/js\/wp-embed.min.js\n<\/script>\n","thumbnail_url":"https:\/\/now-news.de\/de\/wp-content\/uploads\/sites\/3\/2026\/08\/6a954b4248fbef612d264058.png","thumbnail_width":460,"thumbnail_height":259,"description":"\u00d6sterreich diskutiert \u00fcber die Folgen jahrelanger Fehler bei Migration und Integration. Die Regierung Stocker verspricht nun ein Verbot des politischen Islam, nachdem die \u00d6VP entsprechende Forderungen der FP\u00d6 immer wieder abgelehnt hatte. Kickl spricht deshalb von einem &#8220;substanzlosen PR-Sager&#8221;. Die FP\u00d6 verlangt Taten statt neuer Ank\u00fcndigungen. \u00d6sterreich will h\u00e4rter gegen den politischen Islam vorgehen \u2013 [&hellip;]"}

Islamisierung: Österreich zieht die Notbremse

<blockquote class="wp-embedded-content" data-secret="vMDsT9kjiv"><a href="https://now-news.de/de/deutschland/islamisierung-oesterreich-zieht-die-notbremse/">Islamisierung: Österreich zieht die Notbremse</a></blockquote><iframe sandbox="allow-scripts" security="restricted" src="https://now-news.de/de/deutschland/islamisierung-oesterreich-zieht-die-notbremse/embed/#?secret=vMDsT9kjiv" width="600" height="338" title="&#8222;Islamisierung: Österreich zieht die Notbremse&#8220; &#8211; just-now.NEWS Deutschland" data-secret="vMDsT9kjiv" frameborder="0" marginwidth="0" marginheight="0" scrolling="no" class="wp-embedded-content"></iframe><script>
/*! This file is auto-generated */
!function(d,l){"use strict";l.querySelector&&d.addEventListener&&"undefined"!=typeof URL&&(d.wp=d.wp||{},d.wp.receiveEmbedMessage||(d.wp.receiveEmbedMessage=function(e){var t=e.data;if((t||t.secret||t.message||t.value)&&!/[^a-zA-Z0-9]/.test(t.secret)){for(var s,r,n,a=l.querySelectorAll('iframe[data-secret="'+t.secret+'"]'),o=l.querySelectorAll('blockquote[data-secret="'+t.secret+'"]'),c=new RegExp("^https?:$","i"),i=0;i<o.length;i++)o[i].style.display="none";for(i=0;i<a.length;i++)s=a[i],e.source===s.contentWindow&&(s.removeAttribute("style"),"height"===t.message?(1e3<(r=parseInt(t.value,10))?r=1e3:~~r<200&&(r=200),s.height=r):"link"===t.message&&(r=new URL(s.getAttribute("src")),n=new URL(t.value),c.test(n.protocol))&&n.host===r.host&&l.activeElement===s&&(d.top.location.href=t.value))}},d.addEventListener("message",d.wp.receiveEmbedMessage,!1),l.addEventListener("DOMContentLoaded",function(){for(var e,t,s=l.querySelectorAll("iframe.wp-embedded-content"),r=0;r<s.length;r++)(t=(e=s[r]).getAttribute("data-secret"))||(t=Math.random().toString(36).substring(2,12),e.src+="#?secret="+t,e.setAttribute("data-secret",t)),e.contentWindow.postMessage({message:"ready",secret:t},"*")},!1)))}(window,document);
//# sourceURL=https://now-news.de/de/wp-includes/js/wp-embed.min.js
</script>

Österreich diskutiert über die Folgen jahrelanger Fehler bei Migration und Integration. Die Regierung Stocker verspricht nun ein Verbot des politischen Islam, nachdem die ÖVP entsprechende Forderungen der FPÖ immer wieder abgelehnt hatte. Kickl spricht deshalb von einem &#8220;substanzlosen PR-Sager&#8221;. Die FPÖ verlangt Taten statt neuer Ankündigungen. Österreich will härter gegen den politischen Islam vorgehen – [&hellip;]
