{"version":"1.0","provider_name":"just-now.NEWS Deutschland","provider_url":"https:\/\/now-news.de\/de","author_name":"rtnews","author_url":"https:\/\/now-news.de\/de\/author\/rnews\/","title":"Festnahmen bei Pro-EU-Protesten in Georgien","type":"rich","width":600,"height":338,"html":"<blockquote class=\"wp-embedded-content\" data-secret=\"K7WWuUTyAQ\"><a href=\"https:\/\/now-news.de\/de\/deutschland\/festnahmen-bei-pro-eu-protesten-in-georgien\/\">Festnahmen bei Pro-EU-Protesten in Georgien<\/a><\/blockquote><iframe sandbox=\"allow-scripts\" security=\"restricted\" src=\"https:\/\/now-news.de\/de\/deutschland\/festnahmen-bei-pro-eu-protesten-in-georgien\/embed\/#?secret=K7WWuUTyAQ\" width=\"600\" height=\"338\" title=\"&#8222;Festnahmen bei Pro-EU-Protesten in Georgien&#8220; &#8211; just-now.NEWS Deutschland\" data-secret=\"K7WWuUTyAQ\" frameborder=\"0\" marginwidth=\"0\" marginheight=\"0\" scrolling=\"no\" class=\"wp-embedded-content\"><\/iframe><script type=\"text\/javascript\">\n\/* <![CDATA[ *\/\n\/*! This file is auto-generated *\/\n!function(d,l){\"use strict\";l.querySelector&&d.addEventListener&&\"undefined\"!=typeof URL&&(d.wp=d.wp||{},d.wp.receiveEmbedMessage||(d.wp.receiveEmbedMessage=function(e){var t=e.data;if((t||t.secret||t.message||t.value)&&!\/[^a-zA-Z0-9]\/.test(t.secret)){for(var s,r,n,a=l.querySelectorAll('iframe[data-secret=\"'+t.secret+'\"]'),o=l.querySelectorAll('blockquote[data-secret=\"'+t.secret+'\"]'),c=new RegExp(\"^https?:$\",\"i\"),i=0;i<o.length;i++)o[i].style.display=\"none\";for(i=0;i<a.length;i++)s=a[i],e.source===s.contentWindow&&(s.removeAttribute(\"style\"),\"height\"===t.message?(1e3<(r=parseInt(t.value,10))?r=1e3:~~r<200&&(r=200),s.height=r):\"link\"===t.message&&(r=new URL(s.getAttribute(\"src\")),n=new URL(t.value),c.test(n.protocol))&&n.host===r.host&&l.activeElement===s&&(d.top.location.href=t.value))}},d.addEventListener(\"message\",d.wp.receiveEmbedMessage,!1),l.addEventListener(\"DOMContentLoaded\",function(){for(var e,t,s=l.querySelectorAll(\"iframe.wp-embedded-content\"),r=0;r<s.length;r++)(t=(e=s[r]).getAttribute(\"data-secret\"))||(t=Math.random().toString(36).substring(2,12),e.src+=\"#?secret=\"+t,e.setAttribute(\"data-secret\",t)),e.contentWindow.postMessage({message:\"ready\",secret:t},\"*\")},!1)))}(window,document);\n\/* ]]> *\/\n<\/script>\n","thumbnail_url":"https:\/\/now-news.de\/de\/wp-content\/uploads\/sites\/3\/2025\/02\/67a09594b480cc294b1123d6.jpg","thumbnail_width":460,"thumbnail_height":259,"description":"Bei Protesten gegen die Regierungspartei &#8220;Georgischer Traum&#8221; kam es zu Festnahmen. Die Demonstranten hatten eine Stra\u00dfenblockade angek\u00fcndigt und sie umgesetzt. Die Sicherheitskr\u00e4fte hatten im Vorfeld darauf hingewiesen, dass es sich um eine Straftat handelt, weshalb sie dagegen vorgehen m\u00fcssten. Bei erneuten Protesten in der georgischen Hauptstadt Tiflis gegen die legitime Regierung wurden mehr als 30 [&hellip;]"}

Bei Protesten gegen die Regierungspartei &#8220;Georgischer Traum&#8221; kam es zu Festnahmen. Die Demonstranten hatten eine Straßenblockade angekündigt und sie umgesetzt. Die Sicherheitskräfte hatten im Vorfeld darauf hingewiesen, dass es sich um eine Straftat handelt, weshalb sie dagegen vorgehen müssten. Bei erneuten Protesten in der georgischen Hauptstadt Tiflis gegen die legitime Regierung wurden mehr als 30 [&hellip;]
