{"version":"1.0","provider_name":"just-now.NEWS Deutschland","provider_url":"https:\/\/now-news.de\/de","author_name":"rtnews","author_url":"https:\/\/now-news.de\/de\/author\/rnews\/","title":"Faeser und der Klimaterror","type":"rich","width":600,"height":338,"html":"<blockquote class=\"wp-embedded-content\" data-secret=\"IbGy4F4v7R\"><a href=\"https:\/\/now-news.de\/de\/deutschland\/faeser-und-der-klimaterror\/\">Faeser und der Klimaterror<\/a><\/blockquote><iframe sandbox=\"allow-scripts\" security=\"restricted\" src=\"https:\/\/now-news.de\/de\/deutschland\/faeser-und-der-klimaterror\/embed\/#?secret=IbGy4F4v7R\" width=\"600\" height=\"338\" title=\"&#8222;Faeser und der Klimaterror&#8220; &#8211; just-now.NEWS Deutschland\" data-secret=\"IbGy4F4v7R\" frameborder=\"0\" marginwidth=\"0\" marginheight=\"0\" scrolling=\"no\" class=\"wp-embedded-content\"><\/iframe><script type=\"text\/javascript\">\n\/* <![CDATA[ *\/\n\/*! This file is auto-generated *\/\n!function(d,l){\"use strict\";l.querySelector&&d.addEventListener&&\"undefined\"!=typeof URL&&(d.wp=d.wp||{},d.wp.receiveEmbedMessage||(d.wp.receiveEmbedMessage=function(e){var t=e.data;if((t||t.secret||t.message||t.value)&&!\/[^a-zA-Z0-9]\/.test(t.secret)){for(var s,r,n,a=l.querySelectorAll('iframe[data-secret=\"'+t.secret+'\"]'),o=l.querySelectorAll('blockquote[data-secret=\"'+t.secret+'\"]'),c=new RegExp(\"^https?:$\",\"i\"),i=0;i<o.length;i++)o[i].style.display=\"none\";for(i=0;i<a.length;i++)s=a[i],e.source===s.contentWindow&&(s.removeAttribute(\"style\"),\"height\"===t.message?(1e3<(r=parseInt(t.value,10))?r=1e3:~~r<200&&(r=200),s.height=r):\"link\"===t.message&&(r=new URL(s.getAttribute(\"src\")),n=new URL(t.value),c.test(n.protocol))&&n.host===r.host&&l.activeElement===s&&(d.top.location.href=t.value))}},d.addEventListener(\"message\",d.wp.receiveEmbedMessage,!1),l.addEventListener(\"DOMContentLoaded\",function(){for(var e,t,s=l.querySelectorAll(\"iframe.wp-embedded-content\"),r=0;r<s.length;r++)(t=(e=s[r]).getAttribute(\"data-secret\"))||(t=Math.random().toString(36).substring(2,12),e.src+=\"#?secret=\"+t,e.setAttribute(\"data-secret\",t)),e.contentWindow.postMessage({message:\"ready\",secret:t},\"*\")},!1)))}(window,document);\n\/* ]]> *\/\n<\/script>\n","thumbnail_url":"https:\/\/now-news.de\/de\/wp-content\/uploads\/sites\/3\/2024\/07\/66a2857148fbef703e3a0ab7.jpg","thumbnail_width":460,"thumbnail_height":259,"description":"Immer noch Glac\u00e9handschuhe, obwohl inzwischen innerhalb einer Woche zwei Flugh\u00e4fen stillgelegt wurden, mitten in der Urlaubssaison. Dabei w\u00e4re eine v\u00f6llig andere Reaktion m\u00f6glich. Ja, wenn man es genau nimmt, vielleicht sogar geboten. Aber Faeser-Recht ist immer \u00fcberraschend. Von Dagmar Henn Ein klein bisschen Anwendung des Strafrechts w\u00e4re gelegentlich mal ganz nett, Frau Faeser. In F\u00e4llen, [&hellip;]"}

Immer noch Glacéhandschuhe, obwohl inzwischen innerhalb einer Woche zwei Flughäfen stillgelegt wurden, mitten in der Urlaubssaison. Dabei wäre eine völlig andere Reaktion möglich. Ja, wenn man es genau nimmt, vielleicht sogar geboten. Aber Faeser-Recht ist immer überraschend. Von Dagmar Henn Ein klein bisschen Anwendung des Strafrechts wäre gelegentlich mal ganz nett, Frau Faeser. In Fällen, [&hellip;]
