{"version":"1.0","provider_name":"just-now.NEWS Deutschland","provider_url":"https:\/\/now-news.de\/de","author_name":"rtnews","author_url":"https:\/\/now-news.de\/de\/author\/rnews\/","title":"Facebook sperrt regierungsfreundliche ungarische Medien","type":"rich","width":600,"height":338,"html":"<blockquote class=\"wp-embedded-content\" data-secret=\"DmBDMMzabc\"><a href=\"https:\/\/now-news.de\/de\/deutschland\/facebook-sperrt-regierungsfreundliche-ungarische-medien\/\">Facebook sperrt regierungsfreundliche ungarische Medien<\/a><\/blockquote><iframe sandbox=\"allow-scripts\" security=\"restricted\" src=\"https:\/\/now-news.de\/de\/deutschland\/facebook-sperrt-regierungsfreundliche-ungarische-medien\/embed\/#?secret=DmBDMMzabc\" width=\"600\" height=\"338\" title=\"&#8222;Facebook sperrt regierungsfreundliche ungarische Medien&#8220; &#8211; just-now.NEWS Deutschland\" data-secret=\"DmBDMMzabc\" frameborder=\"0\" marginwidth=\"0\" marginheight=\"0\" scrolling=\"no\" class=\"wp-embedded-content\"><\/iframe><script type=\"text\/javascript\">\n\/* <![CDATA[ *\/\n\/*! This file is auto-generated *\/\n!function(d,l){\"use strict\";l.querySelector&&d.addEventListener&&\"undefined\"!=typeof URL&&(d.wp=d.wp||{},d.wp.receiveEmbedMessage||(d.wp.receiveEmbedMessage=function(e){var t=e.data;if((t||t.secret||t.message||t.value)&&!\/[^a-zA-Z0-9]\/.test(t.secret)){for(var s,r,n,a=l.querySelectorAll('iframe[data-secret=\"'+t.secret+'\"]'),o=l.querySelectorAll('blockquote[data-secret=\"'+t.secret+'\"]'),c=new RegExp(\"^https?:$\",\"i\"),i=0;i<o.length;i++)o[i].style.display=\"none\";for(i=0;i<a.length;i++)s=a[i],e.source===s.contentWindow&&(s.removeAttribute(\"style\"),\"height\"===t.message?(1e3<(r=parseInt(t.value,10))?r=1e3:~~r<200&&(r=200),s.height=r):\"link\"===t.message&&(r=new URL(s.getAttribute(\"src\")),n=new URL(t.value),c.test(n.protocol))&&n.host===r.host&&l.activeElement===s&&(d.top.location.href=t.value))}},d.addEventListener(\"message\",d.wp.receiveEmbedMessage,!1),l.addEventListener(\"DOMContentLoaded\",function(){for(var e,t,s=l.querySelectorAll(\"iframe.wp-embedded-content\"),r=0;r<s.length;r++)(t=(e=s[r]).getAttribute(\"data-secret\"))||(t=Math.random().toString(36).substring(2,12),e.src+=\"#?secret=\"+t,e.setAttribute(\"data-secret\",t)),e.contentWindow.postMessage({message:\"ready\",secret:t},\"*\")},!1)))}(window,document);\n\/* ]]> *\/\n<\/script>\n","thumbnail_url":"https:\/\/now-news.de\/de\/wp-content\/uploads\/sites\/3\/2026\/03\/69a420bfb480cc256a577d60.jpg","thumbnail_width":460,"thumbnail_height":259,"description":"Anfang April finden in Ungarn Parlamentswahlen statt. Mitten im Wahlkampf sperrt Facebook Medien, die die ungarische Regierung unterst\u00fctzen. Die betroffenen Medien werden juristisch gegen die Sperre vorgehen. Facebook hat die Social-Media-Seiten von drei ungarischen Medienunternehmen unter Berufung auf Verst\u00f6\u00dfe gegen die Community-Grunds\u00e4tze gesperrt. Die Sperrung findet wenige Wochen vor den Wahlen in Ungarn statt. Vom [&hellip;]"}

Anfang April finden in Ungarn Parlamentswahlen statt. Mitten im Wahlkampf sperrt Facebook Medien, die die ungarische Regierung unterstützen. Die betroffenen Medien werden juristisch gegen die Sperre vorgehen. Facebook hat die Social-Media-Seiten von drei ungarischen Medienunternehmen unter Berufung auf Verstöße gegen die Community-Grundsätze gesperrt. Die Sperrung findet wenige Wochen vor den Wahlen in Ungarn statt. Vom [&hellip;]
