{"version":"1.0","provider_name":"just-now.NEWS Deutschland","provider_url":"https:\/\/now-news.de\/de","author_name":"rtnews","author_url":"https:\/\/now-news.de\/de\/author\/rnews\/","title":"EU-Energieminister einigen sich auf Gaspreisdeckel","type":"rich","width":600,"height":338,"html":"<blockquote class=\"wp-embedded-content\" data-secret=\"iEsLU0tymn\"><a href=\"https:\/\/now-news.de\/de\/deutschland\/eu-energieminister-einigen-sich-auf-gaspreisdeckel\/\">EU-Energieminister einigen sich auf Gaspreisdeckel<\/a><\/blockquote><iframe sandbox=\"allow-scripts\" security=\"restricted\" src=\"https:\/\/now-news.de\/de\/deutschland\/eu-energieminister-einigen-sich-auf-gaspreisdeckel\/embed\/#?secret=iEsLU0tymn\" width=\"600\" height=\"338\" title=\"&#8222;EU-Energieminister einigen sich auf Gaspreisdeckel&#8220; &#8211; just-now.NEWS Deutschland\" data-secret=\"iEsLU0tymn\" frameborder=\"0\" marginwidth=\"0\" marginheight=\"0\" scrolling=\"no\" class=\"wp-embedded-content\"><\/iframe><script type=\"text\/javascript\">\n\/* <![CDATA[ *\/\n\/*! This file is auto-generated *\/\n!function(d,l){\"use strict\";l.querySelector&&d.addEventListener&&\"undefined\"!=typeof URL&&(d.wp=d.wp||{},d.wp.receiveEmbedMessage||(d.wp.receiveEmbedMessage=function(e){var t=e.data;if((t||t.secret||t.message||t.value)&&!\/[^a-zA-Z0-9]\/.test(t.secret)){for(var s,r,n,a=l.querySelectorAll('iframe[data-secret=\"'+t.secret+'\"]'),o=l.querySelectorAll('blockquote[data-secret=\"'+t.secret+'\"]'),c=new RegExp(\"^https?:$\",\"i\"),i=0;i<o.length;i++)o[i].style.display=\"none\";for(i=0;i<a.length;i++)s=a[i],e.source===s.contentWindow&&(s.removeAttribute(\"style\"),\"height\"===t.message?(1e3<(r=parseInt(t.value,10))?r=1e3:~~r<200&&(r=200),s.height=r):\"link\"===t.message&&(r=new URL(s.getAttribute(\"src\")),n=new URL(t.value),c.test(n.protocol))&&n.host===r.host&&l.activeElement===s&&(d.top.location.href=t.value))}},d.addEventListener(\"message\",d.wp.receiveEmbedMessage,!1),l.addEventListener(\"DOMContentLoaded\",function(){for(var e,t,s=l.querySelectorAll(\"iframe.wp-embedded-content\"),r=0;r<s.length;r++)(t=(e=s[r]).getAttribute(\"data-secret\"))||(t=Math.random().toString(36).substring(2,12),e.src+=\"#?secret=\"+t,e.setAttribute(\"data-secret\",t)),e.contentWindow.postMessage({message:\"ready\",secret:t},\"*\")},!1)))}(window,document);\n\/* ]]> *\/\n<\/script>\n","thumbnail_url":"https:\/\/now-news.de\/de\/wp-content\/uploads\/sites\/3\/2022\/12\/EU-Energieminister-einigen-sich-auf-Gaspreisdeckel.jpg","thumbnail_width":460,"thumbnail_height":259,"description":"Die EU-Energieminister haben sich auf einen Gaspreisdeckel geeinigt. Dieser soll unter bestimmten Umst\u00e4nden ab einem Preis von 180 Euro je Megawattstunde greifen. Zuvor hatten Deutschland und die Niederlande Bedenken ge\u00e4u\u00dfert. Die Energieminister der Europ\u00e4ischen Union haben sich auf einen tempor\u00e4ren Gaspreisdeckel im Gro\u00dfhandel geeinigt. Wie eine Sprecherin des EU-Ministerrats mitteilte, einigten sich die Minister der [&hellip;]"}

Die EU-Energieminister haben sich auf einen Gaspreisdeckel geeinigt. Dieser soll unter bestimmten Umständen ab einem Preis von 180 Euro je Megawattstunde greifen. Zuvor hatten Deutschland und die Niederlande Bedenken geäußert. Die Energieminister der Europäischen Union haben sich auf einen temporären Gaspreisdeckel im Großhandel geeinigt. Wie eine Sprecherin des EU-Ministerrats mitteilte, einigten sich die Minister der [&hellip;]
