{"version":"1.0","provider_name":"just-now.NEWS Deutschland","provider_url":"https:\/\/now-news.de\/de","author_name":"rtnews","author_url":"https:\/\/now-news.de\/de\/author\/rnews\/","title":"Ein hei\u00dfer Winter in Frankreich?","type":"rich","width":600,"height":338,"html":"<blockquote class=\"wp-embedded-content\" data-secret=\"PyDyeoQRTz\"><a href=\"https:\/\/now-news.de\/de\/deutschland\/ein-heisser-winter-in-frankreich\/\">Ein hei\u00dfer Winter in Frankreich?<\/a><\/blockquote><iframe sandbox=\"allow-scripts\" security=\"restricted\" src=\"https:\/\/now-news.de\/de\/deutschland\/ein-heisser-winter-in-frankreich\/embed\/#?secret=PyDyeoQRTz\" width=\"600\" height=\"338\" title=\"&#8222;Ein hei\u00dfer Winter in Frankreich?&#8220; &#8211; just-now.NEWS Deutschland\" data-secret=\"PyDyeoQRTz\" frameborder=\"0\" marginwidth=\"0\" marginheight=\"0\" scrolling=\"no\" class=\"wp-embedded-content\"><\/iframe><script type=\"text\/javascript\">\n\/* <![CDATA[ *\/\n\/*! This file is auto-generated *\/\n!function(d,l){\"use strict\";l.querySelector&&d.addEventListener&&\"undefined\"!=typeof URL&&(d.wp=d.wp||{},d.wp.receiveEmbedMessage||(d.wp.receiveEmbedMessage=function(e){var t=e.data;if((t||t.secret||t.message||t.value)&&!\/[^a-zA-Z0-9]\/.test(t.secret)){for(var s,r,n,a=l.querySelectorAll('iframe[data-secret=\"'+t.secret+'\"]'),o=l.querySelectorAll('blockquote[data-secret=\"'+t.secret+'\"]'),c=new RegExp(\"^https?:$\",\"i\"),i=0;i<o.length;i++)o[i].style.display=\"none\";for(i=0;i<a.length;i++)s=a[i],e.source===s.contentWindow&&(s.removeAttribute(\"style\"),\"height\"===t.message?(1e3<(r=parseInt(t.value,10))?r=1e3:~~r<200&&(r=200),s.height=r):\"link\"===t.message&&(r=new URL(s.getAttribute(\"src\")),n=new URL(t.value),c.test(n.protocol))&&n.host===r.host&&l.activeElement===s&&(d.top.location.href=t.value))}},d.addEventListener(\"message\",d.wp.receiveEmbedMessage,!1),l.addEventListener(\"DOMContentLoaded\",function(){for(var e,t,s=l.querySelectorAll(\"iframe.wp-embedded-content\"),r=0;r<s.length;r++)(t=(e=s[r]).getAttribute(\"data-secret\"))||(t=Math.random().toString(36).substring(2,12),e.src+=\"#?secret=\"+t,e.setAttribute(\"data-secret\",t)),e.contentWindow.postMessage({message:\"ready\",secret:t},\"*\")},!1)))}(window,document);\n\/* ]]> *\/\n<\/script>\n","thumbnail_url":"https:\/\/now-news.de\/de\/wp-content\/uploads\/sites\/3\/2022\/09\/Ein-heisser-Winter-in-Frankreich.jpg","thumbnail_width":460,"thumbnail_height":259,"description":"In Europa versch\u00e4rft sich eine Energiekrise von nie dagewesenem Ausma\u00df, deren wirtschaftliche und soziale Folgen wie ein Tsunami wirken k\u00f6nnten. Nicht nur Deutschland droht ein eiskalter Winter, auch in Frankreich scheint ein Blackout mittlerweile nicht mehr ausgeschlossen. Von Pierre L\u00e9vy Wird es \u00fcber die Weihnachtstage in Paris elektrischen Strom geben? Wenn die franz\u00f6sischen Kernkraftwerke, die [&hellip;]"}

Ein heißer Winter in Frankreich?

<blockquote class="wp-embedded-content" data-secret="PyDyeoQRTz"><a href="https://now-news.de/de/deutschland/ein-heisser-winter-in-frankreich/">Ein heißer Winter in Frankreich?</a></blockquote><iframe sandbox="allow-scripts" security="restricted" src="https://now-news.de/de/deutschland/ein-heisser-winter-in-frankreich/embed/#?secret=PyDyeoQRTz" width="600" height="338" title="&#8222;Ein heißer Winter in Frankreich?&#8220; &#8211; just-now.NEWS Deutschland" data-secret="PyDyeoQRTz" frameborder="0" marginwidth="0" marginheight="0" scrolling="no" class="wp-embedded-content"></iframe><script type="text/javascript">
/* <![CDATA[ */
/*! This file is auto-generated */
!function(d,l){"use strict";l.querySelector&&d.addEventListener&&"undefined"!=typeof URL&&(d.wp=d.wp||{},d.wp.receiveEmbedMessage||(d.wp.receiveEmbedMessage=function(e){var t=e.data;if((t||t.secret||t.message||t.value)&&!/[^a-zA-Z0-9]/.test(t.secret)){for(var s,r,n,a=l.querySelectorAll('iframe[data-secret="'+t.secret+'"]'),o=l.querySelectorAll('blockquote[data-secret="'+t.secret+'"]'),c=new RegExp("^https?:$","i"),i=0;i<o.length;i++)o[i].style.display="none";for(i=0;i<a.length;i++)s=a[i],e.source===s.contentWindow&&(s.removeAttribute("style"),"height"===t.message?(1e3<(r=parseInt(t.value,10))?r=1e3:~~r<200&&(r=200),s.height=r):"link"===t.message&&(r=new URL(s.getAttribute("src")),n=new URL(t.value),c.test(n.protocol))&&n.host===r.host&&l.activeElement===s&&(d.top.location.href=t.value))}},d.addEventListener("message",d.wp.receiveEmbedMessage,!1),l.addEventListener("DOMContentLoaded",function(){for(var e,t,s=l.querySelectorAll("iframe.wp-embedded-content"),r=0;r<s.length;r++)(t=(e=s[r]).getAttribute("data-secret"))||(t=Math.random().toString(36).substring(2,12),e.src+="#?secret="+t,e.setAttribute("data-secret",t)),e.contentWindow.postMessage({message:"ready",secret:t},"*")},!1)))}(window,document);
/* ]]> */
</script>

In Europa verschärft sich eine Energiekrise von nie dagewesenem Ausmaß, deren wirtschaftliche und soziale Folgen wie ein Tsunami wirken könnten. Nicht nur Deutschland droht ein eiskalter Winter, auch in Frankreich scheint ein Blackout mittlerweile nicht mehr ausgeschlossen. Von Pierre Lévy Wird es über die Weihnachtstage in Paris elektrischen Strom geben? Wenn die französischen Kernkraftwerke, die [&hellip;]
