{"version":"1.0","provider_name":"just-now.NEWS Deutschland","provider_url":"https:\/\/now-news.de\/de","author_name":"rtnews","author_url":"https:\/\/now-news.de\/de\/author\/rnews\/","title":"Der Irrtum des Fjodor Lukjanow","type":"rich","width":600,"height":338,"html":"<blockquote class=\"wp-embedded-content\" data-secret=\"yfbyHLYDME\"><a href=\"https:\/\/now-news.de\/de\/deutschland\/der-irrtum-des-fjodor-lukjanow\/\">Der Irrtum des Fjodor Lukjanow<\/a><\/blockquote><iframe sandbox=\"allow-scripts\" security=\"restricted\" src=\"https:\/\/now-news.de\/de\/deutschland\/der-irrtum-des-fjodor-lukjanow\/embed\/#?secret=yfbyHLYDME\" width=\"600\" height=\"338\" title=\"&#8222;Der Irrtum des Fjodor Lukjanow&#8220; &#8211; just-now.NEWS Deutschland\" data-secret=\"yfbyHLYDME\" frameborder=\"0\" marginwidth=\"0\" marginheight=\"0\" scrolling=\"no\" class=\"wp-embedded-content\"><\/iframe><script type=\"text\/javascript\">\n\/* <![CDATA[ *\/\n\/*! This file is auto-generated *\/\n!function(d,l){\"use strict\";l.querySelector&&d.addEventListener&&\"undefined\"!=typeof URL&&(d.wp=d.wp||{},d.wp.receiveEmbedMessage||(d.wp.receiveEmbedMessage=function(e){var t=e.data;if((t||t.secret||t.message||t.value)&&!\/[^a-zA-Z0-9]\/.test(t.secret)){for(var s,r,n,a=l.querySelectorAll('iframe[data-secret=\"'+t.secret+'\"]'),o=l.querySelectorAll('blockquote[data-secret=\"'+t.secret+'\"]'),c=new RegExp(\"^https?:$\",\"i\"),i=0;i<o.length;i++)o[i].style.display=\"none\";for(i=0;i<a.length;i++)s=a[i],e.source===s.contentWindow&&(s.removeAttribute(\"style\"),\"height\"===t.message?(1e3<(r=parseInt(t.value,10))?r=1e3:~~r<200&&(r=200),s.height=r):\"link\"===t.message&&(r=new URL(s.getAttribute(\"src\")),n=new URL(t.value),c.test(n.protocol))&&n.host===r.host&&l.activeElement===s&&(d.top.location.href=t.value))}},d.addEventListener(\"message\",d.wp.receiveEmbedMessage,!1),l.addEventListener(\"DOMContentLoaded\",function(){for(var e,t,s=l.querySelectorAll(\"iframe.wp-embedded-content\"),r=0;r<s.length;r++)(t=(e=s[r]).getAttribute(\"data-secret\"))||(t=Math.random().toString(36).substring(2,12),e.src+=\"#?secret=\"+t,e.setAttribute(\"data-secret\",t)),e.contentWindow.postMessage({message:\"ready\",secret:t},\"*\")},!1)))}(window,document);\n\/* ]]> *\/\n<\/script>\n","thumbnail_url":"https:\/\/now-news.de\/de\/wp-content\/uploads\/sites\/3\/2025\/08\/68b2d8b5b480cc4602701b13.jpg","thumbnail_width":460,"thumbnail_height":259,"description":"K\u00fcrzlich wurde die offizielle Fassung des Handelsabkommens zwischen den USA und der EU ver\u00f6ffentlicht. Auch wenn vielfach Kritik daran ge\u00e4u\u00dfert wurde, dass die Br\u00fcsseler Verhandlungsf\u00fchrer es vers\u00e4umt haben, &#8220;europ\u00e4ische Interessen&#8221; zu verteidigen, liegt das Problem eher darin, dass es keine europ\u00e4ischen Interessen gibt. Von Pierre L\u00e9vy Vor Kurzem\u00a0\u2013 am 21.\u00a0August\u00a0\u2013 wurde die schriftliche und offizielle [&hellip;]"}

Kürzlich wurde die offizielle Fassung des Handelsabkommens zwischen den USA und der EU veröffentlicht. Auch wenn vielfach Kritik daran geäußert wurde, dass die Brüsseler Verhandlungsführer es versäumt haben, &#8220;europäische Interessen&#8221; zu verteidigen, liegt das Problem eher darin, dass es keine europäischen Interessen gibt. Von Pierre Lévy Vor Kurzem – am 21. August – wurde die schriftliche und offizielle [&hellip;]
