{"version":"1.0","provider_name":"just-now.NEWS Deutschland","provider_url":"https:\/\/now-news.de\/de","author_name":"rtnews","author_url":"https:\/\/now-news.de\/de\/author\/rnews\/","title":"Bundeswehr-Pl\u00e4ne: Pistorius will Wehrerfassung reaktivieren","type":"rich","width":600,"height":338,"html":"<blockquote class=\"wp-embedded-content\" data-secret=\"hwVjaL7BXA\"><a href=\"https:\/\/now-news.de\/de\/deutschland\/bundeswehr-plaene-pistorius-will-wehrerfassung-reaktivieren\/\">Bundeswehr-Pl\u00e4ne: Pistorius will Wehrerfassung reaktivieren<\/a><\/blockquote><iframe sandbox=\"allow-scripts\" security=\"restricted\" src=\"https:\/\/now-news.de\/de\/deutschland\/bundeswehr-plaene-pistorius-will-wehrerfassung-reaktivieren\/embed\/#?secret=hwVjaL7BXA\" width=\"600\" height=\"338\" title=\"&#8222;Bundeswehr-Pl\u00e4ne: Pistorius will Wehrerfassung reaktivieren&#8220; &#8211; just-now.NEWS Deutschland\" data-secret=\"hwVjaL7BXA\" frameborder=\"0\" marginwidth=\"0\" marginheight=\"0\" scrolling=\"no\" class=\"wp-embedded-content\"><\/iframe><script type=\"text\/javascript\">\n\/* <![CDATA[ *\/\n\/*! This file is auto-generated *\/\n!function(d,l){\"use strict\";l.querySelector&&d.addEventListener&&\"undefined\"!=typeof URL&&(d.wp=d.wp||{},d.wp.receiveEmbedMessage||(d.wp.receiveEmbedMessage=function(e){var t=e.data;if((t||t.secret||t.message||t.value)&&!\/[^a-zA-Z0-9]\/.test(t.secret)){for(var s,r,n,a=l.querySelectorAll('iframe[data-secret=\"'+t.secret+'\"]'),o=l.querySelectorAll('blockquote[data-secret=\"'+t.secret+'\"]'),c=new RegExp(\"^https?:$\",\"i\"),i=0;i<o.length;i++)o[i].style.display=\"none\";for(i=0;i<a.length;i++)s=a[i],e.source===s.contentWindow&&(s.removeAttribute(\"style\"),\"height\"===t.message?(1e3<(r=parseInt(t.value,10))?r=1e3:~~r<200&&(r=200),s.height=r):\"link\"===t.message&&(r=new URL(s.getAttribute(\"src\")),n=new URL(t.value),c.test(n.protocol))&&n.host===r.host&&l.activeElement===s&&(d.top.location.href=t.value))}},d.addEventListener(\"message\",d.wp.receiveEmbedMessage,!1),l.addEventListener(\"DOMContentLoaded\",function(){for(var e,t,s=l.querySelectorAll(\"iframe.wp-embedded-content\"),r=0;r<s.length;r++)(t=(e=s[r]).getAttribute(\"data-secret\"))||(t=Math.random().toString(36).substring(2,12),e.src+=\"#?secret=\"+t,e.setAttribute(\"data-secret\",t)),e.contentWindow.postMessage({message:\"ready\",secret:t},\"*\")},!1)))}(window,document);\n\/* ]]> *\/\n<\/script>\n","thumbnail_url":"https:\/\/now-news.de\/de\/wp-content\/uploads\/sites\/3\/2024\/06\/6669bd4ab480cc2cb918756e.jpg","thumbnail_width":460,"thumbnail_height":259,"description":"Bundesverteidigungsminister Boris Pistorius hat am Mittwoch seine Pl\u00e4ne zur Aufstockung der Bundeswehr vorgestellt. Diese sehen vor, alle jungen M\u00e4nner und Frauen eines Jahrgangs zu erfassen und zu befragen. F\u00fcr M\u00e4nner soll dies verpflichtend sein. Nachdem im Vorfeld bereits erste Informationen zu den neuen Wehrpflichtpl\u00e4nen von Bundesverteidigungsminister Boris Pistorius (SPD) an die Medien durchgestochen wurden, hat [&hellip;]"}

Bundeswehr-Pläne: Pistorius will Wehrerfassung reaktivieren

<blockquote class="wp-embedded-content" data-secret="hwVjaL7BXA"><a href="https://now-news.de/de/deutschland/bundeswehr-plaene-pistorius-will-wehrerfassung-reaktivieren/">Bundeswehr-Pläne: Pistorius will Wehrerfassung reaktivieren</a></blockquote><iframe sandbox="allow-scripts" security="restricted" src="https://now-news.de/de/deutschland/bundeswehr-plaene-pistorius-will-wehrerfassung-reaktivieren/embed/#?secret=hwVjaL7BXA" width="600" height="338" title="&#8222;Bundeswehr-Pläne: Pistorius will Wehrerfassung reaktivieren&#8220; &#8211; just-now.NEWS Deutschland" data-secret="hwVjaL7BXA" frameborder="0" marginwidth="0" marginheight="0" scrolling="no" class="wp-embedded-content"></iframe><script type="text/javascript">
/* <![CDATA[ */
/*! This file is auto-generated */
!function(d,l){"use strict";l.querySelector&&d.addEventListener&&"undefined"!=typeof URL&&(d.wp=d.wp||{},d.wp.receiveEmbedMessage||(d.wp.receiveEmbedMessage=function(e){var t=e.data;if((t||t.secret||t.message||t.value)&&!/[^a-zA-Z0-9]/.test(t.secret)){for(var s,r,n,a=l.querySelectorAll('iframe[data-secret="'+t.secret+'"]'),o=l.querySelectorAll('blockquote[data-secret="'+t.secret+'"]'),c=new RegExp("^https?:$","i"),i=0;i<o.length;i++)o[i].style.display="none";for(i=0;i<a.length;i++)s=a[i],e.source===s.contentWindow&&(s.removeAttribute("style"),"height"===t.message?(1e3<(r=parseInt(t.value,10))?r=1e3:~~r<200&&(r=200),s.height=r):"link"===t.message&&(r=new URL(s.getAttribute("src")),n=new URL(t.value),c.test(n.protocol))&&n.host===r.host&&l.activeElement===s&&(d.top.location.href=t.value))}},d.addEventListener("message",d.wp.receiveEmbedMessage,!1),l.addEventListener("DOMContentLoaded",function(){for(var e,t,s=l.querySelectorAll("iframe.wp-embedded-content"),r=0;r<s.length;r++)(t=(e=s[r]).getAttribute("data-secret"))||(t=Math.random().toString(36).substring(2,12),e.src+="#?secret="+t,e.setAttribute("data-secret",t)),e.contentWindow.postMessage({message:"ready",secret:t},"*")},!1)))}(window,document);
/* ]]> */
</script>

Bundesverteidigungsminister Boris Pistorius hat am Mittwoch seine Pläne zur Aufstockung der Bundeswehr vorgestellt. Diese sehen vor, alle jungen Männer und Frauen eines Jahrgangs zu erfassen und zu befragen. Für Männer soll dies verpflichtend sein. Nachdem im Vorfeld bereits erste Informationen zu den neuen Wehrpflichtplänen von Bundesverteidigungsminister Boris Pistorius (SPD) an die Medien durchgestochen wurden, hat [&hellip;]
