{"version":"1.0","provider_name":"just-now.NEWS Deutschland","provider_url":"https:\/\/now-news.de\/de","author_name":"rtnews","author_url":"https:\/\/now-news.de\/de\/author\/rnews\/","title":"Argentiniens Pr\u00e4sident Milei wird in Deutschland erwartet","type":"rich","width":600,"height":338,"html":"<blockquote class=\"wp-embedded-content\" data-secret=\"tqKWIs4vY7\"><a href=\"https:\/\/now-news.de\/de\/deutschland\/argentiniens-praesident-milei-wird-in-deutschland-erwartet\/\">Argentiniens Pr\u00e4sident Milei wird in Deutschland erwartet<\/a><\/blockquote><iframe sandbox=\"allow-scripts\" security=\"restricted\" src=\"https:\/\/now-news.de\/de\/deutschland\/argentiniens-praesident-milei-wird-in-deutschland-erwartet\/embed\/#?secret=tqKWIs4vY7\" width=\"600\" height=\"338\" title=\"&#8222;Argentiniens Pr\u00e4sident Milei wird in Deutschland erwartet&#8220; &#8211; just-now.NEWS Deutschland\" data-secret=\"tqKWIs4vY7\" frameborder=\"0\" marginwidth=\"0\" marginheight=\"0\" scrolling=\"no\" class=\"wp-embedded-content\"><\/iframe><script type=\"text\/javascript\">\n\/* <![CDATA[ *\/\n\/*! This file is auto-generated *\/\n!function(d,l){\"use strict\";l.querySelector&&d.addEventListener&&\"undefined\"!=typeof URL&&(d.wp=d.wp||{},d.wp.receiveEmbedMessage||(d.wp.receiveEmbedMessage=function(e){var t=e.data;if((t||t.secret||t.message||t.value)&&!\/[^a-zA-Z0-9]\/.test(t.secret)){for(var s,r,n,a=l.querySelectorAll('iframe[data-secret=\"'+t.secret+'\"]'),o=l.querySelectorAll('blockquote[data-secret=\"'+t.secret+'\"]'),c=new RegExp(\"^https?:$\",\"i\"),i=0;i<o.length;i++)o[i].style.display=\"none\";for(i=0;i<a.length;i++)s=a[i],e.source===s.contentWindow&&(s.removeAttribute(\"style\"),\"height\"===t.message?(1e3<(r=parseInt(t.value,10))?r=1e3:~~r<200&&(r=200),s.height=r):\"link\"===t.message&&(r=new URL(s.getAttribute(\"src\")),n=new URL(t.value),c.test(n.protocol))&&n.host===r.host&&l.activeElement===s&&(d.top.location.href=t.value))}},d.addEventListener(\"message\",d.wp.receiveEmbedMessage,!1),l.addEventListener(\"DOMContentLoaded\",function(){for(var e,t,s=l.querySelectorAll(\"iframe.wp-embedded-content\"),r=0;r<s.length;r++)(t=(e=s[r]).getAttribute(\"data-secret\"))||(t=Math.random().toString(36).substring(2,12),e.src+=\"#?secret=\"+t,e.setAttribute(\"data-secret\",t)),e.contentWindow.postMessage({message:\"ready\",secret:t},\"*\")},!1)))}(window,document);\n\/* ]]> *\/\n<\/script>\n","thumbnail_url":"https:\/\/now-news.de\/de\/wp-content\/uploads\/sites\/3\/2024\/06\/666c225048fbef3e383e8386.jpg","thumbnail_width":460,"thumbnail_height":259,"description":"Argentiniens ultrarechter Pr\u00e4sident Javier Milei setzt seinen marktradikalen Kurs repressiv und autorit\u00e4r durch. Die Bev\u00f6lkerung verarmt. Die Bundesregierung hat damit keinerlei Ber\u00fchrungs\u00e4ngste. Das l\u00e4sst R\u00fcckschl\u00fcsse auf die ideologische Position Deutschlands zu. Am 22. und 23. Juni wird in Deutschland Argentiniens Pr\u00e4sident zum Staatsbesuch erwartet. Javier Milei wird dabei unter anderem Bundeskanzler Olaf Scholz treffen. Zuvor [&hellip;]"}

Argentiniens Präsident Milei wird in Deutschland erwartet

<blockquote class="wp-embedded-content" data-secret="tqKWIs4vY7"><a href="https://now-news.de/de/deutschland/argentiniens-praesident-milei-wird-in-deutschland-erwartet/">Argentiniens Präsident Milei wird in Deutschland erwartet</a></blockquote><iframe sandbox="allow-scripts" security="restricted" src="https://now-news.de/de/deutschland/argentiniens-praesident-milei-wird-in-deutschland-erwartet/embed/#?secret=tqKWIs4vY7" width="600" height="338" title="&#8222;Argentiniens Präsident Milei wird in Deutschland erwartet&#8220; &#8211; just-now.NEWS Deutschland" data-secret="tqKWIs4vY7" frameborder="0" marginwidth="0" marginheight="0" scrolling="no" class="wp-embedded-content"></iframe><script type="text/javascript">
/* <![CDATA[ */
/*! This file is auto-generated */
!function(d,l){"use strict";l.querySelector&&d.addEventListener&&"undefined"!=typeof URL&&(d.wp=d.wp||{},d.wp.receiveEmbedMessage||(d.wp.receiveEmbedMessage=function(e){var t=e.data;if((t||t.secret||t.message||t.value)&&!/[^a-zA-Z0-9]/.test(t.secret)){for(var s,r,n,a=l.querySelectorAll('iframe[data-secret="'+t.secret+'"]'),o=l.querySelectorAll('blockquote[data-secret="'+t.secret+'"]'),c=new RegExp("^https?:$","i"),i=0;i<o.length;i++)o[i].style.display="none";for(i=0;i<a.length;i++)s=a[i],e.source===s.contentWindow&&(s.removeAttribute("style"),"height"===t.message?(1e3<(r=parseInt(t.value,10))?r=1e3:~~r<200&&(r=200),s.height=r):"link"===t.message&&(r=new URL(s.getAttribute("src")),n=new URL(t.value),c.test(n.protocol))&&n.host===r.host&&l.activeElement===s&&(d.top.location.href=t.value))}},d.addEventListener("message",d.wp.receiveEmbedMessage,!1),l.addEventListener("DOMContentLoaded",function(){for(var e,t,s=l.querySelectorAll("iframe.wp-embedded-content"),r=0;r<s.length;r++)(t=(e=s[r]).getAttribute("data-secret"))||(t=Math.random().toString(36).substring(2,12),e.src+="#?secret="+t,e.setAttribute("data-secret",t)),e.contentWindow.postMessage({message:"ready",secret:t},"*")},!1)))}(window,document);
/* ]]> */
</script>

Argentiniens ultrarechter Präsident Javier Milei setzt seinen marktradikalen Kurs repressiv und autoritär durch. Die Bevölkerung verarmt. Die Bundesregierung hat damit keinerlei Berührungsängste. Das lässt Rückschlüsse auf die ideologische Position Deutschlands zu. Am 22. und 23. Juni wird in Deutschland Argentiniens Präsident zum Staatsbesuch erwartet. Javier Milei wird dabei unter anderem Bundeskanzler Olaf Scholz treffen. Zuvor [&hellip;]
